{"id":45294,"date":"2025-05-26T11:04:09","date_gmt":"2025-05-26T09:04:09","guid":{"rendered":"https:\/\/hasparren.fr\/evenement\/action-collective-de-proximite\/"},"modified":"2025-05-26T11:04:09","modified_gmt":"2025-05-26T09:04:09","slug":"action-collective-de-proximite","status":"publish","type":"tribe_events","link":"https:\/\/hasparren.fr\/eu\/evenement\/action-collective-de-proximite\/","title":{"rendered":"Action Collective de Proximit\u00e9"},"content":{"rendered":"<div data-olk-copy-source=\"MessageBody\">La Communaut\u00e9 Pays Basque et la R\u00e9gion Nouvelle-Aquitaine lancent le programme <b>Action Collective de Proximit\u00e9 (<span class=\"markjvl5b6iqe\" data-markjs=\"true\" data-ogac=\"\" data-ogab=\"\" data-ogsc=\"\" data-ogsb=\"\">ACP<\/span>) 2025\u20132027<\/b>, destin\u00e9 \u00e0 soutenir les\u00a0<b>commerces et artisans de proximit\u00e9<\/b>.<\/div>\n<div>Ce dispositif propose :<\/div>\n<ul data-end=\"592\" data-start=\"402\">\n<li>\n<div>un diagnostic personnalis\u00e9,<\/div>\n<\/li>\n<li>\n<div>des aides \u00e0 l\u2019investissement\u00a0(jusqu\u2019\u00e0 10 000 \u20ac),<\/div>\n<\/li>\n<li>\n<div>et un accompagnement vers la transition \u00e9cologique\u00a0et la valorisation des savoir-faire.<\/div>\n<\/li>\n<\/ul>\n<div>Une r\u00e9union d\u2019information aura lieu \u00e0\u00a0<b>Hasparren, le lundi 16 juin \u00e0 18h30<\/b>\u00a0(Maison de la Communaut\u00e9).<\/div>\n<div>Pour plus d&#8217;informations :\u00a0<a id=\"LPlnk630135\" title=\"https:\/\/www.communaute-paysbasque.fr\/aides-et-financements\/aide-et-financement\/action-collective-de-proximite-acp-du-pays-basque\" href=\"https:\/\/www.communaute-paysbasque.fr\/aides-et-financements\/aide-et-financement\/action-collective-de-proximite-acp-du-pays-basque\" target=\"_blank\" rel=\"noopener noreferrer\" data-auth=\"NotApplicable\" data-linkindex=\"0\">https:\/\/www.communaute-paysbasque.fr\/aides-et-financements\/aide-et-financement\/action-collective-de-proximite-<span class=\"markjvl5b6iqe\" data-markjs=\"true\" data-ogac=\"\" data-ogab=\"\" data-ogsc=\"\" data-ogsb=\"\">acp<\/span>-du-pays-basque<\/a><\/div>\n","protected":false},"excerpt":{"rendered":"<p>La Communaut\u00e9 Pays Basque et la R\u00e9gion Nouvelle-Aquitaine lancent le programme Action Collective de Proximit\u00e9 (ACP) 2025\u20132027, destin\u00e9 \u00e0 soutenir les\u00a0commerces et artisans de proximit\u00e9. Ce dispositif propose : un [&hellip;]<\/p>\n","protected":false},"author":11,"featured_media":45144,"template":"","meta":{"_acf_changed":false,"cybocfi_hide_featured_image":"","_tribe_events_status":"","_tribe_events_status_reason":"","footnotes":""},"tags":[],"tribe_events_cat":[],"class_list":["post-45294","tribe_events","type-tribe_events","status-publish","has-post-thumbnail","hentry","clearfix"],"acf":[],"yoast_head":"<!-- This site is optimized with the Yoast SEO plugin v27.4 - https:\/\/yoast.com\/product\/yoast-seo-wordpress\/ -->\n<title>Action Collective de Proximit\u00e9 - Hasparren, commune du Pays Basque<\/title>\n<meta name=\"robots\" content=\"noindex, follow\" \/>\n<meta property=\"og:locale\" content=\"eu_ES\" \/>\n<meta property=\"og:type\" content=\"article\" \/>\n<meta property=\"og:title\" content=\"Action Collective de Proximit\u00e9 - Hasparren, commune du Pays Basque\" \/>\n<meta property=\"og:description\" content=\"La Communaut\u00e9 Pays Basque et la R\u00e9gion Nouvelle-Aquitaine lancent le programme Action Collective de Proximit\u00e9 (ACP) 2025\u20132027, destin\u00e9 \u00e0 soutenir les\u00a0commerces et artisans de proximit\u00e9. Ce dispositif propose : un [&hellip;]\" \/>\n<meta property=\"og:url\" content=\"https:\/\/hasparren.fr\/eu\/evenement\/action-collective-de-proximite\/\" \/>\n<meta property=\"og:site_name\" content=\"Hasparren, commune du Pays Basque\" \/>\n<meta name=\"twitter:card\" content=\"summary_large_image\" \/>\n<script type=\"application\/ld+json\" class=\"yoast-schema-graph\">{\"@context\":\"https:\\\/\\\/schema.org\",\"@graph\":[{\"@type\":\"WebPage\",\"@id\":\"https:\\\/\\\/hasparren.fr\\\/eu\\\/evenement\\\/action-collective-de-proximite\\\/\",\"url\":\"https:\\\/\\\/hasparren.fr\\\/eu\\\/evenement\\\/action-collective-de-proximite\\\/\",\"name\":\"Action Collective de Proximit\u00e9 - Hasparren, commune du Pays Basque\",\"isPartOf\":{\"@id\":\"https:\\\/\\\/hasparren.fr\\\/#website\"},\"primaryImageOfPage\":{\"@id\":\"https:\\\/\\\/hasparren.fr\\\/eu\\\/evenement\\\/action-collective-de-proximite\\\/#primaryimage\"},\"image\":{\"@id\":\"https:\\\/\\\/hasparren.fr\\\/eu\\\/evenement\\\/action-collective-de-proximite\\\/#primaryimage\"},\"thumbnailUrl\":\"https:\\\/\\\/hasparren.fr\\\/wp-content\\\/uploads\\\/2025\\\/05\\\/Capture-decran-2025-05-26-110254.png\",\"datePublished\":\"2025-05-26T09:04:09+00:00\",\"breadcrumb\":{\"@id\":\"https:\\\/\\\/hasparren.fr\\\/eu\\\/evenement\\\/action-collective-de-proximite\\\/#breadcrumb\"},\"inLanguage\":\"eu\",\"potentialAction\":[{\"@type\":\"ReadAction\",\"target\":[\"https:\\\/\\\/hasparren.fr\\\/eu\\\/evenement\\\/action-collective-de-proximite\\\/\"]}]},{\"@type\":\"ImageObject\",\"inLanguage\":\"eu\",\"@id\":\"https:\\\/\\\/hasparren.fr\\\/eu\\\/evenement\\\/action-collective-de-proximite\\\/#primaryimage\",\"url\":\"https:\\\/\\\/hasparren.fr\\\/wp-content\\\/uploads\\\/2025\\\/05\\\/Capture-decran-2025-05-26-110254.png\",\"contentUrl\":\"https:\\\/\\\/hasparren.fr\\\/wp-content\\\/uploads\\\/2025\\\/05\\\/Capture-decran-2025-05-26-110254.png\",\"width\":462,\"height\":365},{\"@type\":\"BreadcrumbList\",\"@id\":\"https:\\\/\\\/hasparren.fr\\\/eu\\\/evenement\\\/action-collective-de-proximite\\\/#breadcrumb\",\"itemListElement\":[{\"@type\":\"ListItem\",\"position\":1,\"name\":\"Accueil\",\"item\":\"https:\\\/\\\/hasparren.fr\\\/eu\\\/\"},{\"@type\":\"ListItem\",\"position\":2,\"name\":\"\u00c9v\u00e8nements\",\"item\":\"https:\\\/\\\/hasparren.fr\\\/evenements\\\/\"},{\"@type\":\"ListItem\",\"position\":3,\"name\":\"Action Collective de Proximit\u00e9\"}]},{\"@type\":\"WebSite\",\"@id\":\"https:\\\/\\\/hasparren.fr\\\/#website\",\"url\":\"https:\\\/\\\/hasparren.fr\\\/\",\"name\":\"Hasparren, commune du Pays Basque\",\"description\":\"Hasparren, commune du Pays Basque\",\"potentialAction\":[{\"@type\":\"SearchAction\",\"target\":{\"@type\":\"EntryPoint\",\"urlTemplate\":\"https:\\\/\\\/hasparren.fr\\\/?s={search_term_string}\"},\"query-input\":{\"@type\":\"PropertyValueSpecification\",\"valueRequired\":true,\"valueName\":\"search_term_string\"}}],\"inLanguage\":\"eu\"}]}<\/script>\n<!-- \/ Yoast SEO plugin. -->","yoast_head_json":{"title":"Action Collective de Proximit\u00e9 - Hasparren, commune du Pays Basque","robots":{"index":"noindex","follow":"follow"},"og_locale":"eu_ES","og_type":"article","og_title":"Action Collective de Proximit\u00e9 - Hasparren, commune du Pays Basque","og_description":"La Communaut\u00e9 Pays Basque et la R\u00e9gion Nouvelle-Aquitaine lancent le programme Action Collective de Proximit\u00e9 (ACP) 2025\u20132027, destin\u00e9 \u00e0 soutenir les\u00a0commerces et artisans de proximit\u00e9. Ce dispositif propose : un [&hellip;]","og_url":"https:\/\/hasparren.fr\/eu\/evenement\/action-collective-de-proximite\/","og_site_name":"Hasparren, commune du Pays Basque","twitter_card":"summary_large_image","schema":{"@context":"https:\/\/schema.org","@graph":[{"@type":"WebPage","@id":"https:\/\/hasparren.fr\/eu\/evenement\/action-collective-de-proximite\/","url":"https:\/\/hasparren.fr\/eu\/evenement\/action-collective-de-proximite\/","name":"Action Collective de Proximit\u00e9 - Hasparren, commune du Pays Basque","isPartOf":{"@id":"https:\/\/hasparren.fr\/#website"},"primaryImageOfPage":{"@id":"https:\/\/hasparren.fr\/eu\/evenement\/action-collective-de-proximite\/#primaryimage"},"image":{"@id":"https:\/\/hasparren.fr\/eu\/evenement\/action-collective-de-proximite\/#primaryimage"},"thumbnailUrl":"https:\/\/hasparren.fr\/wp-content\/uploads\/2025\/05\/Capture-decran-2025-05-26-110254.png","datePublished":"2025-05-26T09:04:09+00:00","breadcrumb":{"@id":"https:\/\/hasparren.fr\/eu\/evenement\/action-collective-de-proximite\/#breadcrumb"},"inLanguage":"eu","potentialAction":[{"@type":"ReadAction","target":["https:\/\/hasparren.fr\/eu\/evenement\/action-collective-de-proximite\/"]}]},{"@type":"ImageObject","inLanguage":"eu","@id":"https:\/\/hasparren.fr\/eu\/evenement\/action-collective-de-proximite\/#primaryimage","url":"https:\/\/hasparren.fr\/wp-content\/uploads\/2025\/05\/Capture-decran-2025-05-26-110254.png","contentUrl":"https:\/\/hasparren.fr\/wp-content\/uploads\/2025\/05\/Capture-decran-2025-05-26-110254.png","width":462,"height":365},{"@type":"BreadcrumbList","@id":"https:\/\/hasparren.fr\/eu\/evenement\/action-collective-de-proximite\/#breadcrumb","itemListElement":[{"@type":"ListItem","position":1,"name":"Accueil","item":"https:\/\/hasparren.fr\/eu\/"},{"@type":"ListItem","position":2,"name":"\u00c9v\u00e8nements","item":"https:\/\/hasparren.fr\/evenements\/"},{"@type":"ListItem","position":3,"name":"Action Collective de Proximit\u00e9"}]},{"@type":"WebSite","@id":"https:\/\/hasparren.fr\/#website","url":"https:\/\/hasparren.fr\/","name":"Hasparren, commune du Pays Basque","description":"Hasparren, commune du Pays Basque","potentialAction":[{"@type":"SearchAction","target":{"@type":"EntryPoint","urlTemplate":"https:\/\/hasparren.fr\/?s={search_term_string}"},"query-input":{"@type":"PropertyValueSpecification","valueRequired":true,"valueName":"search_term_string"}}],"inLanguage":"eu"}]}},"publishpress_future_workflow_manual_trigger":{"enabledWorkflows":[]},"_links":{"self":[{"href":"https:\/\/hasparren.fr\/eu\/wp-json\/wp\/v2\/tribe_events\/45294","targetHints":{"allow":["GET"]}}],"collection":[{"href":"https:\/\/hasparren.fr\/eu\/wp-json\/wp\/v2\/tribe_events"}],"about":[{"href":"https:\/\/hasparren.fr\/eu\/wp-json\/wp\/v2\/types\/tribe_events"}],"author":[{"embeddable":true,"href":"https:\/\/hasparren.fr\/eu\/wp-json\/wp\/v2\/users\/11"}],"version-history":[{"count":0,"href":"https:\/\/hasparren.fr\/eu\/wp-json\/wp\/v2\/tribe_events\/45294\/revisions"}],"wp:featuredmedia":[{"embeddable":true,"href":"https:\/\/hasparren.fr\/eu\/wp-json\/wp\/v2\/media\/45144"}],"wp:attachment":[{"href":"https:\/\/hasparren.fr\/eu\/wp-json\/wp\/v2\/media?parent=45294"}],"wp:term":[{"taxonomy":"post_tag","embeddable":true,"href":"https:\/\/hasparren.fr\/eu\/wp-json\/wp\/v2\/tags?post=45294"},{"taxonomy":"tribe_events_cat","embeddable":true,"href":"https:\/\/hasparren.fr\/eu\/wp-json\/wp\/v2\/tribe_events_cat?post=45294"}],"curies":[{"name":"wp","href":"https:\/\/api.w.org\/{rel}","templated":true}]}}

Action Collective de Proximité

<div data-olk-copy-source="MessageBody">La Communauté Pays Basque et la Région Nouvelle-Aquitaine lancent le programme <b>Action Collective de Proximité (<span class="markjvl5b6iqe" data-markjs="true" data-ogac="" data-ogab="" data-ogsc="" data-ogsb="">ACP</span>) 2025–2027</b>, destiné à soutenir les <b>commerces et artisans de proximité</b>.</div>
<div>Ce dispositif propose :</div>
<ul data-end="592" data-start="402">
<li>
<div>un diagnostic personnalisé,</div>
</li>
<li>
<div>des aides à l’investissement (jusqu’à 10 000 €),</div>
</li>
<li>
<div>et un accompagnement vers la transition écologique et la valorisation des savoir-faire.</div>
</li>
</ul>
<div>Une réunion d’information aura lieu à <b>Hasparren, le lundi 16 juin à 18h30</b> (Maison de la Communauté).</div>
<div>Pour plus d&#8217;informations : <a id="LPlnk630135" title="https://www.communaute-paysbasque.fr/aides-et-financements/aide-et-financement/action-collective-de-proximite-acp-du-pays-basque" href="https://www.communaute-paysbasque.fr/aides-et-financements/aide-et-financement/action-collective-de-proximite-acp-du-pays-basque" target="_blank" rel="noopener noreferrer" data-auth="NotApplicable" data-linkindex="0">https://www.communaute-paysbasque.fr/aides-et-financements/aide-et-financement/action-collective-de-proximite-<span class="markjvl5b6iqe" data-markjs="true" data-ogac="" data-ogab="" data-ogsc="" data-ogsb="">acp</span>-du-pays-basque</a></div>

<p>La Communauté Pays Basque et la Région Nouvelle-Aquitaine lancent le programme Action Collective de Proximité (ACP) 2025–2027, destiné à soutenir les commerces et artisans de proximité. Ce dispositif propose : un [&hellip;]</p>

<!-- This site is optimized with the Yoast SEO plugin v27.4 - https://yoast.com/product/yoast-seo-wordpress/ -->
<title>Action Collective de Proximité - Hasparren, commune du Pays Basque</title>
<meta name="robots" content="noindex, follow" />
<meta property="og:locale" content="eu_ES" />
<meta property="og:type" content="article" />
<meta property="og:title" content="Action Collective de Proximité - Hasparren, commune du Pays Basque" />
<meta property="og:description" content="La Communauté Pays Basque et la Région Nouvelle-Aquitaine lancent le programme Action Collective de Proximité (ACP) 2025–2027, destiné à soutenir les commerces et artisans de proximité. Ce dispositif propose : un [&hellip;]" />
<meta property="og:url" content="https://hasparren.fr/eu/evenement/action-collective-de-proximite/" />
<meta property="og:site_name" content="Hasparren, commune du Pays Basque" />
<meta name="twitter:card" content="summary_large_image" />
<script type="application/ld+json" class="yoast-schema-graph">{"@context":"https:\/\/schema.org","@graph":[{"@type":"WebPage","@id":"https:\/\/hasparren.fr\/eu\/evenement\/action-collective-de-proximite\/","url":"https:\/\/hasparren.fr\/eu\/evenement\/action-collective-de-proximite\/","name":"Action Collective de Proximité - Hasparren, commune du Pays Basque","isPartOf":{"@id":"https:\/\/hasparren.fr\/#website"},"primaryImageOfPage":{"@id":"https:\/\/hasparren.fr\/eu\/evenement\/action-collective-de-proximite\/#primaryimage"},"image":{"@id":"https:\/\/hasparren.fr\/eu\/evenement\/action-collective-de-proximite\/#primaryimage"},"thumbnailUrl":"https:\/\/hasparren.fr\/wp-content\/uploads\/2025\/05\/Capture-decran-2025-05-26-110254.png","datePublished":"2025-05-26T09:04:09+00:00","breadcrumb":{"@id":"https:\/\/hasparren.fr\/eu\/evenement\/action-collective-de-proximite\/#breadcrumb"},"inLanguage":"eu","potentialAction":[{"@type":"ReadAction","target":["https:\/\/hasparren.fr\/eu\/evenement\/action-collective-de-proximite\/"]}]},{"@type":"ImageObject","inLanguage":"eu","@id":"https:\/\/hasparren.fr\/eu\/evenement\/action-collective-de-proximite\/#primaryimage","url":"https:\/\/hasparren.fr\/wp-content\/uploads\/2025\/05\/Capture-decran-2025-05-26-110254.png","contentUrl":"https:\/\/hasparren.fr\/wp-content\/uploads\/2025\/05\/Capture-decran-2025-05-26-110254.png","width":462,"height":365},{"@type":"BreadcrumbList","@id":"https:\/\/hasparren.fr\/eu\/evenement\/action-collective-de-proximite\/#breadcrumb","itemListElement":[{"@type":"ListItem","position":1,"name":"Accueil","item":"https:\/\/hasparren.fr\/eu\/"},{"@type":"ListItem","position":2,"name":"Évènements","item":"https:\/\/hasparren.fr\/evenements\/"},{"@type":"ListItem","position":3,"name":"Action Collective de Proximité"}]},{"@type":"WebSite","@id":"https:\/\/hasparren.fr\/#website","url":"https:\/\/hasparren.fr\/","name":"Hasparren, commune du Pays Basque","description":"Hasparren, commune du Pays Basque","potentialAction":[{"@type":"SearchAction","target":{"@type":"EntryPoint","urlTemplate":"https:\/\/hasparren.fr\/?s={search_term_string}"},"query-input":{"@type":"PropertyValueSpecification","valueRequired":true,"valueName":"search_term_string"}}],"inLanguage":"eu"}]}</script>
<!-- / Yoast SEO plugin. -->

Action Collective de Proximité - Hasparren, commune du Pays Basque

La Communauté Pays Basque et la Région Nouvelle-Aquitaine lancent le programme Action Collective de Proximité (ACP) 2025–2027, destiné à soutenir les commerces et artisans de proximité. Ce dispositif propose : un [&hellip;]

Évènements
