{"id":45414,"date":"2025-06-04T12:43:20","date_gmt":"2025-06-04T10:43:20","guid":{"rendered":"https:\/\/hasparren.fr\/evenement\/exposition-guillaume-cazenave-vernissage\/"},"modified":"2025-06-04T12:45:03","modified_gmt":"2025-06-04T10:45:03","slug":"exposition-guillaume-cazenave-vernissage","status":"publish","type":"tribe_events","link":"https:\/\/hasparren.fr\/eu\/evenement\/exposition-guillaume-cazenave-vernissage\/","title":{"rendered":"Exposition : Guillaume Cazenave"},"content":{"rendered":"<p><strong>Du 28 juin au 11 juillet<\/strong>, une exposition exceptionnelle se tiendra \u00e0 la m\u00e9diath\u00e8que Pierre Espil.<\/p>\n<p>&nbsp;<\/p>\n<p style=\"text-align: justify;\"><em>Guillaume Cazenave (1884-1937) connut un parcours personnel et artistique singulier. Amoureux d\u00e8s son plus jeune \u00e2ge du chant, son talent, son travail et sa t\u00e9nacit\u00e9 le conduisit \u00e0 \u00eatre engag\u00e9 \u00e0 l\u2019Op\u00e9ra de Paris en 1912 et \u00e0 se produire sur de nombreuses grandes sc\u00e8nes fran\u00e7aises. Son deuxi\u00e8me mariage, suite au d\u00e9c\u00e8s pr\u00e9matur\u00e9 de sa premi\u00e8re \u00e9pouse, le mena \u00e0 s\u2019installer \u00e0 Alger. Durant toute sa carri\u00e8re, il manifesta un attachement profond au Pays basque jusqu\u2019\u00e0 d\u00e9sirer \u00eatre inhum\u00e9 dans sa ville natale. Cette exposition con\u00e7ue par la Commission Histoire de Hasparren ONDAREA retrace, \u00e0 l\u2019aide de photos, documents et objets rares et une pr\u00e9sentation moderne, l\u2019itin\u00e9raire remarquable de cette personnalit\u00e9 originaire de Hasparren<\/em><\/p>\n<p>&nbsp;<\/p>\n<p>&nbsp;<\/p>\n<p><a href=\"https:\/\/hasparren.fr\/wp-content\/uploads\/2025\/06\/Erakusketa-Exposition-Guillaume-Cazenave.png\" target=\"_blank\" rel=\"noopener\"><img loading=\"lazy\" decoding=\"async\" class=\"aligncenter wp-image-45407\" src=\"https:\/\/hasparren.fr\/wp-content\/uploads\/2025\/06\/Erakusketa-Exposition-Guillaume-Cazenave.png\" alt=\"\" width=\"769\" height=\"1087\" srcset=\"https:\/\/hasparren.fr\/wp-content\/uploads\/2025\/06\/Erakusketa-Exposition-Guillaume-Cazenave.png 1414w, https:\/\/hasparren.fr\/wp-content\/uploads\/2025\/06\/Erakusketa-Exposition-Guillaume-Cazenave-212x300.png 212w, https:\/\/hasparren.fr\/wp-content\/uploads\/2025\/06\/Erakusketa-Exposition-Guillaume-Cazenave-424x600.png 424w, https:\/\/hasparren.fr\/wp-content\/uploads\/2025\/06\/Erakusketa-Exposition-Guillaume-Cazenave-768x1086.png 768w, https:\/\/hasparren.fr\/wp-content\/uploads\/2025\/06\/Erakusketa-Exposition-Guillaume-Cazenave-1086x1536.png 1086w\" sizes=\"auto, (max-width: 769px) 100vw, 769px\" \/><\/a><\/p>\n","protected":false},"excerpt":{"rendered":"<p>Du 28 juin au 11 juillet, une exposition exceptionnelle se tiendra \u00e0 la m\u00e9diath\u00e8que Pierre Espil. &nbsp; Guillaume Cazenave (1884-1937) connut un parcours personnel et artistique singulier. Amoureux d\u00e8s son [&hellip;]<\/p>\n","protected":false},"author":14,"featured_media":45410,"template":"","meta":{"_acf_changed":false,"cybocfi_hide_featured_image":"","_tribe_events_status":"","_tribe_events_status_reason":"","footnotes":""},"tags":[],"tribe_events_cat":[],"class_list":["post-45414","tribe_events","type-tribe_events","status-publish","has-post-thumbnail","hentry","clearfix"],"acf":[],"yoast_head":"<!-- This site is optimized with the Yoast SEO plugin v27.4 - https:\/\/yoast.com\/product\/yoast-seo-wordpress\/ -->\n<title>Exposition : Guillaume Cazenave - Hasparren, commune du Pays Basque<\/title>\n<meta name=\"robots\" content=\"noindex, follow\" \/>\n<meta property=\"og:locale\" content=\"eu_ES\" \/>\n<meta property=\"og:type\" content=\"article\" \/>\n<meta property=\"og:title\" content=\"Exposition : Guillaume Cazenave - Hasparren, commune du Pays Basque\" \/>\n<meta property=\"og:description\" content=\"Du 28 juin au 11 juillet, une exposition exceptionnelle se tiendra \u00e0 la m\u00e9diath\u00e8que Pierre Espil. &nbsp; Guillaume Cazenave (1884-1937) connut un parcours personnel et artistique singulier. Amoureux d\u00e8s son [&hellip;]\" \/>\n<meta property=\"og:url\" content=\"https:\/\/hasparren.fr\/eu\/evenement\/exposition-guillaume-cazenave-vernissage\/\" \/>\n<meta property=\"og:site_name\" content=\"Hasparren, commune du Pays Basque\" \/>\n<meta property=\"article:modified_time\" content=\"2025-06-04T10:45:03+00:00\" \/>\n<meta property=\"og:image\" content=\"https:\/\/hasparren.fr\/wp-content\/uploads\/2025\/06\/gabariis-agenda-guillaume-cazenave.jpg\" \/>\n\t<meta property=\"og:image:width\" content=\"1500\" \/>\n\t<meta property=\"og:image:height\" content=\"854\" \/>\n\t<meta property=\"og:image:type\" content=\"image\/jpeg\" \/>\n<meta name=\"twitter:card\" content=\"summary_large_image\" \/>\n<meta name=\"twitter:label1\" content=\"Est. reading time\" \/>\n\t<meta name=\"twitter:data1\" content=\"1 minutua\" \/>\n<script type=\"application\/ld+json\" class=\"yoast-schema-graph\">{\"@context\":\"https:\\\/\\\/schema.org\",\"@graph\":[{\"@type\":\"WebPage\",\"@id\":\"https:\\\/\\\/hasparren.fr\\\/eu\\\/evenement\\\/exposition-guillaume-cazenave-vernissage\\\/\",\"url\":\"https:\\\/\\\/hasparren.fr\\\/eu\\\/evenement\\\/exposition-guillaume-cazenave-vernissage\\\/\",\"name\":\"Exposition : Guillaume Cazenave - Hasparren, commune du Pays Basque\",\"isPartOf\":{\"@id\":\"https:\\\/\\\/hasparren.fr\\\/#website\"},\"primaryImageOfPage\":{\"@id\":\"https:\\\/\\\/hasparren.fr\\\/eu\\\/evenement\\\/exposition-guillaume-cazenave-vernissage\\\/#primaryimage\"},\"image\":{\"@id\":\"https:\\\/\\\/hasparren.fr\\\/eu\\\/evenement\\\/exposition-guillaume-cazenave-vernissage\\\/#primaryimage\"},\"thumbnailUrl\":\"https:\\\/\\\/hasparren.fr\\\/wp-content\\\/uploads\\\/2025\\\/06\\\/gabariis-agenda-guillaume-cazenave.jpg\",\"datePublished\":\"2025-06-04T10:43:20+00:00\",\"dateModified\":\"2025-06-04T10:45:03+00:00\",\"breadcrumb\":{\"@id\":\"https:\\\/\\\/hasparren.fr\\\/eu\\\/evenement\\\/exposition-guillaume-cazenave-vernissage\\\/#breadcrumb\"},\"inLanguage\":\"eu\",\"potentialAction\":[{\"@type\":\"ReadAction\",\"target\":[\"https:\\\/\\\/hasparren.fr\\\/eu\\\/evenement\\\/exposition-guillaume-cazenave-vernissage\\\/\"]}]},{\"@type\":\"ImageObject\",\"inLanguage\":\"eu\",\"@id\":\"https:\\\/\\\/hasparren.fr\\\/eu\\\/evenement\\\/exposition-guillaume-cazenave-vernissage\\\/#primaryimage\",\"url\":\"https:\\\/\\\/hasparren.fr\\\/wp-content\\\/uploads\\\/2025\\\/06\\\/gabariis-agenda-guillaume-cazenave.jpg\",\"contentUrl\":\"https:\\\/\\\/hasparren.fr\\\/wp-content\\\/uploads\\\/2025\\\/06\\\/gabariis-agenda-guillaume-cazenave.jpg\",\"width\":1500,\"height\":854},{\"@type\":\"BreadcrumbList\",\"@id\":\"https:\\\/\\\/hasparren.fr\\\/eu\\\/evenement\\\/exposition-guillaume-cazenave-vernissage\\\/#breadcrumb\",\"itemListElement\":[{\"@type\":\"ListItem\",\"position\":1,\"name\":\"Accueil\",\"item\":\"https:\\\/\\\/hasparren.fr\\\/eu\\\/\"},{\"@type\":\"ListItem\",\"position\":2,\"name\":\"\u00c9v\u00e8nements\",\"item\":\"https:\\\/\\\/hasparren.fr\\\/evenements\\\/\"},{\"@type\":\"ListItem\",\"position\":3,\"name\":\"Exposition : Guillaume Cazenave\"}]},{\"@type\":\"WebSite\",\"@id\":\"https:\\\/\\\/hasparren.fr\\\/#website\",\"url\":\"https:\\\/\\\/hasparren.fr\\\/\",\"name\":\"Hasparren, commune du Pays Basque\",\"description\":\"Hasparren, commune du Pays Basque\",\"potentialAction\":[{\"@type\":\"SearchAction\",\"target\":{\"@type\":\"EntryPoint\",\"urlTemplate\":\"https:\\\/\\\/hasparren.fr\\\/?s={search_term_string}\"},\"query-input\":{\"@type\":\"PropertyValueSpecification\",\"valueRequired\":true,\"valueName\":\"search_term_string\"}}],\"inLanguage\":\"eu\"}]}<\/script>\n<!-- \/ Yoast SEO plugin. -->","yoast_head_json":{"title":"Exposition : Guillaume Cazenave - Hasparren, commune du Pays Basque","robots":{"index":"noindex","follow":"follow"},"og_locale":"eu_ES","og_type":"article","og_title":"Exposition : Guillaume Cazenave - Hasparren, commune du Pays Basque","og_description":"Du 28 juin au 11 juillet, une exposition exceptionnelle se tiendra \u00e0 la m\u00e9diath\u00e8que Pierre Espil. &nbsp; Guillaume Cazenave (1884-1937) connut un parcours personnel et artistique singulier. Amoureux d\u00e8s son [&hellip;]","og_url":"https:\/\/hasparren.fr\/eu\/evenement\/exposition-guillaume-cazenave-vernissage\/","og_site_name":"Hasparren, commune du Pays Basque","article_modified_time":"2025-06-04T10:45:03+00:00","og_image":[{"width":1500,"height":854,"url":"https:\/\/hasparren.fr\/wp-content\/uploads\/2025\/06\/gabariis-agenda-guillaume-cazenave.jpg","type":"image\/jpeg"}],"twitter_card":"summary_large_image","twitter_misc":{"Est. reading time":"1 minutua"},"schema":{"@context":"https:\/\/schema.org","@graph":[{"@type":"WebPage","@id":"https:\/\/hasparren.fr\/eu\/evenement\/exposition-guillaume-cazenave-vernissage\/","url":"https:\/\/hasparren.fr\/eu\/evenement\/exposition-guillaume-cazenave-vernissage\/","name":"Exposition : Guillaume Cazenave - Hasparren, commune du Pays Basque","isPartOf":{"@id":"https:\/\/hasparren.fr\/#website"},"primaryImageOfPage":{"@id":"https:\/\/hasparren.fr\/eu\/evenement\/exposition-guillaume-cazenave-vernissage\/#primaryimage"},"image":{"@id":"https:\/\/hasparren.fr\/eu\/evenement\/exposition-guillaume-cazenave-vernissage\/#primaryimage"},"thumbnailUrl":"https:\/\/hasparren.fr\/wp-content\/uploads\/2025\/06\/gabariis-agenda-guillaume-cazenave.jpg","datePublished":"2025-06-04T10:43:20+00:00","dateModified":"2025-06-04T10:45:03+00:00","breadcrumb":{"@id":"https:\/\/hasparren.fr\/eu\/evenement\/exposition-guillaume-cazenave-vernissage\/#breadcrumb"},"inLanguage":"eu","potentialAction":[{"@type":"ReadAction","target":["https:\/\/hasparren.fr\/eu\/evenement\/exposition-guillaume-cazenave-vernissage\/"]}]},{"@type":"ImageObject","inLanguage":"eu","@id":"https:\/\/hasparren.fr\/eu\/evenement\/exposition-guillaume-cazenave-vernissage\/#primaryimage","url":"https:\/\/hasparren.fr\/wp-content\/uploads\/2025\/06\/gabariis-agenda-guillaume-cazenave.jpg","contentUrl":"https:\/\/hasparren.fr\/wp-content\/uploads\/2025\/06\/gabariis-agenda-guillaume-cazenave.jpg","width":1500,"height":854},{"@type":"BreadcrumbList","@id":"https:\/\/hasparren.fr\/eu\/evenement\/exposition-guillaume-cazenave-vernissage\/#breadcrumb","itemListElement":[{"@type":"ListItem","position":1,"name":"Accueil","item":"https:\/\/hasparren.fr\/eu\/"},{"@type":"ListItem","position":2,"name":"\u00c9v\u00e8nements","item":"https:\/\/hasparren.fr\/evenements\/"},{"@type":"ListItem","position":3,"name":"Exposition : Guillaume Cazenave"}]},{"@type":"WebSite","@id":"https:\/\/hasparren.fr\/#website","url":"https:\/\/hasparren.fr\/","name":"Hasparren, commune du Pays Basque","description":"Hasparren, commune du Pays Basque","potentialAction":[{"@type":"SearchAction","target":{"@type":"EntryPoint","urlTemplate":"https:\/\/hasparren.fr\/?s={search_term_string}"},"query-input":{"@type":"PropertyValueSpecification","valueRequired":true,"valueName":"search_term_string"}}],"inLanguage":"eu"}]}},"publishpress_future_workflow_manual_trigger":{"enabledWorkflows":[]},"_links":{"self":[{"href":"https:\/\/hasparren.fr\/eu\/wp-json\/wp\/v2\/tribe_events\/45414","targetHints":{"allow":["GET"]}}],"collection":[{"href":"https:\/\/hasparren.fr\/eu\/wp-json\/wp\/v2\/tribe_events"}],"about":[{"href":"https:\/\/hasparren.fr\/eu\/wp-json\/wp\/v2\/types\/tribe_events"}],"author":[{"embeddable":true,"href":"https:\/\/hasparren.fr\/eu\/wp-json\/wp\/v2\/users\/14"}],"version-history":[{"count":1,"href":"https:\/\/hasparren.fr\/eu\/wp-json\/wp\/v2\/tribe_events\/45414\/revisions"}],"predecessor-version":[{"id":45416,"href":"https:\/\/hasparren.fr\/eu\/wp-json\/wp\/v2\/tribe_events\/45414\/revisions\/45416"}],"wp:featuredmedia":[{"embeddable":true,"href":"https:\/\/hasparren.fr\/eu\/wp-json\/wp\/v2\/media\/45410"}],"wp:attachment":[{"href":"https:\/\/hasparren.fr\/eu\/wp-json\/wp\/v2\/media?parent=45414"}],"wp:term":[{"taxonomy":"post_tag","embeddable":true,"href":"https:\/\/hasparren.fr\/eu\/wp-json\/wp\/v2\/tags?post=45414"},{"taxonomy":"tribe_events_cat","embeddable":true,"href":"https:\/\/hasparren.fr\/eu\/wp-json\/wp\/v2\/tribe_events_cat?post=45414"}],"curies":[{"name":"wp","href":"https:\/\/api.w.org\/{rel}","templated":true}]}}

<p><strong>Du 28 juin au 11 juillet</strong>, une exposition exceptionnelle se tiendra à la médiathèque Pierre Espil.</p>
<p>&nbsp;</p>
<p style="text-align: justify;"><em>Guillaume Cazenave (1884-1937) connut un parcours personnel et artistique singulier. Amoureux dès son plus jeune âge du chant, son talent, son travail et sa ténacité le conduisit à être engagé à l’Opéra de Paris en 1912 et à se produire sur de nombreuses grandes scènes françaises. Son deuxième mariage, suite au décès prématuré de sa première épouse, le mena à s’installer à Alger. Durant toute sa carrière, il manifesta un attachement profond au Pays basque jusqu’à désirer être inhumé dans sa ville natale. Cette exposition conçue par la Commission Histoire de Hasparren ONDAREA retrace, à l’aide de photos, documents et objets rares et une présentation moderne, l’itinéraire remarquable de cette personnalité originaire de Hasparren</em></p>
<p>&nbsp;</p>
<p>&nbsp;</p>
<p><a href="https://hasparren.fr/wp-content/uploads/2025/06/Erakusketa-Exposition-Guillaume-Cazenave.png" target="_blank" rel="noopener"><img loading="lazy" decoding="async" class="aligncenter wp-image-45407" src="https://hasparren.fr/wp-content/uploads/2025/06/Erakusketa-Exposition-Guillaume-Cazenave.png" alt="" width="769" height="1087" srcset="https://hasparren.fr/wp-content/uploads/2025/06/Erakusketa-Exposition-Guillaume-Cazenave.png 1414w, https://hasparren.fr/wp-content/uploads/2025/06/Erakusketa-Exposition-Guillaume-Cazenave-212x300.png 212w, https://hasparren.fr/wp-content/uploads/2025/06/Erakusketa-Exposition-Guillaume-Cazenave-424x600.png 424w, https://hasparren.fr/wp-content/uploads/2025/06/Erakusketa-Exposition-Guillaume-Cazenave-768x1086.png 768w, https://hasparren.fr/wp-content/uploads/2025/06/Erakusketa-Exposition-Guillaume-Cazenave-1086x1536.png 1086w" sizes="auto, (max-width: 769px) 100vw, 769px" /></a></p>

<p>Du 28 juin au 11 juillet, une exposition exceptionnelle se tiendra à la médiathèque Pierre Espil. &nbsp; Guillaume Cazenave (1884-1937) connut un parcours personnel et artistique singulier. Amoureux dès son [&hellip;]</p>

<!-- This site is optimized with the Yoast SEO plugin v27.4 - https://yoast.com/product/yoast-seo-wordpress/ -->
<title>Exposition : Guillaume Cazenave - Hasparren, commune du Pays Basque</title>
<meta name="robots" content="noindex, follow" />
<meta property="og:locale" content="eu_ES" />
<meta property="og:type" content="article" />
<meta property="og:title" content="Exposition : Guillaume Cazenave - Hasparren, commune du Pays Basque" />
<meta property="og:description" content="Du 28 juin au 11 juillet, une exposition exceptionnelle se tiendra à la médiathèque Pierre Espil. &nbsp; Guillaume Cazenave (1884-1937) connut un parcours personnel et artistique singulier. Amoureux dès son [&hellip;]" />
<meta property="og:url" content="https://hasparren.fr/eu/evenement/exposition-guillaume-cazenave-vernissage/" />
<meta property="og:site_name" content="Hasparren, commune du Pays Basque" />
<meta property="article:modified_time" content="2025-06-04T10:45:03+00:00" />
<meta property="og:image" content="https://hasparren.fr/wp-content/uploads/2025/06/gabariis-agenda-guillaume-cazenave.jpg" />
	<meta property="og:image:width" content="1500" />
	<meta property="og:image:height" content="854" />
	<meta property="og:image:type" content="image/jpeg" />
<meta name="twitter:card" content="summary_large_image" />
<meta name="twitter:label1" content="Est. reading time" />
	<meta name="twitter:data1" content="1 minutua" />
<script type="application/ld+json" class="yoast-schema-graph">{"@context":"https:\/\/schema.org","@graph":[{"@type":"WebPage","@id":"https:\/\/hasparren.fr\/eu\/evenement\/exposition-guillaume-cazenave-vernissage\/","url":"https:\/\/hasparren.fr\/eu\/evenement\/exposition-guillaume-cazenave-vernissage\/","name":"Exposition : Guillaume Cazenave - Hasparren, commune du Pays Basque","isPartOf":{"@id":"https:\/\/hasparren.fr\/#website"},"primaryImageOfPage":{"@id":"https:\/\/hasparren.fr\/eu\/evenement\/exposition-guillaume-cazenave-vernissage\/#primaryimage"},"image":{"@id":"https:\/\/hasparren.fr\/eu\/evenement\/exposition-guillaume-cazenave-vernissage\/#primaryimage"},"thumbnailUrl":"https:\/\/hasparren.fr\/wp-content\/uploads\/2025\/06\/gabariis-agenda-guillaume-cazenave.jpg","datePublished":"2025-06-04T10:43:20+00:00","dateModified":"2025-06-04T10:45:03+00:00","breadcrumb":{"@id":"https:\/\/hasparren.fr\/eu\/evenement\/exposition-guillaume-cazenave-vernissage\/#breadcrumb"},"inLanguage":"eu","potentialAction":[{"@type":"ReadAction","target":["https:\/\/hasparren.fr\/eu\/evenement\/exposition-guillaume-cazenave-vernissage\/"]}]},{"@type":"ImageObject","inLanguage":"eu","@id":"https:\/\/hasparren.fr\/eu\/evenement\/exposition-guillaume-cazenave-vernissage\/#primaryimage","url":"https:\/\/hasparren.fr\/wp-content\/uploads\/2025\/06\/gabariis-agenda-guillaume-cazenave.jpg","contentUrl":"https:\/\/hasparren.fr\/wp-content\/uploads\/2025\/06\/gabariis-agenda-guillaume-cazenave.jpg","width":1500,"height":854},{"@type":"BreadcrumbList","@id":"https:\/\/hasparren.fr\/eu\/evenement\/exposition-guillaume-cazenave-vernissage\/#breadcrumb","itemListElement":[{"@type":"ListItem","position":1,"name":"Accueil","item":"https:\/\/hasparren.fr\/eu\/"},{"@type":"ListItem","position":2,"name":"Évènements","item":"https:\/\/hasparren.fr\/evenements\/"},{"@type":"ListItem","position":3,"name":"Exposition : Guillaume Cazenave"}]},{"@type":"WebSite","@id":"https:\/\/hasparren.fr\/#website","url":"https:\/\/hasparren.fr\/","name":"Hasparren, commune du Pays Basque","description":"Hasparren, commune du Pays Basque","potentialAction":[{"@type":"SearchAction","target":{"@type":"EntryPoint","urlTemplate":"https:\/\/hasparren.fr\/?s={search_term_string}"},"query-input":{"@type":"PropertyValueSpecification","valueRequired":true,"valueName":"search_term_string"}}],"inLanguage":"eu"}]}</script>
<!-- / Yoast SEO plugin. -->

Du 28 juin au 11 juillet, une exposition exceptionnelle se tiendra à la médiathèque Pierre Espil. &nbsp; Guillaume Cazenave (1884-1937) connut un parcours personnel et artistique singulier. Amoureux dès son [&hellip;]

Évènements
