{"id":46841,"date":"2025-09-17T16:08:28","date_gmt":"2025-09-17T14:08:28","guid":{"rendered":"https:\/\/hasparren.fr\/evenement\/trio-hirusta-en-concert\/"},"modified":"2025-09-17T16:08:28","modified_gmt":"2025-09-17T14:08:28","slug":"trio-hirusta-en-concert","status":"publish","type":"tribe_events","link":"https:\/\/hasparren.fr\/eu\/evenement\/trio-hirusta-en-concert\/","title":{"rendered":"Trio HIRUSTA en concert"},"content":{"rendered":"<p>Dimanche 16 novembre le trio HIRUSTA donnera une pr\u00e9sentation exceptionnelle \u00e0 partir de 15h \u00e0 la chapelle du Sacr\u00e9 Coeur. En prime, une pr\u00e9sentation d&#8217;instruments de musique anciens, au profit des enfants de Madagascar.<\/p>\n<p>&nbsp;<\/p>\n<p><a href=\"https:\/\/hasparren.fr\/wp-content\/uploads\/2025\/09\/Affiche-TrioHirusta_A4-424x600.jpg\"><img loading=\"lazy\" decoding=\"async\" class=\"aligncenter size-large wp-image-46835\" src=\"https:\/\/hasparren.fr\/wp-content\/uploads\/2025\/09\/Affiche-TrioHirusta_A4-424x600.jpg\" alt=\"\" width=\"424\" height=\"600\" srcset=\"https:\/\/hasparren.fr\/wp-content\/uploads\/2025\/09\/Affiche-TrioHirusta_A4-424x600.jpg 424w, https:\/\/hasparren.fr\/wp-content\/uploads\/2025\/09\/Affiche-TrioHirusta_A4-212x300.jpg 212w, https:\/\/hasparren.fr\/wp-content\/uploads\/2025\/09\/Affiche-TrioHirusta_A4-768x1086.jpg 768w, https:\/\/hasparren.fr\/wp-content\/uploads\/2025\/09\/Affiche-TrioHirusta_A4-1086x1536.jpg 1086w, https:\/\/hasparren.fr\/wp-content\/uploads\/2025\/09\/Affiche-TrioHirusta_A4.jpg 1241w\" sizes=\"auto, (max-width: 424px) 100vw, 424px\" \/><\/a><\/p>\n","protected":false},"excerpt":{"rendered":"<p>Dimanche 16 novembre le trio HIRUSTA donnera une pr\u00e9sentation exceptionnelle \u00e0 partir de 15h \u00e0 la chapelle du Sacr\u00e9 Coeur. En prime, une pr\u00e9sentation d&#8217;instruments de musique anciens, au profit [&hellip;]<\/p>\n","protected":false},"author":14,"featured_media":46838,"template":"","meta":{"_acf_changed":false,"cybocfi_hide_featured_image":"","_tribe_events_status":"","_tribe_events_status_reason":"","footnotes":""},"tags":[],"tribe_events_cat":[],"class_list":["post-46841","tribe_events","type-tribe_events","status-publish","has-post-thumbnail","hentry","clearfix"],"acf":[],"yoast_head":"<!-- This site is optimized with the Yoast SEO plugin v27.4 - https:\/\/yoast.com\/product\/yoast-seo-wordpress\/ -->\n<title>Trio HIRUSTA en concert - Hasparren, commune du Pays Basque<\/title>\n<meta name=\"robots\" content=\"noindex, follow\" \/>\n<meta property=\"og:locale\" content=\"eu_ES\" \/>\n<meta property=\"og:type\" content=\"article\" \/>\n<meta property=\"og:title\" content=\"Trio HIRUSTA en concert - Hasparren, commune du Pays Basque\" \/>\n<meta property=\"og:description\" content=\"Dimanche 16 novembre le trio HIRUSTA donnera une pr\u00e9sentation exceptionnelle \u00e0 partir de 15h \u00e0 la chapelle du Sacr\u00e9 Coeur. En prime, une pr\u00e9sentation d&#8217;instruments de musique anciens, au profit [&hellip;]\" \/>\n<meta property=\"og:url\" content=\"https:\/\/hasparren.fr\/eu\/evenement\/trio-hirusta-en-concert\/\" \/>\n<meta property=\"og:site_name\" content=\"Hasparren, commune du Pays Basque\" \/>\n<meta property=\"og:image\" content=\"https:\/\/hasparren.fr\/wp-content\/uploads\/2025\/09\/Affiche-TrioHirusta_A4-424x600.jpg\" \/>\n<meta name=\"twitter:card\" content=\"summary_large_image\" \/>\n<script type=\"application\/ld+json\" class=\"yoast-schema-graph\">{\"@context\":\"https:\\\/\\\/schema.org\",\"@graph\":[{\"@type\":\"WebPage\",\"@id\":\"https:\\\/\\\/hasparren.fr\\\/eu\\\/evenement\\\/trio-hirusta-en-concert\\\/\",\"url\":\"https:\\\/\\\/hasparren.fr\\\/eu\\\/evenement\\\/trio-hirusta-en-concert\\\/\",\"name\":\"Trio HIRUSTA en concert - Hasparren, commune du Pays Basque\",\"isPartOf\":{\"@id\":\"https:\\\/\\\/hasparren.fr\\\/#website\"},\"primaryImageOfPage\":{\"@id\":\"https:\\\/\\\/hasparren.fr\\\/eu\\\/evenement\\\/trio-hirusta-en-concert\\\/#primaryimage\"},\"image\":{\"@id\":\"https:\\\/\\\/hasparren.fr\\\/eu\\\/evenement\\\/trio-hirusta-en-concert\\\/#primaryimage\"},\"thumbnailUrl\":\"https:\\\/\\\/hasparren.fr\\\/wp-content\\\/uploads\\\/2025\\\/09\\\/gabariis-agenda-concert-TrioHirusta.jpg\",\"datePublished\":\"2025-09-17T14:08:28+00:00\",\"breadcrumb\":{\"@id\":\"https:\\\/\\\/hasparren.fr\\\/eu\\\/evenement\\\/trio-hirusta-en-concert\\\/#breadcrumb\"},\"inLanguage\":\"eu\",\"potentialAction\":[{\"@type\":\"ReadAction\",\"target\":[\"https:\\\/\\\/hasparren.fr\\\/eu\\\/evenement\\\/trio-hirusta-en-concert\\\/\"]}]},{\"@type\":\"ImageObject\",\"inLanguage\":\"eu\",\"@id\":\"https:\\\/\\\/hasparren.fr\\\/eu\\\/evenement\\\/trio-hirusta-en-concert\\\/#primaryimage\",\"url\":\"https:\\\/\\\/hasparren.fr\\\/wp-content\\\/uploads\\\/2025\\\/09\\\/gabariis-agenda-concert-TrioHirusta.jpg\",\"contentUrl\":\"https:\\\/\\\/hasparren.fr\\\/wp-content\\\/uploads\\\/2025\\\/09\\\/gabariis-agenda-concert-TrioHirusta.jpg\",\"width\":1500,\"height\":854},{\"@type\":\"BreadcrumbList\",\"@id\":\"https:\\\/\\\/hasparren.fr\\\/eu\\\/evenement\\\/trio-hirusta-en-concert\\\/#breadcrumb\",\"itemListElement\":[{\"@type\":\"ListItem\",\"position\":1,\"name\":\"Accueil\",\"item\":\"https:\\\/\\\/hasparren.fr\\\/eu\\\/\"},{\"@type\":\"ListItem\",\"position\":2,\"name\":\"\u00c9v\u00e8nements\",\"item\":\"https:\\\/\\\/hasparren.fr\\\/evenements\\\/\"},{\"@type\":\"ListItem\",\"position\":3,\"name\":\"Trio HIRUSTA en concert\"}]},{\"@type\":\"WebSite\",\"@id\":\"https:\\\/\\\/hasparren.fr\\\/#website\",\"url\":\"https:\\\/\\\/hasparren.fr\\\/\",\"name\":\"Hasparren, commune du Pays Basque\",\"description\":\"Hasparren, commune du Pays Basque\",\"potentialAction\":[{\"@type\":\"SearchAction\",\"target\":{\"@type\":\"EntryPoint\",\"urlTemplate\":\"https:\\\/\\\/hasparren.fr\\\/?s={search_term_string}\"},\"query-input\":{\"@type\":\"PropertyValueSpecification\",\"valueRequired\":true,\"valueName\":\"search_term_string\"}}],\"inLanguage\":\"eu\"}]}<\/script>\n<!-- \/ Yoast SEO plugin. -->","yoast_head_json":{"title":"Trio HIRUSTA en concert - Hasparren, commune du Pays Basque","robots":{"index":"noindex","follow":"follow"},"og_locale":"eu_ES","og_type":"article","og_title":"Trio HIRUSTA en concert - Hasparren, commune du Pays Basque","og_description":"Dimanche 16 novembre le trio HIRUSTA donnera une pr\u00e9sentation exceptionnelle \u00e0 partir de 15h \u00e0 la chapelle du Sacr\u00e9 Coeur. En prime, une pr\u00e9sentation d&#8217;instruments de musique anciens, au profit [&hellip;]","og_url":"https:\/\/hasparren.fr\/eu\/evenement\/trio-hirusta-en-concert\/","og_site_name":"Hasparren, commune du Pays Basque","og_image":[{"url":"https:\/\/hasparren.fr\/wp-content\/uploads\/2025\/09\/Affiche-TrioHirusta_A4-424x600.jpg","type":"","width":"","height":""}],"twitter_card":"summary_large_image","schema":{"@context":"https:\/\/schema.org","@graph":[{"@type":"WebPage","@id":"https:\/\/hasparren.fr\/eu\/evenement\/trio-hirusta-en-concert\/","url":"https:\/\/hasparren.fr\/eu\/evenement\/trio-hirusta-en-concert\/","name":"Trio HIRUSTA en concert - Hasparren, commune du Pays Basque","isPartOf":{"@id":"https:\/\/hasparren.fr\/#website"},"primaryImageOfPage":{"@id":"https:\/\/hasparren.fr\/eu\/evenement\/trio-hirusta-en-concert\/#primaryimage"},"image":{"@id":"https:\/\/hasparren.fr\/eu\/evenement\/trio-hirusta-en-concert\/#primaryimage"},"thumbnailUrl":"https:\/\/hasparren.fr\/wp-content\/uploads\/2025\/09\/gabariis-agenda-concert-TrioHirusta.jpg","datePublished":"2025-09-17T14:08:28+00:00","breadcrumb":{"@id":"https:\/\/hasparren.fr\/eu\/evenement\/trio-hirusta-en-concert\/#breadcrumb"},"inLanguage":"eu","potentialAction":[{"@type":"ReadAction","target":["https:\/\/hasparren.fr\/eu\/evenement\/trio-hirusta-en-concert\/"]}]},{"@type":"ImageObject","inLanguage":"eu","@id":"https:\/\/hasparren.fr\/eu\/evenement\/trio-hirusta-en-concert\/#primaryimage","url":"https:\/\/hasparren.fr\/wp-content\/uploads\/2025\/09\/gabariis-agenda-concert-TrioHirusta.jpg","contentUrl":"https:\/\/hasparren.fr\/wp-content\/uploads\/2025\/09\/gabariis-agenda-concert-TrioHirusta.jpg","width":1500,"height":854},{"@type":"BreadcrumbList","@id":"https:\/\/hasparren.fr\/eu\/evenement\/trio-hirusta-en-concert\/#breadcrumb","itemListElement":[{"@type":"ListItem","position":1,"name":"Accueil","item":"https:\/\/hasparren.fr\/eu\/"},{"@type":"ListItem","position":2,"name":"\u00c9v\u00e8nements","item":"https:\/\/hasparren.fr\/evenements\/"},{"@type":"ListItem","position":3,"name":"Trio HIRUSTA en concert"}]},{"@type":"WebSite","@id":"https:\/\/hasparren.fr\/#website","url":"https:\/\/hasparren.fr\/","name":"Hasparren, commune du Pays Basque","description":"Hasparren, commune du Pays Basque","potentialAction":[{"@type":"SearchAction","target":{"@type":"EntryPoint","urlTemplate":"https:\/\/hasparren.fr\/?s={search_term_string}"},"query-input":{"@type":"PropertyValueSpecification","valueRequired":true,"valueName":"search_term_string"}}],"inLanguage":"eu"}]}},"publishpress_future_workflow_manual_trigger":{"enabledWorkflows":[]},"_links":{"self":[{"href":"https:\/\/hasparren.fr\/eu\/wp-json\/wp\/v2\/tribe_events\/46841","targetHints":{"allow":["GET"]}}],"collection":[{"href":"https:\/\/hasparren.fr\/eu\/wp-json\/wp\/v2\/tribe_events"}],"about":[{"href":"https:\/\/hasparren.fr\/eu\/wp-json\/wp\/v2\/types\/tribe_events"}],"author":[{"embeddable":true,"href":"https:\/\/hasparren.fr\/eu\/wp-json\/wp\/v2\/users\/14"}],"version-history":[{"count":0,"href":"https:\/\/hasparren.fr\/eu\/wp-json\/wp\/v2\/tribe_events\/46841\/revisions"}],"wp:featuredmedia":[{"embeddable":true,"href":"https:\/\/hasparren.fr\/eu\/wp-json\/wp\/v2\/media\/46838"}],"wp:attachment":[{"href":"https:\/\/hasparren.fr\/eu\/wp-json\/wp\/v2\/media?parent=46841"}],"wp:term":[{"taxonomy":"post_tag","embeddable":true,"href":"https:\/\/hasparren.fr\/eu\/wp-json\/wp\/v2\/tags?post=46841"},{"taxonomy":"tribe_events_cat","embeddable":true,"href":"https:\/\/hasparren.fr\/eu\/wp-json\/wp\/v2\/tribe_events_cat?post=46841"}],"curies":[{"name":"wp","href":"https:\/\/api.w.org\/{rel}","templated":true}]}}

<p>Dimanche 16 novembre le trio HIRUSTA donnera une présentation exceptionnelle à partir de 15h à la chapelle du Sacré Coeur. En prime, une présentation d&#8217;instruments de musique anciens, au profit des enfants de Madagascar.</p>
<p>&nbsp;</p>
<p><a href="https://hasparren.fr/wp-content/uploads/2025/09/Affiche-TrioHirusta_A4-424x600.jpg"><img loading="lazy" decoding="async" class="aligncenter size-large wp-image-46835" src="https://hasparren.fr/wp-content/uploads/2025/09/Affiche-TrioHirusta_A4-424x600.jpg" alt="" width="424" height="600" srcset="https://hasparren.fr/wp-content/uploads/2025/09/Affiche-TrioHirusta_A4-424x600.jpg 424w, https://hasparren.fr/wp-content/uploads/2025/09/Affiche-TrioHirusta_A4-212x300.jpg 212w, https://hasparren.fr/wp-content/uploads/2025/09/Affiche-TrioHirusta_A4-768x1086.jpg 768w, https://hasparren.fr/wp-content/uploads/2025/09/Affiche-TrioHirusta_A4-1086x1536.jpg 1086w, https://hasparren.fr/wp-content/uploads/2025/09/Affiche-TrioHirusta_A4.jpg 1241w" sizes="auto, (max-width: 424px) 100vw, 424px" /></a></p>

<p>Dimanche 16 novembre le trio HIRUSTA donnera une présentation exceptionnelle à partir de 15h à la chapelle du Sacré Coeur. En prime, une présentation d&#8217;instruments de musique anciens, au profit [&hellip;]</p>

<!-- This site is optimized with the Yoast SEO plugin v27.4 - https://yoast.com/product/yoast-seo-wordpress/ -->
<title>Trio HIRUSTA en concert - Hasparren, commune du Pays Basque</title>
<meta name="robots" content="noindex, follow" />
<meta property="og:locale" content="eu_ES" />
<meta property="og:type" content="article" />
<meta property="og:title" content="Trio HIRUSTA en concert - Hasparren, commune du Pays Basque" />
<meta property="og:description" content="Dimanche 16 novembre le trio HIRUSTA donnera une présentation exceptionnelle à partir de 15h à la chapelle du Sacré Coeur. En prime, une présentation d&#8217;instruments de musique anciens, au profit [&hellip;]" />
<meta property="og:url" content="https://hasparren.fr/eu/evenement/trio-hirusta-en-concert/" />
<meta property="og:site_name" content="Hasparren, commune du Pays Basque" />
<meta property="og:image" content="https://hasparren.fr/wp-content/uploads/2025/09/Affiche-TrioHirusta_A4-424x600.jpg" />
<meta name="twitter:card" content="summary_large_image" />
<script type="application/ld+json" class="yoast-schema-graph">{"@context":"https:\/\/schema.org","@graph":[{"@type":"WebPage","@id":"https:\/\/hasparren.fr\/eu\/evenement\/trio-hirusta-en-concert\/","url":"https:\/\/hasparren.fr\/eu\/evenement\/trio-hirusta-en-concert\/","name":"Trio HIRUSTA en concert - Hasparren, commune du Pays Basque","isPartOf":{"@id":"https:\/\/hasparren.fr\/#website"},"primaryImageOfPage":{"@id":"https:\/\/hasparren.fr\/eu\/evenement\/trio-hirusta-en-concert\/#primaryimage"},"image":{"@id":"https:\/\/hasparren.fr\/eu\/evenement\/trio-hirusta-en-concert\/#primaryimage"},"thumbnailUrl":"https:\/\/hasparren.fr\/wp-content\/uploads\/2025\/09\/gabariis-agenda-concert-TrioHirusta.jpg","datePublished":"2025-09-17T14:08:28+00:00","breadcrumb":{"@id":"https:\/\/hasparren.fr\/eu\/evenement\/trio-hirusta-en-concert\/#breadcrumb"},"inLanguage":"eu","potentialAction":[{"@type":"ReadAction","target":["https:\/\/hasparren.fr\/eu\/evenement\/trio-hirusta-en-concert\/"]}]},{"@type":"ImageObject","inLanguage":"eu","@id":"https:\/\/hasparren.fr\/eu\/evenement\/trio-hirusta-en-concert\/#primaryimage","url":"https:\/\/hasparren.fr\/wp-content\/uploads\/2025\/09\/gabariis-agenda-concert-TrioHirusta.jpg","contentUrl":"https:\/\/hasparren.fr\/wp-content\/uploads\/2025\/09\/gabariis-agenda-concert-TrioHirusta.jpg","width":1500,"height":854},{"@type":"BreadcrumbList","@id":"https:\/\/hasparren.fr\/eu\/evenement\/trio-hirusta-en-concert\/#breadcrumb","itemListElement":[{"@type":"ListItem","position":1,"name":"Accueil","item":"https:\/\/hasparren.fr\/eu\/"},{"@type":"ListItem","position":2,"name":"Évènements","item":"https:\/\/hasparren.fr\/evenements\/"},{"@type":"ListItem","position":3,"name":"Trio HIRUSTA en concert"}]},{"@type":"WebSite","@id":"https:\/\/hasparren.fr\/#website","url":"https:\/\/hasparren.fr\/","name":"Hasparren, commune du Pays Basque","description":"Hasparren, commune du Pays Basque","potentialAction":[{"@type":"SearchAction","target":{"@type":"EntryPoint","urlTemplate":"https:\/\/hasparren.fr\/?s={search_term_string}"},"query-input":{"@type":"PropertyValueSpecification","valueRequired":true,"valueName":"search_term_string"}}],"inLanguage":"eu"}]}</script>
<!-- / Yoast SEO plugin. -->

Dimanche 16 novembre le trio HIRUSTA donnera une présentation exceptionnelle à partir de 15h à la chapelle du Sacré Coeur. En prime, une présentation d&#8217;instruments de musique anciens, au profit [&hellip;]

Évènements
