{"id":47219,"date":"2025-10-29T11:58:26","date_gmt":"2025-10-29T10:58:26","guid":{"rendered":"https:\/\/hasparren.fr\/evenement\/exposition-bijoux-artisanaux\/"},"modified":"2025-12-11T10:44:50","modified_gmt":"2025-12-11T09:44:50","slug":"exposition-bijoux-artisanaux","status":"publish","type":"tribe_events","link":"https:\/\/hasparren.fr\/eu\/evenement\/exposition-bijoux-artisanaux\/","title":{"rendered":"Exposition bijoux artisanaux"},"content":{"rendered":"<p>Exposition bijoux artisanaux du 08 au 14 d\u00e9cembre, pr\u00e9sent\u00e9e par Elodie Minjou, en salle pierre Choribit \u00e0 Hasparren.<\/p>\n<p>&nbsp;<\/p>\n<p><a href=\"https:\/\/hasparren.fr\/wp-content\/uploads\/2025\/10\/Affiche-expo-Choribit-scaled.jpg\" target=\"_blank\" rel=\"noopener\"><img loading=\"lazy\" decoding=\"async\" class=\"aligncenter wp-image-48124 size-large\" src=\"https:\/\/hasparren.fr\/wp-content\/uploads\/2025\/10\/Affiche-expo-Choribit-420x600.jpg\" alt=\"\" width=\"420\" height=\"600\" srcset=\"https:\/\/hasparren.fr\/wp-content\/uploads\/2025\/10\/Affiche-expo-Choribit-420x600.jpg 420w, https:\/\/hasparren.fr\/wp-content\/uploads\/2025\/10\/Affiche-expo-Choribit-210x300.jpg 210w, https:\/\/hasparren.fr\/wp-content\/uploads\/2025\/10\/Affiche-expo-Choribit-768x1098.jpg 768w, https:\/\/hasparren.fr\/wp-content\/uploads\/2025\/10\/Affiche-expo-Choribit-1074x1536.jpg 1074w, https:\/\/hasparren.fr\/wp-content\/uploads\/2025\/10\/Affiche-expo-Choribit-1432x2048.jpg 1432w, https:\/\/hasparren.fr\/wp-content\/uploads\/2025\/10\/Affiche-expo-Choribit-scaled.jpg 1790w\" sizes=\"auto, (max-width: 420px) 100vw, 420px\" \/><\/a><\/p>\n","protected":false},"excerpt":{"rendered":"<p>Exposition bijoux artisanaux du 08 au 14 d\u00e9cembre, pr\u00e9sent\u00e9e par Elodie Minjou, en salle pierre Choribit \u00e0 Hasparren. &nbsp;<\/p>\n","protected":false},"author":14,"featured_media":48128,"template":"","meta":{"_acf_changed":false,"cybocfi_hide_featured_image":"","_tribe_events_status":"","_tribe_events_status_reason":"","footnotes":""},"tags":[],"tribe_events_cat":[],"class_list":["post-47219","tribe_events","type-tribe_events","status-publish","has-post-thumbnail","hentry","clearfix"],"acf":[],"yoast_head":"<!-- This site is optimized with the Yoast SEO plugin v27.4 - https:\/\/yoast.com\/product\/yoast-seo-wordpress\/ -->\n<title>Exposition bijoux artisanaux - Hasparren, commune du Pays Basque<\/title>\n<meta name=\"robots\" content=\"noindex, follow\" \/>\n<meta property=\"og:locale\" content=\"eu_ES\" \/>\n<meta property=\"og:type\" content=\"article\" \/>\n<meta property=\"og:title\" content=\"Exposition bijoux artisanaux - Hasparren, commune du Pays Basque\" \/>\n<meta property=\"og:description\" content=\"Exposition bijoux artisanaux du 08 au 14 d\u00e9cembre, pr\u00e9sent\u00e9e par Elodie Minjou, en salle pierre Choribit \u00e0 Hasparren. &nbsp;\" \/>\n<meta property=\"og:url\" content=\"https:\/\/hasparren.fr\/eu\/evenement\/exposition-bijoux-artisanaux\/\" \/>\n<meta property=\"og:site_name\" content=\"Hasparren, commune du Pays Basque\" \/>\n<meta property=\"article:modified_time\" content=\"2025-12-11T09:44:50+00:00\" \/>\n<meta property=\"og:image\" content=\"https:\/\/hasparren.fr\/wp-content\/uploads\/2025\/10\/gabariis-agenda-expo-decembre-Minjou.jpg\" \/>\n\t<meta property=\"og:image:width\" content=\"1500\" \/>\n\t<meta property=\"og:image:height\" content=\"854\" \/>\n\t<meta property=\"og:image:type\" content=\"image\/jpeg\" \/>\n<meta name=\"twitter:card\" content=\"summary_large_image\" \/>\n<script type=\"application\/ld+json\" class=\"yoast-schema-graph\">{\"@context\":\"https:\\\/\\\/schema.org\",\"@graph\":[{\"@type\":\"WebPage\",\"@id\":\"https:\\\/\\\/hasparren.fr\\\/eu\\\/evenement\\\/exposition-bijoux-artisanaux\\\/\",\"url\":\"https:\\\/\\\/hasparren.fr\\\/eu\\\/evenement\\\/exposition-bijoux-artisanaux\\\/\",\"name\":\"Exposition bijoux artisanaux - Hasparren, commune du Pays Basque\",\"isPartOf\":{\"@id\":\"https:\\\/\\\/hasparren.fr\\\/#website\"},\"primaryImageOfPage\":{\"@id\":\"https:\\\/\\\/hasparren.fr\\\/eu\\\/evenement\\\/exposition-bijoux-artisanaux\\\/#primaryimage\"},\"image\":{\"@id\":\"https:\\\/\\\/hasparren.fr\\\/eu\\\/evenement\\\/exposition-bijoux-artisanaux\\\/#primaryimage\"},\"thumbnailUrl\":\"https:\\\/\\\/hasparren.fr\\\/wp-content\\\/uploads\\\/2025\\\/10\\\/gabariis-agenda-expo-decembre-Minjou.jpg\",\"datePublished\":\"2025-10-29T10:58:26+00:00\",\"dateModified\":\"2025-12-11T09:44:50+00:00\",\"breadcrumb\":{\"@id\":\"https:\\\/\\\/hasparren.fr\\\/eu\\\/evenement\\\/exposition-bijoux-artisanaux\\\/#breadcrumb\"},\"inLanguage\":\"eu\",\"potentialAction\":[{\"@type\":\"ReadAction\",\"target\":[\"https:\\\/\\\/hasparren.fr\\\/eu\\\/evenement\\\/exposition-bijoux-artisanaux\\\/\"]}]},{\"@type\":\"ImageObject\",\"inLanguage\":\"eu\",\"@id\":\"https:\\\/\\\/hasparren.fr\\\/eu\\\/evenement\\\/exposition-bijoux-artisanaux\\\/#primaryimage\",\"url\":\"https:\\\/\\\/hasparren.fr\\\/wp-content\\\/uploads\\\/2025\\\/10\\\/gabariis-agenda-expo-decembre-Minjou.jpg\",\"contentUrl\":\"https:\\\/\\\/hasparren.fr\\\/wp-content\\\/uploads\\\/2025\\\/10\\\/gabariis-agenda-expo-decembre-Minjou.jpg\",\"width\":1500,\"height\":854},{\"@type\":\"BreadcrumbList\",\"@id\":\"https:\\\/\\\/hasparren.fr\\\/eu\\\/evenement\\\/exposition-bijoux-artisanaux\\\/#breadcrumb\",\"itemListElement\":[{\"@type\":\"ListItem\",\"position\":1,\"name\":\"Accueil\",\"item\":\"https:\\\/\\\/hasparren.fr\\\/eu\\\/\"},{\"@type\":\"ListItem\",\"position\":2,\"name\":\"\u00c9v\u00e8nements\",\"item\":\"https:\\\/\\\/hasparren.fr\\\/evenements\\\/\"},{\"@type\":\"ListItem\",\"position\":3,\"name\":\"Exposition bijoux artisanaux\"}]},{\"@type\":\"WebSite\",\"@id\":\"https:\\\/\\\/hasparren.fr\\\/#website\",\"url\":\"https:\\\/\\\/hasparren.fr\\\/\",\"name\":\"Hasparren, commune du Pays Basque\",\"description\":\"Hasparren, commune du Pays Basque\",\"potentialAction\":[{\"@type\":\"SearchAction\",\"target\":{\"@type\":\"EntryPoint\",\"urlTemplate\":\"https:\\\/\\\/hasparren.fr\\\/?s={search_term_string}\"},\"query-input\":{\"@type\":\"PropertyValueSpecification\",\"valueRequired\":true,\"valueName\":\"search_term_string\"}}],\"inLanguage\":\"eu\"}]}<\/script>\n<!-- \/ Yoast SEO plugin. -->","yoast_head_json":{"title":"Exposition bijoux artisanaux - Hasparren, commune du Pays Basque","robots":{"index":"noindex","follow":"follow"},"og_locale":"eu_ES","og_type":"article","og_title":"Exposition bijoux artisanaux - Hasparren, commune du Pays Basque","og_description":"Exposition bijoux artisanaux du 08 au 14 d\u00e9cembre, pr\u00e9sent\u00e9e par Elodie Minjou, en salle pierre Choribit \u00e0 Hasparren. &nbsp;","og_url":"https:\/\/hasparren.fr\/eu\/evenement\/exposition-bijoux-artisanaux\/","og_site_name":"Hasparren, commune du Pays Basque","article_modified_time":"2025-12-11T09:44:50+00:00","og_image":[{"width":1500,"height":854,"url":"https:\/\/hasparren.fr\/wp-content\/uploads\/2025\/10\/gabariis-agenda-expo-decembre-Minjou.jpg","type":"image\/jpeg"}],"twitter_card":"summary_large_image","schema":{"@context":"https:\/\/schema.org","@graph":[{"@type":"WebPage","@id":"https:\/\/hasparren.fr\/eu\/evenement\/exposition-bijoux-artisanaux\/","url":"https:\/\/hasparren.fr\/eu\/evenement\/exposition-bijoux-artisanaux\/","name":"Exposition bijoux artisanaux - Hasparren, commune du Pays Basque","isPartOf":{"@id":"https:\/\/hasparren.fr\/#website"},"primaryImageOfPage":{"@id":"https:\/\/hasparren.fr\/eu\/evenement\/exposition-bijoux-artisanaux\/#primaryimage"},"image":{"@id":"https:\/\/hasparren.fr\/eu\/evenement\/exposition-bijoux-artisanaux\/#primaryimage"},"thumbnailUrl":"https:\/\/hasparren.fr\/wp-content\/uploads\/2025\/10\/gabariis-agenda-expo-decembre-Minjou.jpg","datePublished":"2025-10-29T10:58:26+00:00","dateModified":"2025-12-11T09:44:50+00:00","breadcrumb":{"@id":"https:\/\/hasparren.fr\/eu\/evenement\/exposition-bijoux-artisanaux\/#breadcrumb"},"inLanguage":"eu","potentialAction":[{"@type":"ReadAction","target":["https:\/\/hasparren.fr\/eu\/evenement\/exposition-bijoux-artisanaux\/"]}]},{"@type":"ImageObject","inLanguage":"eu","@id":"https:\/\/hasparren.fr\/eu\/evenement\/exposition-bijoux-artisanaux\/#primaryimage","url":"https:\/\/hasparren.fr\/wp-content\/uploads\/2025\/10\/gabariis-agenda-expo-decembre-Minjou.jpg","contentUrl":"https:\/\/hasparren.fr\/wp-content\/uploads\/2025\/10\/gabariis-agenda-expo-decembre-Minjou.jpg","width":1500,"height":854},{"@type":"BreadcrumbList","@id":"https:\/\/hasparren.fr\/eu\/evenement\/exposition-bijoux-artisanaux\/#breadcrumb","itemListElement":[{"@type":"ListItem","position":1,"name":"Accueil","item":"https:\/\/hasparren.fr\/eu\/"},{"@type":"ListItem","position":2,"name":"\u00c9v\u00e8nements","item":"https:\/\/hasparren.fr\/evenements\/"},{"@type":"ListItem","position":3,"name":"Exposition bijoux artisanaux"}]},{"@type":"WebSite","@id":"https:\/\/hasparren.fr\/#website","url":"https:\/\/hasparren.fr\/","name":"Hasparren, commune du Pays Basque","description":"Hasparren, commune du Pays Basque","potentialAction":[{"@type":"SearchAction","target":{"@type":"EntryPoint","urlTemplate":"https:\/\/hasparren.fr\/?s={search_term_string}"},"query-input":{"@type":"PropertyValueSpecification","valueRequired":true,"valueName":"search_term_string"}}],"inLanguage":"eu"}]}},"publishpress_future_workflow_manual_trigger":{"enabledWorkflows":[]},"_links":{"self":[{"href":"https:\/\/hasparren.fr\/eu\/wp-json\/wp\/v2\/tribe_events\/47219","targetHints":{"allow":["GET"]}}],"collection":[{"href":"https:\/\/hasparren.fr\/eu\/wp-json\/wp\/v2\/tribe_events"}],"about":[{"href":"https:\/\/hasparren.fr\/eu\/wp-json\/wp\/v2\/types\/tribe_events"}],"author":[{"embeddable":true,"href":"https:\/\/hasparren.fr\/eu\/wp-json\/wp\/v2\/users\/14"}],"version-history":[{"count":2,"href":"https:\/\/hasparren.fr\/eu\/wp-json\/wp\/v2\/tribe_events\/47219\/revisions"}],"predecessor-version":[{"id":48129,"href":"https:\/\/hasparren.fr\/eu\/wp-json\/wp\/v2\/tribe_events\/47219\/revisions\/48129"}],"wp:featuredmedia":[{"embeddable":true,"href":"https:\/\/hasparren.fr\/eu\/wp-json\/wp\/v2\/media\/48128"}],"wp:attachment":[{"href":"https:\/\/hasparren.fr\/eu\/wp-json\/wp\/v2\/media?parent=47219"}],"wp:term":[{"taxonomy":"post_tag","embeddable":true,"href":"https:\/\/hasparren.fr\/eu\/wp-json\/wp\/v2\/tags?post=47219"},{"taxonomy":"tribe_events_cat","embeddable":true,"href":"https:\/\/hasparren.fr\/eu\/wp-json\/wp\/v2\/tribe_events_cat?post=47219"}],"curies":[{"name":"wp","href":"https:\/\/api.w.org\/{rel}","templated":true}]}}

<p>Exposition bijoux artisanaux du 08 au 14 décembre, présentée par Elodie Minjou, en salle pierre Choribit à Hasparren.</p>
<p>&nbsp;</p>
<p><a href="https://hasparren.fr/wp-content/uploads/2025/10/Affiche-expo-Choribit-scaled.jpg" target="_blank" rel="noopener"><img loading="lazy" decoding="async" class="aligncenter wp-image-48124 size-large" src="https://hasparren.fr/wp-content/uploads/2025/10/Affiche-expo-Choribit-420x600.jpg" alt="" width="420" height="600" srcset="https://hasparren.fr/wp-content/uploads/2025/10/Affiche-expo-Choribit-420x600.jpg 420w, https://hasparren.fr/wp-content/uploads/2025/10/Affiche-expo-Choribit-210x300.jpg 210w, https://hasparren.fr/wp-content/uploads/2025/10/Affiche-expo-Choribit-768x1098.jpg 768w, https://hasparren.fr/wp-content/uploads/2025/10/Affiche-expo-Choribit-1074x1536.jpg 1074w, https://hasparren.fr/wp-content/uploads/2025/10/Affiche-expo-Choribit-1432x2048.jpg 1432w, https://hasparren.fr/wp-content/uploads/2025/10/Affiche-expo-Choribit-scaled.jpg 1790w" sizes="auto, (max-width: 420px) 100vw, 420px" /></a></p>

<p>Exposition bijoux artisanaux du 08 au 14 décembre, présentée par Elodie Minjou, en salle pierre Choribit à Hasparren. &nbsp;</p>

<!-- This site is optimized with the Yoast SEO plugin v27.4 - https://yoast.com/product/yoast-seo-wordpress/ -->
<title>Exposition bijoux artisanaux - Hasparren, commune du Pays Basque</title>
<meta name="robots" content="noindex, follow" />
<meta property="og:locale" content="eu_ES" />
<meta property="og:type" content="article" />
<meta property="og:title" content="Exposition bijoux artisanaux - Hasparren, commune du Pays Basque" />
<meta property="og:description" content="Exposition bijoux artisanaux du 08 au 14 décembre, présentée par Elodie Minjou, en salle pierre Choribit à Hasparren. &nbsp;" />
<meta property="og:url" content="https://hasparren.fr/eu/evenement/exposition-bijoux-artisanaux/" />
<meta property="og:site_name" content="Hasparren, commune du Pays Basque" />
<meta property="article:modified_time" content="2025-12-11T09:44:50+00:00" />
<meta property="og:image" content="https://hasparren.fr/wp-content/uploads/2025/10/gabariis-agenda-expo-decembre-Minjou.jpg" />
	<meta property="og:image:width" content="1500" />
	<meta property="og:image:height" content="854" />
	<meta property="og:image:type" content="image/jpeg" />
<meta name="twitter:card" content="summary_large_image" />
<script type="application/ld+json" class="yoast-schema-graph">{"@context":"https:\/\/schema.org","@graph":[{"@type":"WebPage","@id":"https:\/\/hasparren.fr\/eu\/evenement\/exposition-bijoux-artisanaux\/","url":"https:\/\/hasparren.fr\/eu\/evenement\/exposition-bijoux-artisanaux\/","name":"Exposition bijoux artisanaux - Hasparren, commune du Pays Basque","isPartOf":{"@id":"https:\/\/hasparren.fr\/#website"},"primaryImageOfPage":{"@id":"https:\/\/hasparren.fr\/eu\/evenement\/exposition-bijoux-artisanaux\/#primaryimage"},"image":{"@id":"https:\/\/hasparren.fr\/eu\/evenement\/exposition-bijoux-artisanaux\/#primaryimage"},"thumbnailUrl":"https:\/\/hasparren.fr\/wp-content\/uploads\/2025\/10\/gabariis-agenda-expo-decembre-Minjou.jpg","datePublished":"2025-10-29T10:58:26+00:00","dateModified":"2025-12-11T09:44:50+00:00","breadcrumb":{"@id":"https:\/\/hasparren.fr\/eu\/evenement\/exposition-bijoux-artisanaux\/#breadcrumb"},"inLanguage":"eu","potentialAction":[{"@type":"ReadAction","target":["https:\/\/hasparren.fr\/eu\/evenement\/exposition-bijoux-artisanaux\/"]}]},{"@type":"ImageObject","inLanguage":"eu","@id":"https:\/\/hasparren.fr\/eu\/evenement\/exposition-bijoux-artisanaux\/#primaryimage","url":"https:\/\/hasparren.fr\/wp-content\/uploads\/2025\/10\/gabariis-agenda-expo-decembre-Minjou.jpg","contentUrl":"https:\/\/hasparren.fr\/wp-content\/uploads\/2025\/10\/gabariis-agenda-expo-decembre-Minjou.jpg","width":1500,"height":854},{"@type":"BreadcrumbList","@id":"https:\/\/hasparren.fr\/eu\/evenement\/exposition-bijoux-artisanaux\/#breadcrumb","itemListElement":[{"@type":"ListItem","position":1,"name":"Accueil","item":"https:\/\/hasparren.fr\/eu\/"},{"@type":"ListItem","position":2,"name":"Évènements","item":"https:\/\/hasparren.fr\/evenements\/"},{"@type":"ListItem","position":3,"name":"Exposition bijoux artisanaux"}]},{"@type":"WebSite","@id":"https:\/\/hasparren.fr\/#website","url":"https:\/\/hasparren.fr\/","name":"Hasparren, commune du Pays Basque","description":"Hasparren, commune du Pays Basque","potentialAction":[{"@type":"SearchAction","target":{"@type":"EntryPoint","urlTemplate":"https:\/\/hasparren.fr\/?s={search_term_string}"},"query-input":{"@type":"PropertyValueSpecification","valueRequired":true,"valueName":"search_term_string"}}],"inLanguage":"eu"}]}</script>
<!-- / Yoast SEO plugin. -->

Exposition bijoux artisanaux du 08 au 14 décembre, présentée par Elodie Minjou, en salle pierre Choribit à Hasparren. &nbsp;

Évènements
