{"id":47274,"date":"2025-11-03T12:35:18","date_gmt":"2025-11-03T11:35:18","guid":{"rendered":"https:\/\/hasparren.fr\/evenement\/rencontre-avec-renaud-de-chaumaray\/"},"modified":"2025-11-03T12:35:18","modified_gmt":"2025-11-03T11:35:18","slug":"rencontre-avec-renaud-de-chaumaray","status":"publish","type":"tribe_events","link":"https:\/\/hasparren.fr\/eu\/evenement\/rencontre-avec-renaud-de-chaumaray\/","title":{"rendered":"Rencontre avec Renaud de Chaumaray"},"content":{"rendered":"<p>&nbsp;<\/p>\n<p><b data-olk-copy-source=\"MessageBody\">Le 12 d\u00e9cembre \u00e0 19h<\/b>, la m\u00e9diath\u00e8que Pierre Espil \u00e0 Hasparren et la librairie ET&#8217;ABAR \u00e0 Hasparren vous proposeront de rencontrer l\u2019auteur hazpandar Renaud de Chaumaray autour de son tout dernier roman \u00ab Quitter la vall\u00e9e \u00bb.<\/p>\n<p>&nbsp;<\/p>\n<p><a href=\"https:\/\/hasparren.fr\/wp-content\/uploads\/2025\/11\/De-Chaumaray-400x600.jpg\"><img loading=\"lazy\" decoding=\"async\" class=\"aligncenter size-large wp-image-47269\" src=\"https:\/\/hasparren.fr\/wp-content\/uploads\/2025\/11\/De-Chaumaray-400x600.jpg\" alt=\"\" width=\"400\" height=\"600\" srcset=\"https:\/\/hasparren.fr\/wp-content\/uploads\/2025\/11\/De-Chaumaray-400x600.jpg 400w, https:\/\/hasparren.fr\/wp-content\/uploads\/2025\/11\/De-Chaumaray-200x300.jpg 200w, https:\/\/hasparren.fr\/wp-content\/uploads\/2025\/11\/De-Chaumaray.jpg 700w\" sizes=\"auto, (max-width: 400px) 100vw, 400px\" \/><\/a><\/p>\n<p>&nbsp;<\/p>\n<p>&nbsp;<\/p>\n","protected":false},"excerpt":{"rendered":"<p>&nbsp; Le 12 d\u00e9cembre \u00e0 19h, la m\u00e9diath\u00e8que Pierre Espil \u00e0 Hasparren et la librairie ET&#8217;ABAR \u00e0 Hasparren vous proposeront de rencontrer l\u2019auteur hazpandar Renaud de Chaumaray autour de son [&hellip;]<\/p>\n","protected":false},"author":14,"featured_media":47272,"template":"","meta":{"_acf_changed":false,"cybocfi_hide_featured_image":"","_tribe_events_status":"","_tribe_events_status_reason":"","footnotes":""},"tags":[],"tribe_events_cat":[],"class_list":["post-47274","tribe_events","type-tribe_events","status-publish","has-post-thumbnail","hentry","clearfix"],"acf":[],"yoast_head":"<!-- This site is optimized with the Yoast SEO plugin v27.4 - https:\/\/yoast.com\/product\/yoast-seo-wordpress\/ -->\n<title>Rencontre avec Renaud de Chaumaray - Hasparren, commune du Pays Basque<\/title>\n<meta name=\"robots\" content=\"noindex, follow\" \/>\n<meta property=\"og:locale\" content=\"eu_ES\" \/>\n<meta property=\"og:type\" content=\"article\" \/>\n<meta property=\"og:title\" content=\"Rencontre avec Renaud de Chaumaray - Hasparren, commune du Pays Basque\" \/>\n<meta property=\"og:description\" content=\"&nbsp; Le 12 d\u00e9cembre \u00e0 19h, la m\u00e9diath\u00e8que Pierre Espil \u00e0 Hasparren et la librairie ET&#8217;ABAR \u00e0 Hasparren vous proposeront de rencontrer l\u2019auteur hazpandar Renaud de Chaumaray autour de son [&hellip;]\" \/>\n<meta property=\"og:url\" content=\"https:\/\/hasparren.fr\/eu\/evenement\/rencontre-avec-renaud-de-chaumaray\/\" \/>\n<meta property=\"og:site_name\" content=\"Hasparren, commune du Pays Basque\" \/>\n<meta property=\"og:image\" content=\"https:\/\/hasparren.fr\/wp-content\/uploads\/2025\/11\/De-Chaumaray-400x600.jpg\" \/>\n<meta name=\"twitter:card\" content=\"summary_large_image\" \/>\n<script type=\"application\/ld+json\" class=\"yoast-schema-graph\">{\"@context\":\"https:\\\/\\\/schema.org\",\"@graph\":[{\"@type\":\"WebPage\",\"@id\":\"https:\\\/\\\/hasparren.fr\\\/eu\\\/evenement\\\/rencontre-avec-renaud-de-chaumaray\\\/\",\"url\":\"https:\\\/\\\/hasparren.fr\\\/eu\\\/evenement\\\/rencontre-avec-renaud-de-chaumaray\\\/\",\"name\":\"Rencontre avec Renaud de Chaumaray - Hasparren, commune du Pays Basque\",\"isPartOf\":{\"@id\":\"https:\\\/\\\/hasparren.fr\\\/#website\"},\"primaryImageOfPage\":{\"@id\":\"https:\\\/\\\/hasparren.fr\\\/eu\\\/evenement\\\/rencontre-avec-renaud-de-chaumaray\\\/#primaryimage\"},\"image\":{\"@id\":\"https:\\\/\\\/hasparren.fr\\\/eu\\\/evenement\\\/rencontre-avec-renaud-de-chaumaray\\\/#primaryimage\"},\"thumbnailUrl\":\"https:\\\/\\\/hasparren.fr\\\/wp-content\\\/uploads\\\/2025\\\/11\\\/gabariis-agenda-de-chaumaray.jpg\",\"datePublished\":\"2025-11-03T11:35:18+00:00\",\"breadcrumb\":{\"@id\":\"https:\\\/\\\/hasparren.fr\\\/eu\\\/evenement\\\/rencontre-avec-renaud-de-chaumaray\\\/#breadcrumb\"},\"inLanguage\":\"eu\",\"potentialAction\":[{\"@type\":\"ReadAction\",\"target\":[\"https:\\\/\\\/hasparren.fr\\\/eu\\\/evenement\\\/rencontre-avec-renaud-de-chaumaray\\\/\"]}]},{\"@type\":\"ImageObject\",\"inLanguage\":\"eu\",\"@id\":\"https:\\\/\\\/hasparren.fr\\\/eu\\\/evenement\\\/rencontre-avec-renaud-de-chaumaray\\\/#primaryimage\",\"url\":\"https:\\\/\\\/hasparren.fr\\\/wp-content\\\/uploads\\\/2025\\\/11\\\/gabariis-agenda-de-chaumaray.jpg\",\"contentUrl\":\"https:\\\/\\\/hasparren.fr\\\/wp-content\\\/uploads\\\/2025\\\/11\\\/gabariis-agenda-de-chaumaray.jpg\",\"width\":1500,\"height\":854},{\"@type\":\"BreadcrumbList\",\"@id\":\"https:\\\/\\\/hasparren.fr\\\/eu\\\/evenement\\\/rencontre-avec-renaud-de-chaumaray\\\/#breadcrumb\",\"itemListElement\":[{\"@type\":\"ListItem\",\"position\":1,\"name\":\"Accueil\",\"item\":\"https:\\\/\\\/hasparren.fr\\\/eu\\\/\"},{\"@type\":\"ListItem\",\"position\":2,\"name\":\"\u00c9v\u00e8nements\",\"item\":\"https:\\\/\\\/hasparren.fr\\\/evenements\\\/\"},{\"@type\":\"ListItem\",\"position\":3,\"name\":\"Rencontre avec Renaud de Chaumaray\"}]},{\"@type\":\"WebSite\",\"@id\":\"https:\\\/\\\/hasparren.fr\\\/#website\",\"url\":\"https:\\\/\\\/hasparren.fr\\\/\",\"name\":\"Hasparren, commune du Pays Basque\",\"description\":\"Hasparren, commune du Pays Basque\",\"potentialAction\":[{\"@type\":\"SearchAction\",\"target\":{\"@type\":\"EntryPoint\",\"urlTemplate\":\"https:\\\/\\\/hasparren.fr\\\/?s={search_term_string}\"},\"query-input\":{\"@type\":\"PropertyValueSpecification\",\"valueRequired\":true,\"valueName\":\"search_term_string\"}}],\"inLanguage\":\"eu\"}]}<\/script>\n<!-- \/ Yoast SEO plugin. -->","yoast_head_json":{"title":"Rencontre avec Renaud de Chaumaray - Hasparren, commune du Pays Basque","robots":{"index":"noindex","follow":"follow"},"og_locale":"eu_ES","og_type":"article","og_title":"Rencontre avec Renaud de Chaumaray - Hasparren, commune du Pays Basque","og_description":"&nbsp; Le 12 d\u00e9cembre \u00e0 19h, la m\u00e9diath\u00e8que Pierre Espil \u00e0 Hasparren et la librairie ET&#8217;ABAR \u00e0 Hasparren vous proposeront de rencontrer l\u2019auteur hazpandar Renaud de Chaumaray autour de son [&hellip;]","og_url":"https:\/\/hasparren.fr\/eu\/evenement\/rencontre-avec-renaud-de-chaumaray\/","og_site_name":"Hasparren, commune du Pays Basque","og_image":[{"url":"https:\/\/hasparren.fr\/wp-content\/uploads\/2025\/11\/De-Chaumaray-400x600.jpg","type":"","width":"","height":""}],"twitter_card":"summary_large_image","schema":{"@context":"https:\/\/schema.org","@graph":[{"@type":"WebPage","@id":"https:\/\/hasparren.fr\/eu\/evenement\/rencontre-avec-renaud-de-chaumaray\/","url":"https:\/\/hasparren.fr\/eu\/evenement\/rencontre-avec-renaud-de-chaumaray\/","name":"Rencontre avec Renaud de Chaumaray - Hasparren, commune du Pays Basque","isPartOf":{"@id":"https:\/\/hasparren.fr\/#website"},"primaryImageOfPage":{"@id":"https:\/\/hasparren.fr\/eu\/evenement\/rencontre-avec-renaud-de-chaumaray\/#primaryimage"},"image":{"@id":"https:\/\/hasparren.fr\/eu\/evenement\/rencontre-avec-renaud-de-chaumaray\/#primaryimage"},"thumbnailUrl":"https:\/\/hasparren.fr\/wp-content\/uploads\/2025\/11\/gabariis-agenda-de-chaumaray.jpg","datePublished":"2025-11-03T11:35:18+00:00","breadcrumb":{"@id":"https:\/\/hasparren.fr\/eu\/evenement\/rencontre-avec-renaud-de-chaumaray\/#breadcrumb"},"inLanguage":"eu","potentialAction":[{"@type":"ReadAction","target":["https:\/\/hasparren.fr\/eu\/evenement\/rencontre-avec-renaud-de-chaumaray\/"]}]},{"@type":"ImageObject","inLanguage":"eu","@id":"https:\/\/hasparren.fr\/eu\/evenement\/rencontre-avec-renaud-de-chaumaray\/#primaryimage","url":"https:\/\/hasparren.fr\/wp-content\/uploads\/2025\/11\/gabariis-agenda-de-chaumaray.jpg","contentUrl":"https:\/\/hasparren.fr\/wp-content\/uploads\/2025\/11\/gabariis-agenda-de-chaumaray.jpg","width":1500,"height":854},{"@type":"BreadcrumbList","@id":"https:\/\/hasparren.fr\/eu\/evenement\/rencontre-avec-renaud-de-chaumaray\/#breadcrumb","itemListElement":[{"@type":"ListItem","position":1,"name":"Accueil","item":"https:\/\/hasparren.fr\/eu\/"},{"@type":"ListItem","position":2,"name":"\u00c9v\u00e8nements","item":"https:\/\/hasparren.fr\/evenements\/"},{"@type":"ListItem","position":3,"name":"Rencontre avec Renaud de Chaumaray"}]},{"@type":"WebSite","@id":"https:\/\/hasparren.fr\/#website","url":"https:\/\/hasparren.fr\/","name":"Hasparren, commune du Pays Basque","description":"Hasparren, commune du Pays Basque","potentialAction":[{"@type":"SearchAction","target":{"@type":"EntryPoint","urlTemplate":"https:\/\/hasparren.fr\/?s={search_term_string}"},"query-input":{"@type":"PropertyValueSpecification","valueRequired":true,"valueName":"search_term_string"}}],"inLanguage":"eu"}]}},"publishpress_future_workflow_manual_trigger":{"enabledWorkflows":[]},"_links":{"self":[{"href":"https:\/\/hasparren.fr\/eu\/wp-json\/wp\/v2\/tribe_events\/47274","targetHints":{"allow":["GET"]}}],"collection":[{"href":"https:\/\/hasparren.fr\/eu\/wp-json\/wp\/v2\/tribe_events"}],"about":[{"href":"https:\/\/hasparren.fr\/eu\/wp-json\/wp\/v2\/types\/tribe_events"}],"author":[{"embeddable":true,"href":"https:\/\/hasparren.fr\/eu\/wp-json\/wp\/v2\/users\/14"}],"version-history":[{"count":0,"href":"https:\/\/hasparren.fr\/eu\/wp-json\/wp\/v2\/tribe_events\/47274\/revisions"}],"wp:featuredmedia":[{"embeddable":true,"href":"https:\/\/hasparren.fr\/eu\/wp-json\/wp\/v2\/media\/47272"}],"wp:attachment":[{"href":"https:\/\/hasparren.fr\/eu\/wp-json\/wp\/v2\/media?parent=47274"}],"wp:term":[{"taxonomy":"post_tag","embeddable":true,"href":"https:\/\/hasparren.fr\/eu\/wp-json\/wp\/v2\/tags?post=47274"},{"taxonomy":"tribe_events_cat","embeddable":true,"href":"https:\/\/hasparren.fr\/eu\/wp-json\/wp\/v2\/tribe_events_cat?post=47274"}],"curies":[{"name":"wp","href":"https:\/\/api.w.org\/{rel}","templated":true}]}}

<p>&nbsp;</p>
<p><b data-olk-copy-source="MessageBody">Le 12 décembre à 19h</b>, la médiathèque Pierre Espil à Hasparren et la librairie ET&#8217;ABAR à Hasparren vous proposeront de rencontrer l’auteur hazpandar Renaud de Chaumaray autour de son tout dernier roman « Quitter la vallée ».</p>
<p>&nbsp;</p>
<p><a href="https://hasparren.fr/wp-content/uploads/2025/11/De-Chaumaray-400x600.jpg"><img loading="lazy" decoding="async" class="aligncenter size-large wp-image-47269" src="https://hasparren.fr/wp-content/uploads/2025/11/De-Chaumaray-400x600.jpg" alt="" width="400" height="600" srcset="https://hasparren.fr/wp-content/uploads/2025/11/De-Chaumaray-400x600.jpg 400w, https://hasparren.fr/wp-content/uploads/2025/11/De-Chaumaray-200x300.jpg 200w, https://hasparren.fr/wp-content/uploads/2025/11/De-Chaumaray.jpg 700w" sizes="auto, (max-width: 400px) 100vw, 400px" /></a></p>
<p>&nbsp;</p>
<p>&nbsp;</p>

<p>&nbsp; Le 12 décembre à 19h, la médiathèque Pierre Espil à Hasparren et la librairie ET&#8217;ABAR à Hasparren vous proposeront de rencontrer l’auteur hazpandar Renaud de Chaumaray autour de son [&hellip;]</p>

<!-- This site is optimized with the Yoast SEO plugin v27.4 - https://yoast.com/product/yoast-seo-wordpress/ -->
<title>Rencontre avec Renaud de Chaumaray - Hasparren, commune du Pays Basque</title>
<meta name="robots" content="noindex, follow" />
<meta property="og:locale" content="eu_ES" />
<meta property="og:type" content="article" />
<meta property="og:title" content="Rencontre avec Renaud de Chaumaray - Hasparren, commune du Pays Basque" />
<meta property="og:description" content="&nbsp; Le 12 décembre à 19h, la médiathèque Pierre Espil à Hasparren et la librairie ET&#8217;ABAR à Hasparren vous proposeront de rencontrer l’auteur hazpandar Renaud de Chaumaray autour de son [&hellip;]" />
<meta property="og:url" content="https://hasparren.fr/eu/evenement/rencontre-avec-renaud-de-chaumaray/" />
<meta property="og:site_name" content="Hasparren, commune du Pays Basque" />
<meta property="og:image" content="https://hasparren.fr/wp-content/uploads/2025/11/De-Chaumaray-400x600.jpg" />
<meta name="twitter:card" content="summary_large_image" />
<script type="application/ld+json" class="yoast-schema-graph">{"@context":"https:\/\/schema.org","@graph":[{"@type":"WebPage","@id":"https:\/\/hasparren.fr\/eu\/evenement\/rencontre-avec-renaud-de-chaumaray\/","url":"https:\/\/hasparren.fr\/eu\/evenement\/rencontre-avec-renaud-de-chaumaray\/","name":"Rencontre avec Renaud de Chaumaray - Hasparren, commune du Pays Basque","isPartOf":{"@id":"https:\/\/hasparren.fr\/#website"},"primaryImageOfPage":{"@id":"https:\/\/hasparren.fr\/eu\/evenement\/rencontre-avec-renaud-de-chaumaray\/#primaryimage"},"image":{"@id":"https:\/\/hasparren.fr\/eu\/evenement\/rencontre-avec-renaud-de-chaumaray\/#primaryimage"},"thumbnailUrl":"https:\/\/hasparren.fr\/wp-content\/uploads\/2025\/11\/gabariis-agenda-de-chaumaray.jpg","datePublished":"2025-11-03T11:35:18+00:00","breadcrumb":{"@id":"https:\/\/hasparren.fr\/eu\/evenement\/rencontre-avec-renaud-de-chaumaray\/#breadcrumb"},"inLanguage":"eu","potentialAction":[{"@type":"ReadAction","target":["https:\/\/hasparren.fr\/eu\/evenement\/rencontre-avec-renaud-de-chaumaray\/"]}]},{"@type":"ImageObject","inLanguage":"eu","@id":"https:\/\/hasparren.fr\/eu\/evenement\/rencontre-avec-renaud-de-chaumaray\/#primaryimage","url":"https:\/\/hasparren.fr\/wp-content\/uploads\/2025\/11\/gabariis-agenda-de-chaumaray.jpg","contentUrl":"https:\/\/hasparren.fr\/wp-content\/uploads\/2025\/11\/gabariis-agenda-de-chaumaray.jpg","width":1500,"height":854},{"@type":"BreadcrumbList","@id":"https:\/\/hasparren.fr\/eu\/evenement\/rencontre-avec-renaud-de-chaumaray\/#breadcrumb","itemListElement":[{"@type":"ListItem","position":1,"name":"Accueil","item":"https:\/\/hasparren.fr\/eu\/"},{"@type":"ListItem","position":2,"name":"Évènements","item":"https:\/\/hasparren.fr\/evenements\/"},{"@type":"ListItem","position":3,"name":"Rencontre avec Renaud de Chaumaray"}]},{"@type":"WebSite","@id":"https:\/\/hasparren.fr\/#website","url":"https:\/\/hasparren.fr\/","name":"Hasparren, commune du Pays Basque","description":"Hasparren, commune du Pays Basque","potentialAction":[{"@type":"SearchAction","target":{"@type":"EntryPoint","urlTemplate":"https:\/\/hasparren.fr\/?s={search_term_string}"},"query-input":{"@type":"PropertyValueSpecification","valueRequired":true,"valueName":"search_term_string"}}],"inLanguage":"eu"}]}</script>
<!-- / Yoast SEO plugin. -->

&nbsp; Le 12 décembre à 19h, la médiathèque Pierre Espil à Hasparren et la librairie ET&#8217;ABAR à Hasparren vous proposeront de rencontrer l’auteur hazpandar Renaud de Chaumaray autour de son [&hellip;]

Évènements
