{"id":47667,"date":"2025-11-25T17:40:09","date_gmt":"2025-11-25T16:40:09","guid":{"rendered":"https:\/\/hasparren.fr\/evenement\/vide-grenier-marche-des-createurs\/"},"modified":"2026-03-16T14:35:58","modified_gmt":"2026-03-16T13:35:58","slug":"vide-grenier-marche-des-createurs","status":"publish","type":"tribe_events","link":"https:\/\/hasparren.fr\/eu\/evenement\/vide-grenier-marche-des-createurs\/","title":{"rendered":"Vide-grenier \/ March\u00e9 des cr\u00e9ateurs"},"content":{"rendered":"<p>Vide-grenier \u00e0 l&#8217;ext\u00e9rieur\u00a0 et march\u00e9 des cr\u00e9ateurs couvert toute la journ\u00e9e organis\u00e9 par le Hasparren Basket Club \u00e0 la salle Harana.<br \/>\nBuvette et restauration sur place<\/p>\n<p>Renseignements et inscriptions dans la limite des places disponibles : <a href=\"mailto:hbc.zarean@gmail.com\">hbc.zarean@gmail.com<\/a><\/p>\n<p><img loading=\"lazy\" decoding=\"async\" class=\"alignnone size-medium wp-image-48634\" src=\"https:\/\/hasparren.fr\/wp-content\/uploads\/2025\/11\/WhatsApp-Image-2026-02-17-at-12.59.32-212x300.jpeg\" alt=\"\" width=\"212\" height=\"300\" srcset=\"https:\/\/hasparren.fr\/wp-content\/uploads\/2025\/11\/WhatsApp-Image-2026-02-17-at-12.59.32-212x300.jpeg 212w, https:\/\/hasparren.fr\/wp-content\/uploads\/2025\/11\/WhatsApp-Image-2026-02-17-at-12.59.32-424x600.jpeg 424w, https:\/\/hasparren.fr\/wp-content\/uploads\/2025\/11\/WhatsApp-Image-2026-02-17-at-12.59.32.jpeg 707w\" sizes=\"auto, (max-width: 212px) 100vw, 212px\" \/><\/p>\n","protected":false},"excerpt":{"rendered":"<p>Vide-grenier \u00e0 l&#8217;ext\u00e9rieur\u00a0 et march\u00e9 des cr\u00e9ateurs couvert toute la journ\u00e9e organis\u00e9 par le Hasparren Basket Club \u00e0 la salle Harana. Buvette et restauration sur place Renseignements et inscriptions dans [&hellip;]<\/p>\n","protected":false},"author":14,"featured_media":48635,"template":"","meta":{"_acf_changed":false,"cybocfi_hide_featured_image":"yes","_tribe_events_status":"","_tribe_events_status_reason":"","footnotes":""},"tags":[],"tribe_events_cat":[],"class_list":["post-47667","tribe_events","type-tribe_events","status-publish","has-post-thumbnail","hentry","clearfix"],"acf":[],"yoast_head":"<!-- This site is optimized with the Yoast SEO plugin v27.5 - https:\/\/yoast.com\/product\/yoast-seo-wordpress\/ -->\n<title>Vide-grenier \/ March\u00e9 des cr\u00e9ateurs - Hasparren, commune du Pays Basque<\/title>\n<meta name=\"robots\" content=\"noindex, follow\" \/>\n<meta property=\"og:locale\" content=\"eu_ES\" \/>\n<meta property=\"og:type\" content=\"article\" \/>\n<meta property=\"og:title\" content=\"Vide-grenier \/ March\u00e9 des cr\u00e9ateurs - Hasparren, commune du Pays Basque\" \/>\n<meta property=\"og:description\" content=\"Vide-grenier \u00e0 l&#8217;ext\u00e9rieur\u00a0 et march\u00e9 des cr\u00e9ateurs couvert toute la journ\u00e9e organis\u00e9 par le Hasparren Basket Club \u00e0 la salle Harana. Buvette et restauration sur place Renseignements et inscriptions dans [&hellip;]\" \/>\n<meta property=\"og:url\" content=\"https:\/\/hasparren.fr\/eu\/evenement\/vide-grenier-marche-des-createurs\/\" \/>\n<meta property=\"og:site_name\" content=\"Hasparren, commune du Pays Basque\" \/>\n<meta property=\"article:modified_time\" content=\"2026-03-16T13:35:58+00:00\" \/>\n<meta property=\"og:image\" content=\"https:\/\/hasparren.fr\/wp-content\/uploads\/2025\/11\/WhatsApp-Image-2026-02-17-at-12.59.32.jpeg\" \/>\n\t<meta property=\"og:image:width\" content=\"707\" \/>\n\t<meta property=\"og:image:height\" content=\"1000\" \/>\n\t<meta property=\"og:image:type\" content=\"image\/jpeg\" \/>\n<meta name=\"twitter:card\" content=\"summary_large_image\" \/>\n<script type=\"application\/ld+json\" class=\"yoast-schema-graph\">{\"@context\":\"https:\\\/\\\/schema.org\",\"@graph\":[{\"@type\":\"WebPage\",\"@id\":\"https:\\\/\\\/hasparren.fr\\\/eu\\\/evenement\\\/vide-grenier-marche-des-createurs\\\/\",\"url\":\"https:\\\/\\\/hasparren.fr\\\/eu\\\/evenement\\\/vide-grenier-marche-des-createurs\\\/\",\"name\":\"Vide-grenier \\\/ March\u00e9 des cr\u00e9ateurs - Hasparren, commune du Pays Basque\",\"isPartOf\":{\"@id\":\"https:\\\/\\\/hasparren.fr\\\/#website\"},\"primaryImageOfPage\":{\"@id\":\"https:\\\/\\\/hasparren.fr\\\/eu\\\/evenement\\\/vide-grenier-marche-des-createurs\\\/#primaryimage\"},\"image\":{\"@id\":\"https:\\\/\\\/hasparren.fr\\\/eu\\\/evenement\\\/vide-grenier-marche-des-createurs\\\/#primaryimage\"},\"thumbnailUrl\":\"https:\\\/\\\/hasparren.fr\\\/wp-content\\\/uploads\\\/2025\\\/11\\\/WhatsApp-Image-2026-02-17-at-12.59.32.jpeg\",\"datePublished\":\"2025-11-25T16:40:09+00:00\",\"dateModified\":\"2026-03-16T13:35:58+00:00\",\"breadcrumb\":{\"@id\":\"https:\\\/\\\/hasparren.fr\\\/eu\\\/evenement\\\/vide-grenier-marche-des-createurs\\\/#breadcrumb\"},\"inLanguage\":\"eu\",\"potentialAction\":[{\"@type\":\"ReadAction\",\"target\":[\"https:\\\/\\\/hasparren.fr\\\/eu\\\/evenement\\\/vide-grenier-marche-des-createurs\\\/\"]}]},{\"@type\":\"BreadcrumbList\",\"@id\":\"https:\\\/\\\/hasparren.fr\\\/eu\\\/evenement\\\/vide-grenier-marche-des-createurs\\\/#breadcrumb\",\"itemListElement\":[{\"@type\":\"ListItem\",\"position\":1,\"name\":\"Accueil\",\"item\":\"https:\\\/\\\/hasparren.fr\\\/eu\\\/\"},{\"@type\":\"ListItem\",\"position\":2,\"name\":\"\u00c9v\u00e8nements\",\"item\":\"https:\\\/\\\/hasparren.fr\\\/evenements\\\/\"},{\"@type\":\"ListItem\",\"position\":3,\"name\":\"Vide-grenier \\\/ March\u00e9 des cr\u00e9ateurs\"}]},{\"@type\":\"WebSite\",\"@id\":\"https:\\\/\\\/hasparren.fr\\\/#website\",\"url\":\"https:\\\/\\\/hasparren.fr\\\/\",\"name\":\"Hasparren, commune du Pays Basque\",\"description\":\"Hasparren, commune du Pays Basque\",\"potentialAction\":[{\"@type\":\"SearchAction\",\"target\":{\"@type\":\"EntryPoint\",\"urlTemplate\":\"https:\\\/\\\/hasparren.fr\\\/?s={search_term_string}\"},\"query-input\":{\"@type\":\"PropertyValueSpecification\",\"valueRequired\":true,\"valueName\":\"search_term_string\"}}],\"inLanguage\":\"eu\"}]}<\/script>\n<!-- \/ Yoast SEO plugin. -->","yoast_head_json":{"title":"Vide-grenier \/ March\u00e9 des cr\u00e9ateurs - Hasparren, commune du Pays Basque","robots":{"index":"noindex","follow":"follow"},"og_locale":"eu_ES","og_type":"article","og_title":"Vide-grenier \/ March\u00e9 des cr\u00e9ateurs - Hasparren, commune du Pays Basque","og_description":"Vide-grenier \u00e0 l&#8217;ext\u00e9rieur\u00a0 et march\u00e9 des cr\u00e9ateurs couvert toute la journ\u00e9e organis\u00e9 par le Hasparren Basket Club \u00e0 la salle Harana. Buvette et restauration sur place Renseignements et inscriptions dans [&hellip;]","og_url":"https:\/\/hasparren.fr\/eu\/evenement\/vide-grenier-marche-des-createurs\/","og_site_name":"Hasparren, commune du Pays Basque","article_modified_time":"2026-03-16T13:35:58+00:00","og_image":[{"width":707,"height":1000,"url":"https:\/\/hasparren.fr\/wp-content\/uploads\/2025\/11\/WhatsApp-Image-2026-02-17-at-12.59.32.jpeg","type":"image\/jpeg"}],"twitter_card":"summary_large_image","schema":{"@context":"https:\/\/schema.org","@graph":[{"@type":"WebPage","@id":"https:\/\/hasparren.fr\/eu\/evenement\/vide-grenier-marche-des-createurs\/","url":"https:\/\/hasparren.fr\/eu\/evenement\/vide-grenier-marche-des-createurs\/","name":"Vide-grenier \/ March\u00e9 des cr\u00e9ateurs - Hasparren, commune du Pays Basque","isPartOf":{"@id":"https:\/\/hasparren.fr\/#website"},"primaryImageOfPage":{"@id":"https:\/\/hasparren.fr\/eu\/evenement\/vide-grenier-marche-des-createurs\/#primaryimage"},"image":{"@id":"https:\/\/hasparren.fr\/eu\/evenement\/vide-grenier-marche-des-createurs\/#primaryimage"},"thumbnailUrl":"https:\/\/hasparren.fr\/wp-content\/uploads\/2025\/11\/WhatsApp-Image-2026-02-17-at-12.59.32.jpeg","datePublished":"2025-11-25T16:40:09+00:00","dateModified":"2026-03-16T13:35:58+00:00","breadcrumb":{"@id":"https:\/\/hasparren.fr\/eu\/evenement\/vide-grenier-marche-des-createurs\/#breadcrumb"},"inLanguage":"eu","potentialAction":[{"@type":"ReadAction","target":["https:\/\/hasparren.fr\/eu\/evenement\/vide-grenier-marche-des-createurs\/"]}]},{"@type":"BreadcrumbList","@id":"https:\/\/hasparren.fr\/eu\/evenement\/vide-grenier-marche-des-createurs\/#breadcrumb","itemListElement":[{"@type":"ListItem","position":1,"name":"Accueil","item":"https:\/\/hasparren.fr\/eu\/"},{"@type":"ListItem","position":2,"name":"\u00c9v\u00e8nements","item":"https:\/\/hasparren.fr\/evenements\/"},{"@type":"ListItem","position":3,"name":"Vide-grenier \/ March\u00e9 des cr\u00e9ateurs"}]},{"@type":"WebSite","@id":"https:\/\/hasparren.fr\/#website","url":"https:\/\/hasparren.fr\/","name":"Hasparren, commune du Pays Basque","description":"Hasparren, commune du Pays Basque","potentialAction":[{"@type":"SearchAction","target":{"@type":"EntryPoint","urlTemplate":"https:\/\/hasparren.fr\/?s={search_term_string}"},"query-input":{"@type":"PropertyValueSpecification","valueRequired":true,"valueName":"search_term_string"}}],"inLanguage":"eu"}]}},"publishpress_future_workflow_manual_trigger":{"enabledWorkflows":[]},"_links":{"self":[{"href":"https:\/\/hasparren.fr\/eu\/wp-json\/wp\/v2\/tribe_events\/47667","targetHints":{"allow":["GET"]}}],"collection":[{"href":"https:\/\/hasparren.fr\/eu\/wp-json\/wp\/v2\/tribe_events"}],"about":[{"href":"https:\/\/hasparren.fr\/eu\/wp-json\/wp\/v2\/types\/tribe_events"}],"author":[{"embeddable":true,"href":"https:\/\/hasparren.fr\/eu\/wp-json\/wp\/v2\/users\/14"}],"version-history":[{"count":4,"href":"https:\/\/hasparren.fr\/eu\/wp-json\/wp\/v2\/tribe_events\/47667\/revisions"}],"predecessor-version":[{"id":49017,"href":"https:\/\/hasparren.fr\/eu\/wp-json\/wp\/v2\/tribe_events\/47667\/revisions\/49017"}],"wp:featuredmedia":[{"embeddable":true,"href":"https:\/\/hasparren.fr\/eu\/wp-json\/wp\/v2\/media\/48635"}],"wp:attachment":[{"href":"https:\/\/hasparren.fr\/eu\/wp-json\/wp\/v2\/media?parent=47667"}],"wp:term":[{"taxonomy":"post_tag","embeddable":true,"href":"https:\/\/hasparren.fr\/eu\/wp-json\/wp\/v2\/tags?post=47667"},{"taxonomy":"tribe_events_cat","embeddable":true,"href":"https:\/\/hasparren.fr\/eu\/wp-json\/wp\/v2\/tribe_events_cat?post=47667"}],"curies":[{"name":"wp","href":"https:\/\/api.w.org\/{rel}","templated":true}]}}

Vide-grenier / Marché des créateurs

<p>Vide-grenier à l&#8217;extérieur  et marché des créateurs couvert toute la journée organisé par le Hasparren Basket Club à la salle Harana.<br />
Buvette et restauration sur place</p>
<p>Renseignements et inscriptions dans la limite des places disponibles : <a href="mailto:hbc.zarean@gmail.com">hbc.zarean@gmail.com</a></p>
<p><img loading="lazy" decoding="async" class="alignnone size-medium wp-image-48634" src="https://hasparren.fr/wp-content/uploads/2025/11/WhatsApp-Image-2026-02-17-at-12.59.32-212x300.jpeg" alt="" width="212" height="300" srcset="https://hasparren.fr/wp-content/uploads/2025/11/WhatsApp-Image-2026-02-17-at-12.59.32-212x300.jpeg 212w, https://hasparren.fr/wp-content/uploads/2025/11/WhatsApp-Image-2026-02-17-at-12.59.32-424x600.jpeg 424w, https://hasparren.fr/wp-content/uploads/2025/11/WhatsApp-Image-2026-02-17-at-12.59.32.jpeg 707w" sizes="auto, (max-width: 212px) 100vw, 212px" /></p>

<p>Vide-grenier à l&#8217;extérieur  et marché des créateurs couvert toute la journée organisé par le Hasparren Basket Club à la salle Harana. Buvette et restauration sur place Renseignements et inscriptions dans [&hellip;]</p>

<!-- This site is optimized with the Yoast SEO plugin v27.5 - https://yoast.com/product/yoast-seo-wordpress/ -->
<title>Vide-grenier / Marché des créateurs - Hasparren, commune du Pays Basque</title>
<meta name="robots" content="noindex, follow" />
<meta property="og:locale" content="eu_ES" />
<meta property="og:type" content="article" />
<meta property="og:title" content="Vide-grenier / Marché des créateurs - Hasparren, commune du Pays Basque" />
<meta property="og:description" content="Vide-grenier à l&#8217;extérieur  et marché des créateurs couvert toute la journée organisé par le Hasparren Basket Club à la salle Harana. Buvette et restauration sur place Renseignements et inscriptions dans [&hellip;]" />
<meta property="og:url" content="https://hasparren.fr/eu/evenement/vide-grenier-marche-des-createurs/" />
<meta property="og:site_name" content="Hasparren, commune du Pays Basque" />
<meta property="article:modified_time" content="2026-03-16T13:35:58+00:00" />
<meta property="og:image" content="https://hasparren.fr/wp-content/uploads/2025/11/WhatsApp-Image-2026-02-17-at-12.59.32.jpeg" />
	<meta property="og:image:width" content="707" />
	<meta property="og:image:height" content="1000" />
	<meta property="og:image:type" content="image/jpeg" />
<meta name="twitter:card" content="summary_large_image" />
<script type="application/ld+json" class="yoast-schema-graph">{"@context":"https:\/\/schema.org","@graph":[{"@type":"WebPage","@id":"https:\/\/hasparren.fr\/eu\/evenement\/vide-grenier-marche-des-createurs\/","url":"https:\/\/hasparren.fr\/eu\/evenement\/vide-grenier-marche-des-createurs\/","name":"Vide-grenier \/ Marché des créateurs - Hasparren, commune du Pays Basque","isPartOf":{"@id":"https:\/\/hasparren.fr\/#website"},"primaryImageOfPage":{"@id":"https:\/\/hasparren.fr\/eu\/evenement\/vide-grenier-marche-des-createurs\/#primaryimage"},"image":{"@id":"https:\/\/hasparren.fr\/eu\/evenement\/vide-grenier-marche-des-createurs\/#primaryimage"},"thumbnailUrl":"https:\/\/hasparren.fr\/wp-content\/uploads\/2025\/11\/WhatsApp-Image-2026-02-17-at-12.59.32.jpeg","datePublished":"2025-11-25T16:40:09+00:00","dateModified":"2026-03-16T13:35:58+00:00","breadcrumb":{"@id":"https:\/\/hasparren.fr\/eu\/evenement\/vide-grenier-marche-des-createurs\/#breadcrumb"},"inLanguage":"eu","potentialAction":[{"@type":"ReadAction","target":["https:\/\/hasparren.fr\/eu\/evenement\/vide-grenier-marche-des-createurs\/"]}]},{"@type":"BreadcrumbList","@id":"https:\/\/hasparren.fr\/eu\/evenement\/vide-grenier-marche-des-createurs\/#breadcrumb","itemListElement":[{"@type":"ListItem","position":1,"name":"Accueil","item":"https:\/\/hasparren.fr\/eu\/"},{"@type":"ListItem","position":2,"name":"Évènements","item":"https:\/\/hasparren.fr\/evenements\/"},{"@type":"ListItem","position":3,"name":"Vide-grenier \/ Marché des créateurs"}]},{"@type":"WebSite","@id":"https:\/\/hasparren.fr\/#website","url":"https:\/\/hasparren.fr\/","name":"Hasparren, commune du Pays Basque","description":"Hasparren, commune du Pays Basque","potentialAction":[{"@type":"SearchAction","target":{"@type":"EntryPoint","urlTemplate":"https:\/\/hasparren.fr\/?s={search_term_string}"},"query-input":{"@type":"PropertyValueSpecification","valueRequired":true,"valueName":"search_term_string"}}],"inLanguage":"eu"}]}</script>
<!-- / Yoast SEO plugin. -->

Vide-grenier / Marché des créateurs - Hasparren, commune du Pays Basque

Vide-grenier à l&#8217;extérieur  et marché des créateurs couvert toute la journée organisé par le Hasparren Basket Club à la salle Harana. Buvette et restauration sur place Renseignements et inscriptions dans [&hellip;]

Évènements
