{"id":48082,"date":"2025-11-25T15:15:57","date_gmt":"2025-11-25T14:15:57","guid":{"rendered":"https:\/\/hasparren.fr\/evenement\/ihauteriak-carnaval-avec-defile\/"},"modified":"2026-02-06T11:26:34","modified_gmt":"2026-02-06T10:26:34","slug":"ihauteriak-carnaval-avec-defile","status":"publish","type":"tribe_events","link":"https:\/\/hasparren.fr\/eu\/evenement\/ihauteriak-carnaval-avec-defile\/","title":{"rendered":"Hazparneko Ihauteriak \/ Carnaval avec d\u00e9fil\u00e9"},"content":{"rendered":"<p>Samedi 7 f\u00e9vrier, d\u00e8s 15h30, retrouv\u00e9 le d\u00e9fil\u00e9 du carnaval et les Joaldunak dans les rues de la ville.<\/p>\n<p><span data-contrast=\"auto\">Pr\u00e9parez vos costumes, vos confettis et votre bonne humeur\u00a0<\/span><\/p>\n<p><span data-contrast=\"auto\">\ud83d\udccd\u00a0D\u00e9part :\u00a0Place du Labourd<\/span>\u00a0<br \/>\n<span data-contrast=\"auto\">\u23f0\u00a0Heure :\u00a015h30<\/span>\u00a0<br \/>\n<span data-contrast=\"auto\">\ud83c\udf89 Venez\u00a0d\u00e9guis\u00e9s\u00a0pour participer au traditionnel d\u00e9fil\u00e9 !<\/span><span data-ccp-props=\"{&quot;134233117&quot;:false,&quot;134233118&quot;:false,&quot;335551550&quot;:0,&quot;335551620&quot;:0,&quot;335559738&quot;:240,&quot;335559739&quot;:240}\">\u00a0<\/span><\/p>\n<p><span data-contrast=\"auto\">Le cort\u00e8ge sera compos\u00e9 de parents et d\u2019enfants, des\u00a0joaldun, des g\u00e9ants, des musiciens,\u00a0sous oublier\u2026 Zan\u00a0Pantzar, qui sera jug\u00e9 \u00e0 la fin du d\u00e9fil\u00e9 sur la place Harana.<\/span><span data-ccp-props=\"{&quot;134233117&quot;:false,&quot;134233118&quot;:false,&quot;335551550&quot;:0,&quot;335551620&quot;:0,&quot;335559738&quot;:240,&quot;335559739&quot;:240}\">\u00a0<\/span><\/p>\n<p>&nbsp;<\/p>\n<p>&nbsp;<\/p>\n<p><a href=\"https:\/\/hasparren.fr\/wp-content\/uploads\/2025\/11\/Ihauteri-2026-afitxa-424x600.jpg\" target=\"_blank\" rel=\"noopener\"><img loading=\"lazy\" decoding=\"async\" class=\"aligncenter wp-image-48279 size-large\" src=\"https:\/\/hasparren.fr\/wp-content\/uploads\/2025\/11\/Ihauteri-2026-afitxa-424x600.jpg\" alt=\"\" width=\"424\" height=\"600\" srcset=\"https:\/\/hasparren.fr\/wp-content\/uploads\/2025\/11\/Ihauteri-2026-afitxa-424x600.jpg 424w, https:\/\/hasparren.fr\/wp-content\/uploads\/2025\/11\/Ihauteri-2026-afitxa-212x300.jpg 212w, https:\/\/hasparren.fr\/wp-content\/uploads\/2025\/11\/Ihauteri-2026-afitxa-768x1086.jpg 768w, https:\/\/hasparren.fr\/wp-content\/uploads\/2025\/11\/Ihauteri-2026-afitxa-1086x1536.jpg 1086w, https:\/\/hasparren.fr\/wp-content\/uploads\/2025\/11\/Ihauteri-2026-afitxa.jpg 1191w\" sizes=\"auto, (max-width: 424px) 100vw, 424px\" \/><\/a><\/p>\n","protected":false},"excerpt":{"rendered":"<p>Samedi 7 f\u00e9vrier, d\u00e8s 15h30, retrouv\u00e9 le d\u00e9fil\u00e9 du carnaval et les Joaldunak dans les rues de la ville. Pr\u00e9parez vos costumes, vos confettis et votre bonne humeur\u00a0 \ud83d\udccd\u00a0D\u00e9part :\u00a0Place [&hellip;]<\/p>\n","protected":false},"author":14,"featured_media":48282,"template":"","meta":{"_acf_changed":false,"cybocfi_hide_featured_image":"","_tribe_events_status":"","_tribe_events_status_reason":"","footnotes":""},"tags":[],"tribe_events_cat":[],"class_list":["post-48082","tribe_events","type-tribe_events","status-publish","has-post-thumbnail","hentry","clearfix"],"acf":[],"yoast_head":"<!-- This site is optimized with the Yoast SEO plugin v27.5 - https:\/\/yoast.com\/product\/yoast-seo-wordpress\/ -->\n<title>Hazparneko Ihauteriak \/ Carnaval avec d\u00e9fil\u00e9 - Hasparren, commune du Pays Basque<\/title>\n<meta name=\"robots\" content=\"noindex, follow\" \/>\n<meta property=\"og:locale\" content=\"eu_ES\" \/>\n<meta property=\"og:type\" content=\"article\" \/>\n<meta property=\"og:title\" content=\"Hazparneko Ihauteriak \/ Carnaval avec d\u00e9fil\u00e9 - Hasparren, commune du Pays Basque\" \/>\n<meta property=\"og:description\" content=\"Samedi 7 f\u00e9vrier, d\u00e8s 15h30, retrouv\u00e9 le d\u00e9fil\u00e9 du carnaval et les Joaldunak dans les rues de la ville. Pr\u00e9parez vos costumes, vos confettis et votre bonne humeur\u00a0 \ud83d\udccd\u00a0D\u00e9part :\u00a0Place [&hellip;]\" \/>\n<meta property=\"og:url\" content=\"https:\/\/hasparren.fr\/eu\/evenement\/ihauteriak-carnaval-avec-defile\/\" \/>\n<meta property=\"og:site_name\" content=\"Hasparren, commune du Pays Basque\" \/>\n<meta property=\"article:modified_time\" content=\"2026-02-06T10:26:34+00:00\" \/>\n<meta property=\"og:image\" content=\"https:\/\/hasparren.fr\/wp-content\/uploads\/2025\/11\/gabariis-agenda-Ihauteri.jpg\" \/>\n\t<meta property=\"og:image:width\" content=\"1500\" \/>\n\t<meta property=\"og:image:height\" content=\"854\" \/>\n\t<meta property=\"og:image:type\" content=\"image\/jpeg\" \/>\n<meta name=\"twitter:card\" content=\"summary_large_image\" \/>\n<script type=\"application\/ld+json\" class=\"yoast-schema-graph\">{\"@context\":\"https:\\\/\\\/schema.org\",\"@graph\":[{\"@type\":\"WebPage\",\"@id\":\"https:\\\/\\\/hasparren.fr\\\/eu\\\/evenement\\\/ihauteriak-carnaval-avec-defile\\\/\",\"url\":\"https:\\\/\\\/hasparren.fr\\\/eu\\\/evenement\\\/ihauteriak-carnaval-avec-defile\\\/\",\"name\":\"Hazparneko Ihauteriak \\\/ Carnaval avec d\u00e9fil\u00e9 - Hasparren, commune du Pays Basque\",\"isPartOf\":{\"@id\":\"https:\\\/\\\/hasparren.fr\\\/#website\"},\"primaryImageOfPage\":{\"@id\":\"https:\\\/\\\/hasparren.fr\\\/eu\\\/evenement\\\/ihauteriak-carnaval-avec-defile\\\/#primaryimage\"},\"image\":{\"@id\":\"https:\\\/\\\/hasparren.fr\\\/eu\\\/evenement\\\/ihauteriak-carnaval-avec-defile\\\/#primaryimage\"},\"thumbnailUrl\":\"https:\\\/\\\/hasparren.fr\\\/wp-content\\\/uploads\\\/2025\\\/11\\\/gabariis-agenda-Ihauteri.jpg\",\"datePublished\":\"2025-11-25T14:15:57+00:00\",\"dateModified\":\"2026-02-06T10:26:34+00:00\",\"breadcrumb\":{\"@id\":\"https:\\\/\\\/hasparren.fr\\\/eu\\\/evenement\\\/ihauteriak-carnaval-avec-defile\\\/#breadcrumb\"},\"inLanguage\":\"eu\",\"potentialAction\":[{\"@type\":\"ReadAction\",\"target\":[\"https:\\\/\\\/hasparren.fr\\\/eu\\\/evenement\\\/ihauteriak-carnaval-avec-defile\\\/\"]}]},{\"@type\":\"ImageObject\",\"inLanguage\":\"eu\",\"@id\":\"https:\\\/\\\/hasparren.fr\\\/eu\\\/evenement\\\/ihauteriak-carnaval-avec-defile\\\/#primaryimage\",\"url\":\"https:\\\/\\\/hasparren.fr\\\/wp-content\\\/uploads\\\/2025\\\/11\\\/gabariis-agenda-Ihauteri.jpg\",\"contentUrl\":\"https:\\\/\\\/hasparren.fr\\\/wp-content\\\/uploads\\\/2025\\\/11\\\/gabariis-agenda-Ihauteri.jpg\",\"width\":1500,\"height\":854},{\"@type\":\"BreadcrumbList\",\"@id\":\"https:\\\/\\\/hasparren.fr\\\/eu\\\/evenement\\\/ihauteriak-carnaval-avec-defile\\\/#breadcrumb\",\"itemListElement\":[{\"@type\":\"ListItem\",\"position\":1,\"name\":\"Accueil\",\"item\":\"https:\\\/\\\/hasparren.fr\\\/eu\\\/\"},{\"@type\":\"ListItem\",\"position\":2,\"name\":\"\u00c9v\u00e8nements\",\"item\":\"https:\\\/\\\/hasparren.fr\\\/evenements\\\/\"},{\"@type\":\"ListItem\",\"position\":3,\"name\":\"Hazparneko Ihauteriak \\\/ Carnaval avec d\u00e9fil\u00e9\"}]},{\"@type\":\"WebSite\",\"@id\":\"https:\\\/\\\/hasparren.fr\\\/#website\",\"url\":\"https:\\\/\\\/hasparren.fr\\\/\",\"name\":\"Hasparren, commune du Pays Basque\",\"description\":\"Hasparren, commune du Pays Basque\",\"potentialAction\":[{\"@type\":\"SearchAction\",\"target\":{\"@type\":\"EntryPoint\",\"urlTemplate\":\"https:\\\/\\\/hasparren.fr\\\/?s={search_term_string}\"},\"query-input\":{\"@type\":\"PropertyValueSpecification\",\"valueRequired\":true,\"valueName\":\"search_term_string\"}}],\"inLanguage\":\"eu\"}]}<\/script>\n<!-- \/ Yoast SEO plugin. -->","yoast_head_json":{"title":"Hazparneko Ihauteriak \/ Carnaval avec d\u00e9fil\u00e9 - Hasparren, commune du Pays Basque","robots":{"index":"noindex","follow":"follow"},"og_locale":"eu_ES","og_type":"article","og_title":"Hazparneko Ihauteriak \/ Carnaval avec d\u00e9fil\u00e9 - Hasparren, commune du Pays Basque","og_description":"Samedi 7 f\u00e9vrier, d\u00e8s 15h30, retrouv\u00e9 le d\u00e9fil\u00e9 du carnaval et les Joaldunak dans les rues de la ville. Pr\u00e9parez vos costumes, vos confettis et votre bonne humeur\u00a0 \ud83d\udccd\u00a0D\u00e9part :\u00a0Place [&hellip;]","og_url":"https:\/\/hasparren.fr\/eu\/evenement\/ihauteriak-carnaval-avec-defile\/","og_site_name":"Hasparren, commune du Pays Basque","article_modified_time":"2026-02-06T10:26:34+00:00","og_image":[{"width":1500,"height":854,"url":"https:\/\/hasparren.fr\/wp-content\/uploads\/2025\/11\/gabariis-agenda-Ihauteri.jpg","type":"image\/jpeg"}],"twitter_card":"summary_large_image","schema":{"@context":"https:\/\/schema.org","@graph":[{"@type":"WebPage","@id":"https:\/\/hasparren.fr\/eu\/evenement\/ihauteriak-carnaval-avec-defile\/","url":"https:\/\/hasparren.fr\/eu\/evenement\/ihauteriak-carnaval-avec-defile\/","name":"Hazparneko Ihauteriak \/ Carnaval avec d\u00e9fil\u00e9 - Hasparren, commune du Pays Basque","isPartOf":{"@id":"https:\/\/hasparren.fr\/#website"},"primaryImageOfPage":{"@id":"https:\/\/hasparren.fr\/eu\/evenement\/ihauteriak-carnaval-avec-defile\/#primaryimage"},"image":{"@id":"https:\/\/hasparren.fr\/eu\/evenement\/ihauteriak-carnaval-avec-defile\/#primaryimage"},"thumbnailUrl":"https:\/\/hasparren.fr\/wp-content\/uploads\/2025\/11\/gabariis-agenda-Ihauteri.jpg","datePublished":"2025-11-25T14:15:57+00:00","dateModified":"2026-02-06T10:26:34+00:00","breadcrumb":{"@id":"https:\/\/hasparren.fr\/eu\/evenement\/ihauteriak-carnaval-avec-defile\/#breadcrumb"},"inLanguage":"eu","potentialAction":[{"@type":"ReadAction","target":["https:\/\/hasparren.fr\/eu\/evenement\/ihauteriak-carnaval-avec-defile\/"]}]},{"@type":"ImageObject","inLanguage":"eu","@id":"https:\/\/hasparren.fr\/eu\/evenement\/ihauteriak-carnaval-avec-defile\/#primaryimage","url":"https:\/\/hasparren.fr\/wp-content\/uploads\/2025\/11\/gabariis-agenda-Ihauteri.jpg","contentUrl":"https:\/\/hasparren.fr\/wp-content\/uploads\/2025\/11\/gabariis-agenda-Ihauteri.jpg","width":1500,"height":854},{"@type":"BreadcrumbList","@id":"https:\/\/hasparren.fr\/eu\/evenement\/ihauteriak-carnaval-avec-defile\/#breadcrumb","itemListElement":[{"@type":"ListItem","position":1,"name":"Accueil","item":"https:\/\/hasparren.fr\/eu\/"},{"@type":"ListItem","position":2,"name":"\u00c9v\u00e8nements","item":"https:\/\/hasparren.fr\/evenements\/"},{"@type":"ListItem","position":3,"name":"Hazparneko Ihauteriak \/ Carnaval avec d\u00e9fil\u00e9"}]},{"@type":"WebSite","@id":"https:\/\/hasparren.fr\/#website","url":"https:\/\/hasparren.fr\/","name":"Hasparren, commune du Pays Basque","description":"Hasparren, commune du Pays Basque","potentialAction":[{"@type":"SearchAction","target":{"@type":"EntryPoint","urlTemplate":"https:\/\/hasparren.fr\/?s={search_term_string}"},"query-input":{"@type":"PropertyValueSpecification","valueRequired":true,"valueName":"search_term_string"}}],"inLanguage":"eu"}]}},"publishpress_future_workflow_manual_trigger":{"enabledWorkflows":[]},"_links":{"self":[{"href":"https:\/\/hasparren.fr\/eu\/wp-json\/wp\/v2\/tribe_events\/48082","targetHints":{"allow":["GET"]}}],"collection":[{"href":"https:\/\/hasparren.fr\/eu\/wp-json\/wp\/v2\/tribe_events"}],"about":[{"href":"https:\/\/hasparren.fr\/eu\/wp-json\/wp\/v2\/types\/tribe_events"}],"author":[{"embeddable":true,"href":"https:\/\/hasparren.fr\/eu\/wp-json\/wp\/v2\/users\/14"}],"version-history":[{"count":2,"href":"https:\/\/hasparren.fr\/eu\/wp-json\/wp\/v2\/tribe_events\/48082\/revisions"}],"predecessor-version":[{"id":48507,"href":"https:\/\/hasparren.fr\/eu\/wp-json\/wp\/v2\/tribe_events\/48082\/revisions\/48507"}],"wp:featuredmedia":[{"embeddable":true,"href":"https:\/\/hasparren.fr\/eu\/wp-json\/wp\/v2\/media\/48282"}],"wp:attachment":[{"href":"https:\/\/hasparren.fr\/eu\/wp-json\/wp\/v2\/media?parent=48082"}],"wp:term":[{"taxonomy":"post_tag","embeddable":true,"href":"https:\/\/hasparren.fr\/eu\/wp-json\/wp\/v2\/tags?post=48082"},{"taxonomy":"tribe_events_cat","embeddable":true,"href":"https:\/\/hasparren.fr\/eu\/wp-json\/wp\/v2\/tribe_events_cat?post=48082"}],"curies":[{"name":"wp","href":"https:\/\/api.w.org\/{rel}","templated":true}]}}

Hazparneko Ihauteriak / Carnaval avec défilé

<p>Samedi 7 février, dès 15h30, retrouvé le défilé du carnaval et les Joaldunak dans les rues de la ville.</p>
<p><span data-contrast="auto">Préparez vos costumes, vos confettis et votre bonne humeur </span></p>
<p><span data-contrast="auto">📍 Départ : Place du Labourd</span> <br />
<span data-contrast="auto">⏰ Heure : 15h30</span> <br />
<span data-contrast="auto">🎉 Venez déguisés pour participer au traditionnel défilé !</span><span data-ccp-props="{&quot;134233117&quot;:false,&quot;134233118&quot;:false,&quot;335551550&quot;:0,&quot;335551620&quot;:0,&quot;335559738&quot;:240,&quot;335559739&quot;:240}"> </span></p>
<p><span data-contrast="auto">Le cortège sera composé de parents et d’enfants, des joaldun, des géants, des musiciens, sous oublier… Zan Pantzar, qui sera jugé à la fin du défilé sur la place Harana.</span><span data-ccp-props="{&quot;134233117&quot;:false,&quot;134233118&quot;:false,&quot;335551550&quot;:0,&quot;335551620&quot;:0,&quot;335559738&quot;:240,&quot;335559739&quot;:240}"> </span></p>
<p>&nbsp;</p>
<p>&nbsp;</p>
<p><a href="https://hasparren.fr/wp-content/uploads/2025/11/Ihauteri-2026-afitxa-424x600.jpg" target="_blank" rel="noopener"><img loading="lazy" decoding="async" class="aligncenter wp-image-48279 size-large" src="https://hasparren.fr/wp-content/uploads/2025/11/Ihauteri-2026-afitxa-424x600.jpg" alt="" width="424" height="600" srcset="https://hasparren.fr/wp-content/uploads/2025/11/Ihauteri-2026-afitxa-424x600.jpg 424w, https://hasparren.fr/wp-content/uploads/2025/11/Ihauteri-2026-afitxa-212x300.jpg 212w, https://hasparren.fr/wp-content/uploads/2025/11/Ihauteri-2026-afitxa-768x1086.jpg 768w, https://hasparren.fr/wp-content/uploads/2025/11/Ihauteri-2026-afitxa-1086x1536.jpg 1086w, https://hasparren.fr/wp-content/uploads/2025/11/Ihauteri-2026-afitxa.jpg 1191w" sizes="auto, (max-width: 424px) 100vw, 424px" /></a></p>

<p>Samedi 7 février, dès 15h30, retrouvé le défilé du carnaval et les Joaldunak dans les rues de la ville. Préparez vos costumes, vos confettis et votre bonne humeur  📍 Départ : Place [&hellip;]</p>

<!-- This site is optimized with the Yoast SEO plugin v27.5 - https://yoast.com/product/yoast-seo-wordpress/ -->
<title>Hazparneko Ihauteriak / Carnaval avec défilé - Hasparren, commune du Pays Basque</title>
<meta name="robots" content="noindex, follow" />
<meta property="og:locale" content="eu_ES" />
<meta property="og:type" content="article" />
<meta property="og:title" content="Hazparneko Ihauteriak / Carnaval avec défilé - Hasparren, commune du Pays Basque" />
<meta property="og:description" content="Samedi 7 février, dès 15h30, retrouvé le défilé du carnaval et les Joaldunak dans les rues de la ville. Préparez vos costumes, vos confettis et votre bonne humeur  📍 Départ : Place [&hellip;]" />
<meta property="og:url" content="https://hasparren.fr/eu/evenement/ihauteriak-carnaval-avec-defile/" />
<meta property="og:site_name" content="Hasparren, commune du Pays Basque" />
<meta property="article:modified_time" content="2026-02-06T10:26:34+00:00" />
<meta property="og:image" content="https://hasparren.fr/wp-content/uploads/2025/11/gabariis-agenda-Ihauteri.jpg" />
	<meta property="og:image:width" content="1500" />
	<meta property="og:image:height" content="854" />
	<meta property="og:image:type" content="image/jpeg" />
<meta name="twitter:card" content="summary_large_image" />
<script type="application/ld+json" class="yoast-schema-graph">{"@context":"https:\/\/schema.org","@graph":[{"@type":"WebPage","@id":"https:\/\/hasparren.fr\/eu\/evenement\/ihauteriak-carnaval-avec-defile\/","url":"https:\/\/hasparren.fr\/eu\/evenement\/ihauteriak-carnaval-avec-defile\/","name":"Hazparneko Ihauteriak \/ Carnaval avec défilé - Hasparren, commune du Pays Basque","isPartOf":{"@id":"https:\/\/hasparren.fr\/#website"},"primaryImageOfPage":{"@id":"https:\/\/hasparren.fr\/eu\/evenement\/ihauteriak-carnaval-avec-defile\/#primaryimage"},"image":{"@id":"https:\/\/hasparren.fr\/eu\/evenement\/ihauteriak-carnaval-avec-defile\/#primaryimage"},"thumbnailUrl":"https:\/\/hasparren.fr\/wp-content\/uploads\/2025\/11\/gabariis-agenda-Ihauteri.jpg","datePublished":"2025-11-25T14:15:57+00:00","dateModified":"2026-02-06T10:26:34+00:00","breadcrumb":{"@id":"https:\/\/hasparren.fr\/eu\/evenement\/ihauteriak-carnaval-avec-defile\/#breadcrumb"},"inLanguage":"eu","potentialAction":[{"@type":"ReadAction","target":["https:\/\/hasparren.fr\/eu\/evenement\/ihauteriak-carnaval-avec-defile\/"]}]},{"@type":"ImageObject","inLanguage":"eu","@id":"https:\/\/hasparren.fr\/eu\/evenement\/ihauteriak-carnaval-avec-defile\/#primaryimage","url":"https:\/\/hasparren.fr\/wp-content\/uploads\/2025\/11\/gabariis-agenda-Ihauteri.jpg","contentUrl":"https:\/\/hasparren.fr\/wp-content\/uploads\/2025\/11\/gabariis-agenda-Ihauteri.jpg","width":1500,"height":854},{"@type":"BreadcrumbList","@id":"https:\/\/hasparren.fr\/eu\/evenement\/ihauteriak-carnaval-avec-defile\/#breadcrumb","itemListElement":[{"@type":"ListItem","position":1,"name":"Accueil","item":"https:\/\/hasparren.fr\/eu\/"},{"@type":"ListItem","position":2,"name":"Évènements","item":"https:\/\/hasparren.fr\/evenements\/"},{"@type":"ListItem","position":3,"name":"Hazparneko Ihauteriak \/ Carnaval avec défilé"}]},{"@type":"WebSite","@id":"https:\/\/hasparren.fr\/#website","url":"https:\/\/hasparren.fr\/","name":"Hasparren, commune du Pays Basque","description":"Hasparren, commune du Pays Basque","potentialAction":[{"@type":"SearchAction","target":{"@type":"EntryPoint","urlTemplate":"https:\/\/hasparren.fr\/?s={search_term_string}"},"query-input":{"@type":"PropertyValueSpecification","valueRequired":true,"valueName":"search_term_string"}}],"inLanguage":"eu"}]}</script>
<!-- / Yoast SEO plugin. -->

Hazparneko Ihauteriak / Carnaval avec défilé - Hasparren, commune du Pays Basque

Samedi 7 février, dès 15h30, retrouvé le défilé du carnaval et les Joaldunak dans les rues de la ville. Préparez vos costumes, vos confettis et votre bonne humeur  📍 Départ : Place [&hellip;]

Évènements
