{"id":48827,"date":"2026-03-04T10:15:45","date_gmt":"2026-03-04T09:15:45","guid":{"rendered":"https:\/\/hasparren.fr\/evenement\/concert-des-chorales\/"},"modified":"2026-03-09T17:08:41","modified_gmt":"2026-03-09T16:08:41","slug":"concert-des-chorales","status":"publish","type":"tribe_events","link":"https:\/\/hasparren.fr\/eu\/evenement\/concert-des-chorales\/","title":{"rendered":"Concert des chorales"},"content":{"rendered":"<p>Dans le cadre de la troisi\u00e8me \u00e9dition de Kaperaldi, le concert des chorales de Hasparren se tiendra <strong>le dimanche 26 avril \u00e0 16h00<\/strong>. <br \/>\nVenez vibrez au son de 100 voix pour 3 ch\u0153urs : Elgarrekin &#8211; Mendixola &#8211; Pe\u00f1a Idiak<\/p>\n<p>Entr\u00e9e libre<\/p>\n<p><img loading=\"lazy\" decoding=\"async\" class=\"alignnone  wp-image-48891\" src=\"https:\/\/hasparren.fr\/wp-content\/uploads\/2026\/03\/kaperaldi-chorales-500x90.png\" alt=\"\" width=\"1389\" height=\"250\" srcset=\"https:\/\/hasparren.fr\/wp-content\/uploads\/2026\/03\/kaperaldi-chorales-500x90.png 500w, https:\/\/hasparren.fr\/wp-content\/uploads\/2026\/03\/kaperaldi-chorales-1170x210.png 1170w, https:\/\/hasparren.fr\/wp-content\/uploads\/2026\/03\/kaperaldi-chorales-768x138.png 768w, https:\/\/hasparren.fr\/wp-content\/uploads\/2026\/03\/kaperaldi-chorales.png 1245w\" sizes=\"auto, (max-width: 1389px) 100vw, 1389px\" \/><\/p>\n<p>&nbsp;<\/p>\n<p>&nbsp;<\/p>\n<p>&nbsp;<\/p>\n","protected":false},"excerpt":{"rendered":"<p>Dans le cadre de la troisi\u00e8me \u00e9dition de Kaperaldi, le concert des chorales de Hasparren se tiendra le dimanche 26 avril \u00e0 16h00. Venez vibrez au son de 100 voix [&hellip;]<\/p>\n","protected":false},"author":14,"featured_media":48892,"template":"","meta":{"_acf_changed":false,"cybocfi_hide_featured_image":"yes","_tribe_events_status":"","_tribe_events_status_reason":"","footnotes":""},"tags":[],"tribe_events_cat":[],"class_list":["post-48827","tribe_events","type-tribe_events","status-publish","has-post-thumbnail","hentry","clearfix"],"acf":[],"yoast_head":"<!-- This site is optimized with the Yoast SEO plugin v27.4 - https:\/\/yoast.com\/product\/yoast-seo-wordpress\/ -->\n<title>Concert des chorales - Hasparren, commune du Pays Basque<\/title>\n<meta name=\"robots\" content=\"noindex, follow\" \/>\n<meta property=\"og:locale\" content=\"eu_ES\" \/>\n<meta property=\"og:type\" content=\"article\" \/>\n<meta property=\"og:title\" content=\"Concert des chorales - Hasparren, commune du Pays Basque\" \/>\n<meta property=\"og:description\" content=\"Dans le cadre de la troisi\u00e8me \u00e9dition de Kaperaldi, le concert des chorales de Hasparren se tiendra le dimanche 26 avril \u00e0 16h00. Venez vibrez au son de 100 voix [&hellip;]\" \/>\n<meta property=\"og:url\" content=\"https:\/\/hasparren.fr\/eu\/evenement\/concert-des-chorales\/\" \/>\n<meta property=\"og:site_name\" content=\"Hasparren, commune du Pays Basque\" \/>\n<meta property=\"article:modified_time\" content=\"2026-03-09T16:08:41+00:00\" \/>\n<meta property=\"og:image\" content=\"https:\/\/hasparren.fr\/wp-content\/uploads\/2026\/03\/kaperaldi-chorales.png\" \/>\n\t<meta property=\"og:image:width\" content=\"1245\" \/>\n\t<meta property=\"og:image:height\" content=\"223\" \/>\n\t<meta property=\"og:image:type\" content=\"image\/png\" \/>\n<meta name=\"twitter:card\" content=\"summary_large_image\" \/>\n<script type=\"application\/ld+json\" class=\"yoast-schema-graph\">{\"@context\":\"https:\\\/\\\/schema.org\",\"@graph\":[{\"@type\":\"WebPage\",\"@id\":\"https:\\\/\\\/hasparren.fr\\\/eu\\\/evenement\\\/concert-des-chorales\\\/\",\"url\":\"https:\\\/\\\/hasparren.fr\\\/eu\\\/evenement\\\/concert-des-chorales\\\/\",\"name\":\"Concert des chorales - Hasparren, commune du Pays Basque\",\"isPartOf\":{\"@id\":\"https:\\\/\\\/hasparren.fr\\\/#website\"},\"primaryImageOfPage\":{\"@id\":\"https:\\\/\\\/hasparren.fr\\\/eu\\\/evenement\\\/concert-des-chorales\\\/#primaryimage\"},\"image\":{\"@id\":\"https:\\\/\\\/hasparren.fr\\\/eu\\\/evenement\\\/concert-des-chorales\\\/#primaryimage\"},\"thumbnailUrl\":\"https:\\\/\\\/hasparren.fr\\\/wp-content\\\/uploads\\\/2026\\\/03\\\/kaperaldi-chorales.png\",\"datePublished\":\"2026-03-04T09:15:45+00:00\",\"dateModified\":\"2026-03-09T16:08:41+00:00\",\"breadcrumb\":{\"@id\":\"https:\\\/\\\/hasparren.fr\\\/eu\\\/evenement\\\/concert-des-chorales\\\/#breadcrumb\"},\"inLanguage\":\"eu\",\"potentialAction\":[{\"@type\":\"ReadAction\",\"target\":[\"https:\\\/\\\/hasparren.fr\\\/eu\\\/evenement\\\/concert-des-chorales\\\/\"]}]},{\"@type\":\"BreadcrumbList\",\"@id\":\"https:\\\/\\\/hasparren.fr\\\/eu\\\/evenement\\\/concert-des-chorales\\\/#breadcrumb\",\"itemListElement\":[{\"@type\":\"ListItem\",\"position\":1,\"name\":\"Accueil\",\"item\":\"https:\\\/\\\/hasparren.fr\\\/eu\\\/\"},{\"@type\":\"ListItem\",\"position\":2,\"name\":\"\u00c9v\u00e8nements\",\"item\":\"https:\\\/\\\/hasparren.fr\\\/evenements\\\/\"},{\"@type\":\"ListItem\",\"position\":3,\"name\":\"Concert des chorales\"}]},{\"@type\":\"WebSite\",\"@id\":\"https:\\\/\\\/hasparren.fr\\\/#website\",\"url\":\"https:\\\/\\\/hasparren.fr\\\/\",\"name\":\"Hasparren, commune du Pays Basque\",\"description\":\"Hasparren, commune du Pays Basque\",\"potentialAction\":[{\"@type\":\"SearchAction\",\"target\":{\"@type\":\"EntryPoint\",\"urlTemplate\":\"https:\\\/\\\/hasparren.fr\\\/?s={search_term_string}\"},\"query-input\":{\"@type\":\"PropertyValueSpecification\",\"valueRequired\":true,\"valueName\":\"search_term_string\"}}],\"inLanguage\":\"eu\"}]}<\/script>\n<!-- \/ Yoast SEO plugin. -->","yoast_head_json":{"title":"Concert des chorales - Hasparren, commune du Pays Basque","robots":{"index":"noindex","follow":"follow"},"og_locale":"eu_ES","og_type":"article","og_title":"Concert des chorales - Hasparren, commune du Pays Basque","og_description":"Dans le cadre de la troisi\u00e8me \u00e9dition de Kaperaldi, le concert des chorales de Hasparren se tiendra le dimanche 26 avril \u00e0 16h00. Venez vibrez au son de 100 voix [&hellip;]","og_url":"https:\/\/hasparren.fr\/eu\/evenement\/concert-des-chorales\/","og_site_name":"Hasparren, commune du Pays Basque","article_modified_time":"2026-03-09T16:08:41+00:00","og_image":[{"width":1245,"height":223,"url":"https:\/\/hasparren.fr\/wp-content\/uploads\/2026\/03\/kaperaldi-chorales.png","type":"image\/png"}],"twitter_card":"summary_large_image","schema":{"@context":"https:\/\/schema.org","@graph":[{"@type":"WebPage","@id":"https:\/\/hasparren.fr\/eu\/evenement\/concert-des-chorales\/","url":"https:\/\/hasparren.fr\/eu\/evenement\/concert-des-chorales\/","name":"Concert des chorales - Hasparren, commune du Pays Basque","isPartOf":{"@id":"https:\/\/hasparren.fr\/#website"},"primaryImageOfPage":{"@id":"https:\/\/hasparren.fr\/eu\/evenement\/concert-des-chorales\/#primaryimage"},"image":{"@id":"https:\/\/hasparren.fr\/eu\/evenement\/concert-des-chorales\/#primaryimage"},"thumbnailUrl":"https:\/\/hasparren.fr\/wp-content\/uploads\/2026\/03\/kaperaldi-chorales.png","datePublished":"2026-03-04T09:15:45+00:00","dateModified":"2026-03-09T16:08:41+00:00","breadcrumb":{"@id":"https:\/\/hasparren.fr\/eu\/evenement\/concert-des-chorales\/#breadcrumb"},"inLanguage":"eu","potentialAction":[{"@type":"ReadAction","target":["https:\/\/hasparren.fr\/eu\/evenement\/concert-des-chorales\/"]}]},{"@type":"BreadcrumbList","@id":"https:\/\/hasparren.fr\/eu\/evenement\/concert-des-chorales\/#breadcrumb","itemListElement":[{"@type":"ListItem","position":1,"name":"Accueil","item":"https:\/\/hasparren.fr\/eu\/"},{"@type":"ListItem","position":2,"name":"\u00c9v\u00e8nements","item":"https:\/\/hasparren.fr\/evenements\/"},{"@type":"ListItem","position":3,"name":"Concert des chorales"}]},{"@type":"WebSite","@id":"https:\/\/hasparren.fr\/#website","url":"https:\/\/hasparren.fr\/","name":"Hasparren, commune du Pays Basque","description":"Hasparren, commune du Pays Basque","potentialAction":[{"@type":"SearchAction","target":{"@type":"EntryPoint","urlTemplate":"https:\/\/hasparren.fr\/?s={search_term_string}"},"query-input":{"@type":"PropertyValueSpecification","valueRequired":true,"valueName":"search_term_string"}}],"inLanguage":"eu"}]}},"publishpress_future_workflow_manual_trigger":{"enabledWorkflows":[]},"_links":{"self":[{"href":"https:\/\/hasparren.fr\/eu\/wp-json\/wp\/v2\/tribe_events\/48827","targetHints":{"allow":["GET"]}}],"collection":[{"href":"https:\/\/hasparren.fr\/eu\/wp-json\/wp\/v2\/tribe_events"}],"about":[{"href":"https:\/\/hasparren.fr\/eu\/wp-json\/wp\/v2\/types\/tribe_events"}],"author":[{"embeddable":true,"href":"https:\/\/hasparren.fr\/eu\/wp-json\/wp\/v2\/users\/14"}],"version-history":[{"count":3,"href":"https:\/\/hasparren.fr\/eu\/wp-json\/wp\/v2\/tribe_events\/48827\/revisions"}],"predecessor-version":[{"id":48909,"href":"https:\/\/hasparren.fr\/eu\/wp-json\/wp\/v2\/tribe_events\/48827\/revisions\/48909"}],"wp:featuredmedia":[{"embeddable":true,"href":"https:\/\/hasparren.fr\/eu\/wp-json\/wp\/v2\/media\/48892"}],"wp:attachment":[{"href":"https:\/\/hasparren.fr\/eu\/wp-json\/wp\/v2\/media?parent=48827"}],"wp:term":[{"taxonomy":"post_tag","embeddable":true,"href":"https:\/\/hasparren.fr\/eu\/wp-json\/wp\/v2\/tags?post=48827"},{"taxonomy":"tribe_events_cat","embeddable":true,"href":"https:\/\/hasparren.fr\/eu\/wp-json\/wp\/v2\/tribe_events_cat?post=48827"}],"curies":[{"name":"wp","href":"https:\/\/api.w.org\/{rel}","templated":true}]}}

<p>Dans le cadre de la troisième édition de Kaperaldi, le concert des chorales de Hasparren se tiendra <strong>le dimanche 26 avril à 16h00</strong>. <br />
Venez vibrez au son de 100 voix pour 3 chœurs : Elgarrekin &#8211; Mendixola &#8211; Peña Idiak</p>
<p>Entrée libre</p>
<p><img loading="lazy" decoding="async" class="alignnone  wp-image-48891" src="https://hasparren.fr/wp-content/uploads/2026/03/kaperaldi-chorales-500x90.png" alt="" width="1389" height="250" srcset="https://hasparren.fr/wp-content/uploads/2026/03/kaperaldi-chorales-500x90.png 500w, https://hasparren.fr/wp-content/uploads/2026/03/kaperaldi-chorales-1170x210.png 1170w, https://hasparren.fr/wp-content/uploads/2026/03/kaperaldi-chorales-768x138.png 768w, https://hasparren.fr/wp-content/uploads/2026/03/kaperaldi-chorales.png 1245w" sizes="auto, (max-width: 1389px) 100vw, 1389px" /></p>
<p>&nbsp;</p>
<p>&nbsp;</p>
<p>&nbsp;</p>

<p>Dans le cadre de la troisième édition de Kaperaldi, le concert des chorales de Hasparren se tiendra le dimanche 26 avril à 16h00. Venez vibrez au son de 100 voix [&hellip;]</p>

<!-- This site is optimized with the Yoast SEO plugin v27.4 - https://yoast.com/product/yoast-seo-wordpress/ -->
<title>Concert des chorales - Hasparren, commune du Pays Basque</title>
<meta name="robots" content="noindex, follow" />
<meta property="og:locale" content="eu_ES" />
<meta property="og:type" content="article" />
<meta property="og:title" content="Concert des chorales - Hasparren, commune du Pays Basque" />
<meta property="og:description" content="Dans le cadre de la troisième édition de Kaperaldi, le concert des chorales de Hasparren se tiendra le dimanche 26 avril à 16h00. Venez vibrez au son de 100 voix [&hellip;]" />
<meta property="og:url" content="https://hasparren.fr/eu/evenement/concert-des-chorales/" />
<meta property="og:site_name" content="Hasparren, commune du Pays Basque" />
<meta property="article:modified_time" content="2026-03-09T16:08:41+00:00" />
<meta property="og:image" content="https://hasparren.fr/wp-content/uploads/2026/03/kaperaldi-chorales.png" />
	<meta property="og:image:width" content="1245" />
	<meta property="og:image:height" content="223" />
	<meta property="og:image:type" content="image/png" />
<meta name="twitter:card" content="summary_large_image" />
<script type="application/ld+json" class="yoast-schema-graph">{"@context":"https:\/\/schema.org","@graph":[{"@type":"WebPage","@id":"https:\/\/hasparren.fr\/eu\/evenement\/concert-des-chorales\/","url":"https:\/\/hasparren.fr\/eu\/evenement\/concert-des-chorales\/","name":"Concert des chorales - Hasparren, commune du Pays Basque","isPartOf":{"@id":"https:\/\/hasparren.fr\/#website"},"primaryImageOfPage":{"@id":"https:\/\/hasparren.fr\/eu\/evenement\/concert-des-chorales\/#primaryimage"},"image":{"@id":"https:\/\/hasparren.fr\/eu\/evenement\/concert-des-chorales\/#primaryimage"},"thumbnailUrl":"https:\/\/hasparren.fr\/wp-content\/uploads\/2026\/03\/kaperaldi-chorales.png","datePublished":"2026-03-04T09:15:45+00:00","dateModified":"2026-03-09T16:08:41+00:00","breadcrumb":{"@id":"https:\/\/hasparren.fr\/eu\/evenement\/concert-des-chorales\/#breadcrumb"},"inLanguage":"eu","potentialAction":[{"@type":"ReadAction","target":["https:\/\/hasparren.fr\/eu\/evenement\/concert-des-chorales\/"]}]},{"@type":"BreadcrumbList","@id":"https:\/\/hasparren.fr\/eu\/evenement\/concert-des-chorales\/#breadcrumb","itemListElement":[{"@type":"ListItem","position":1,"name":"Accueil","item":"https:\/\/hasparren.fr\/eu\/"},{"@type":"ListItem","position":2,"name":"Évènements","item":"https:\/\/hasparren.fr\/evenements\/"},{"@type":"ListItem","position":3,"name":"Concert des chorales"}]},{"@type":"WebSite","@id":"https:\/\/hasparren.fr\/#website","url":"https:\/\/hasparren.fr\/","name":"Hasparren, commune du Pays Basque","description":"Hasparren, commune du Pays Basque","potentialAction":[{"@type":"SearchAction","target":{"@type":"EntryPoint","urlTemplate":"https:\/\/hasparren.fr\/?s={search_term_string}"},"query-input":{"@type":"PropertyValueSpecification","valueRequired":true,"valueName":"search_term_string"}}],"inLanguage":"eu"}]}</script>
<!-- / Yoast SEO plugin. -->

Dans le cadre de la troisième édition de Kaperaldi, le concert des chorales de Hasparren se tiendra le dimanche 26 avril à 16h00. Venez vibrez au son de 100 voix [&hellip;]

Évènements
