{"id":49064,"date":"2026-03-18T17:40:40","date_gmt":"2026-03-18T16:40:40","guid":{"rendered":"https:\/\/hasparren.fr\/evenement\/stage-jauzika-gymnastique-a-la-conquete-de-lespace\/"},"modified":"2026-03-18T17:40:40","modified_gmt":"2026-03-18T16:40:40","slug":"stage-jauzika-gymnastique-a-la-conquete-de-lespace","status":"publish","type":"tribe_events","link":"https:\/\/hasparren.fr\/eu\/evenement\/stage-jauzika-gymnastique-a-la-conquete-de-lespace\/","title":{"rendered":"Stage Jauzika gymnastique : \u00c0 la conqu\u00eate de l&#8217;espace"},"content":{"rendered":"<p><strong>Du 7 au 9 avril, de 9h \u00e0 17h<\/strong>, Jauzika Gymnastique propose un stage multiactivit\u00e9s pour d\u00e9couvrir ou perfectionner ses talents de gymnaste, dans une ambiance ludique et dynamique.<\/p>\n<p>&nbsp;<\/p>\n<p>Au programme :<br \/>\n\u2022 Activit\u00e9s manuelles<br \/>\n\u2022 Activit\u00e9s sportives<br \/>\n\u2022 Ateliers culinaires<\/p>\n<p>\ud83d\udc67\ud83e\uddd2 Ouvert \u00e0 tous<\/p>\n<p>\ud83d\udcb6 Tarifs :<br \/>\n\u2022 80 \u20ac pour les licenci\u00e9s<br \/>\n\u2022 90 \u20ac pour les non licenci\u00e9s<\/p>\n<p>\ud83d\udd17 <span style=\"text-decoration: underline;\"><strong>Inscription (<span style=\"color: #ff0000; text-decoration: underline;\">places limit\u00e9es<\/span>)<\/strong><\/span> : <a href=\"https:\/\/jauzikagym.assoconnect.com\/collect\/description\/675831-v-stage-printemps-du-7-au-9-avril-2026\" target=\"_blank\" rel=\"noopener\">\u00c0 la conqu\u00eate de l&#8217;espace<\/a><\/p>\n<p>\ud83d\udce7 <span style=\"text-decoration: underline;\"><strong>Contact :<\/strong><\/span> <a href=\"mailto:jauzi.event@gmail.com\" target=\"_blank\" rel=\"noopener\">jauzi.event@gmail.com<\/a><\/p>\n<p>&nbsp;<\/p>\n<p><a href=\"https:\/\/hasparren.fr\/wp-content\/uploads\/2026\/03\/Stage-Jauzika-1-480x600.jpg\" target=\"_blank\" rel=\"noopener\"><img loading=\"lazy\" decoding=\"async\" class=\"aligncenter wp-image-49057 size-large\" src=\"https:\/\/hasparren.fr\/wp-content\/uploads\/2026\/03\/Stage-Jauzika-1-480x600.jpg\" alt=\"\" width=\"480\" height=\"600\" srcset=\"https:\/\/hasparren.fr\/wp-content\/uploads\/2026\/03\/Stage-Jauzika-1-480x600.jpg 480w, https:\/\/hasparren.fr\/wp-content\/uploads\/2026\/03\/Stage-Jauzika-1-240x300.jpg 240w, https:\/\/hasparren.fr\/wp-content\/uploads\/2026\/03\/Stage-Jauzika-1-768x960.jpg 768w, https:\/\/hasparren.fr\/wp-content\/uploads\/2026\/03\/Stage-Jauzika-1.jpg 1080w\" sizes=\"auto, (max-width: 480px) 100vw, 480px\" \/><\/a><\/p>\n<p><a href=\"https:\/\/hasparren.fr\/wp-content\/uploads\/2026\/03\/Stage-Jauzika-2-480x600.jpg\" target=\"_blank\" rel=\"noopener\"><img loading=\"lazy\" decoding=\"async\" class=\"aligncenter wp-image-49059 size-large\" src=\"https:\/\/hasparren.fr\/wp-content\/uploads\/2026\/03\/Stage-Jauzika-2-480x600.jpg\" alt=\"\" width=\"480\" height=\"600\" srcset=\"https:\/\/hasparren.fr\/wp-content\/uploads\/2026\/03\/Stage-Jauzika-2-480x600.jpg 480w, https:\/\/hasparren.fr\/wp-content\/uploads\/2026\/03\/Stage-Jauzika-2-240x300.jpg 240w, https:\/\/hasparren.fr\/wp-content\/uploads\/2026\/03\/Stage-Jauzika-2-768x960.jpg 768w, https:\/\/hasparren.fr\/wp-content\/uploads\/2026\/03\/Stage-Jauzika-2.jpg 1080w\" sizes=\"auto, (max-width: 480px) 100vw, 480px\" \/><\/a><\/p>\n","protected":false},"excerpt":{"rendered":"<p>Du 7 au 9 avril, de 9h \u00e0 17h, Jauzika Gymnastique propose un stage multiactivit\u00e9s pour d\u00e9couvrir ou perfectionner ses talents de gymnaste, dans une ambiance ludique et dynamique. &nbsp; [&hellip;]<\/p>\n","protected":false},"author":14,"featured_media":49062,"template":"","meta":{"_acf_changed":false,"cybocfi_hide_featured_image":"","_tribe_events_status":"","_tribe_events_status_reason":"","footnotes":""},"tags":[],"tribe_events_cat":[],"class_list":["post-49064","tribe_events","type-tribe_events","status-publish","has-post-thumbnail","hentry","clearfix"],"acf":[],"yoast_head":"<!-- This site is optimized with the Yoast SEO plugin v27.5 - https:\/\/yoast.com\/product\/yoast-seo-wordpress\/ -->\n<title>Stage Jauzika gymnastique : \u00c0 la conqu\u00eate de l&#039;espace - Hasparren, commune du Pays Basque<\/title>\n<meta name=\"robots\" content=\"noindex, follow\" \/>\n<meta property=\"og:locale\" content=\"eu_ES\" \/>\n<meta property=\"og:type\" content=\"article\" \/>\n<meta property=\"og:title\" content=\"Stage Jauzika gymnastique : \u00c0 la conqu\u00eate de l&#039;espace - Hasparren, commune du Pays Basque\" \/>\n<meta property=\"og:description\" content=\"Du 7 au 9 avril, de 9h \u00e0 17h, Jauzika Gymnastique propose un stage multiactivit\u00e9s pour d\u00e9couvrir ou perfectionner ses talents de gymnaste, dans une ambiance ludique et dynamique. &nbsp; [&hellip;]\" \/>\n<meta property=\"og:url\" content=\"https:\/\/hasparren.fr\/eu\/evenement\/stage-jauzika-gymnastique-a-la-conquete-de-lespace\/\" \/>\n<meta property=\"og:site_name\" content=\"Hasparren, commune du Pays Basque\" \/>\n<meta property=\"og:image\" content=\"https:\/\/hasparren.fr\/wp-content\/uploads\/2026\/03\/Stage-Jauzika-1.jpg\" \/>\n\t<meta property=\"og:image:width\" content=\"1080\" \/>\n\t<meta property=\"og:image:height\" content=\"1350\" \/>\n\t<meta property=\"og:image:type\" content=\"image\/jpeg\" \/>\n<meta name=\"twitter:card\" content=\"summary_large_image\" \/>\n<script type=\"application\/ld+json\" class=\"yoast-schema-graph\">{\"@context\":\"https:\\\/\\\/schema.org\",\"@graph\":[{\"@type\":\"WebPage\",\"@id\":\"https:\\\/\\\/hasparren.fr\\\/eu\\\/evenement\\\/stage-jauzika-gymnastique-a-la-conquete-de-lespace\\\/\",\"url\":\"https:\\\/\\\/hasparren.fr\\\/eu\\\/evenement\\\/stage-jauzika-gymnastique-a-la-conquete-de-lespace\\\/\",\"name\":\"Stage Jauzika gymnastique : \u00c0 la conqu\u00eate de l'espace - Hasparren, commune du Pays Basque\",\"isPartOf\":{\"@id\":\"https:\\\/\\\/hasparren.fr\\\/#website\"},\"primaryImageOfPage\":{\"@id\":\"https:\\\/\\\/hasparren.fr\\\/eu\\\/evenement\\\/stage-jauzika-gymnastique-a-la-conquete-de-lespace\\\/#primaryimage\"},\"image\":{\"@id\":\"https:\\\/\\\/hasparren.fr\\\/eu\\\/evenement\\\/stage-jauzika-gymnastique-a-la-conquete-de-lespace\\\/#primaryimage\"},\"thumbnailUrl\":\"https:\\\/\\\/hasparren.fr\\\/wp-content\\\/uploads\\\/2026\\\/03\\\/Stage-Jauzika-1-1.jpg\",\"datePublished\":\"2026-03-18T16:40:40+00:00\",\"breadcrumb\":{\"@id\":\"https:\\\/\\\/hasparren.fr\\\/eu\\\/evenement\\\/stage-jauzika-gymnastique-a-la-conquete-de-lespace\\\/#breadcrumb\"},\"inLanguage\":\"eu\",\"potentialAction\":[{\"@type\":\"ReadAction\",\"target\":[\"https:\\\/\\\/hasparren.fr\\\/eu\\\/evenement\\\/stage-jauzika-gymnastique-a-la-conquete-de-lespace\\\/\"]}]},{\"@type\":\"ImageObject\",\"inLanguage\":\"eu\",\"@id\":\"https:\\\/\\\/hasparren.fr\\\/eu\\\/evenement\\\/stage-jauzika-gymnastique-a-la-conquete-de-lespace\\\/#primaryimage\",\"url\":\"https:\\\/\\\/hasparren.fr\\\/wp-content\\\/uploads\\\/2026\\\/03\\\/Stage-Jauzika-1-1.jpg\",\"contentUrl\":\"https:\\\/\\\/hasparren.fr\\\/wp-content\\\/uploads\\\/2026\\\/03\\\/Stage-Jauzika-1-1.jpg\",\"width\":1080,\"height\":1350},{\"@type\":\"BreadcrumbList\",\"@id\":\"https:\\\/\\\/hasparren.fr\\\/eu\\\/evenement\\\/stage-jauzika-gymnastique-a-la-conquete-de-lespace\\\/#breadcrumb\",\"itemListElement\":[{\"@type\":\"ListItem\",\"position\":1,\"name\":\"Accueil\",\"item\":\"https:\\\/\\\/hasparren.fr\\\/eu\\\/\"},{\"@type\":\"ListItem\",\"position\":2,\"name\":\"\u00c9v\u00e8nements\",\"item\":\"https:\\\/\\\/hasparren.fr\\\/evenements\\\/\"},{\"@type\":\"ListItem\",\"position\":3,\"name\":\"Stage Jauzika gymnastique : \u00c0 la conqu\u00eate de l&#8217;espace\"}]},{\"@type\":\"WebSite\",\"@id\":\"https:\\\/\\\/hasparren.fr\\\/#website\",\"url\":\"https:\\\/\\\/hasparren.fr\\\/\",\"name\":\"Hasparren, commune du Pays Basque\",\"description\":\"Hasparren, commune du Pays Basque\",\"potentialAction\":[{\"@type\":\"SearchAction\",\"target\":{\"@type\":\"EntryPoint\",\"urlTemplate\":\"https:\\\/\\\/hasparren.fr\\\/?s={search_term_string}\"},\"query-input\":{\"@type\":\"PropertyValueSpecification\",\"valueRequired\":true,\"valueName\":\"search_term_string\"}}],\"inLanguage\":\"eu\"}]}<\/script>\n<!-- \/ Yoast SEO plugin. -->","yoast_head_json":{"title":"Stage Jauzika gymnastique : \u00c0 la conqu\u00eate de l'espace - Hasparren, commune du Pays Basque","robots":{"index":"noindex","follow":"follow"},"og_locale":"eu_ES","og_type":"article","og_title":"Stage Jauzika gymnastique : \u00c0 la conqu\u00eate de l'espace - Hasparren, commune du Pays Basque","og_description":"Du 7 au 9 avril, de 9h \u00e0 17h, Jauzika Gymnastique propose un stage multiactivit\u00e9s pour d\u00e9couvrir ou perfectionner ses talents de gymnaste, dans une ambiance ludique et dynamique. &nbsp; [&hellip;]","og_url":"https:\/\/hasparren.fr\/eu\/evenement\/stage-jauzika-gymnastique-a-la-conquete-de-lespace\/","og_site_name":"Hasparren, commune du Pays Basque","og_image":[{"width":1080,"height":1350,"url":"https:\/\/hasparren.fr\/wp-content\/uploads\/2026\/03\/Stage-Jauzika-1.jpg","type":"image\/jpeg"}],"twitter_card":"summary_large_image","schema":{"@context":"https:\/\/schema.org","@graph":[{"@type":"WebPage","@id":"https:\/\/hasparren.fr\/eu\/evenement\/stage-jauzika-gymnastique-a-la-conquete-de-lespace\/","url":"https:\/\/hasparren.fr\/eu\/evenement\/stage-jauzika-gymnastique-a-la-conquete-de-lespace\/","name":"Stage Jauzika gymnastique : \u00c0 la conqu\u00eate de l'espace - Hasparren, commune du Pays Basque","isPartOf":{"@id":"https:\/\/hasparren.fr\/#website"},"primaryImageOfPage":{"@id":"https:\/\/hasparren.fr\/eu\/evenement\/stage-jauzika-gymnastique-a-la-conquete-de-lespace\/#primaryimage"},"image":{"@id":"https:\/\/hasparren.fr\/eu\/evenement\/stage-jauzika-gymnastique-a-la-conquete-de-lespace\/#primaryimage"},"thumbnailUrl":"https:\/\/hasparren.fr\/wp-content\/uploads\/2026\/03\/Stage-Jauzika-1-1.jpg","datePublished":"2026-03-18T16:40:40+00:00","breadcrumb":{"@id":"https:\/\/hasparren.fr\/eu\/evenement\/stage-jauzika-gymnastique-a-la-conquete-de-lespace\/#breadcrumb"},"inLanguage":"eu","potentialAction":[{"@type":"ReadAction","target":["https:\/\/hasparren.fr\/eu\/evenement\/stage-jauzika-gymnastique-a-la-conquete-de-lespace\/"]}]},{"@type":"ImageObject","inLanguage":"eu","@id":"https:\/\/hasparren.fr\/eu\/evenement\/stage-jauzika-gymnastique-a-la-conquete-de-lespace\/#primaryimage","url":"https:\/\/hasparren.fr\/wp-content\/uploads\/2026\/03\/Stage-Jauzika-1-1.jpg","contentUrl":"https:\/\/hasparren.fr\/wp-content\/uploads\/2026\/03\/Stage-Jauzika-1-1.jpg","width":1080,"height":1350},{"@type":"BreadcrumbList","@id":"https:\/\/hasparren.fr\/eu\/evenement\/stage-jauzika-gymnastique-a-la-conquete-de-lespace\/#breadcrumb","itemListElement":[{"@type":"ListItem","position":1,"name":"Accueil","item":"https:\/\/hasparren.fr\/eu\/"},{"@type":"ListItem","position":2,"name":"\u00c9v\u00e8nements","item":"https:\/\/hasparren.fr\/evenements\/"},{"@type":"ListItem","position":3,"name":"Stage Jauzika gymnastique : \u00c0 la conqu\u00eate de l&#8217;espace"}]},{"@type":"WebSite","@id":"https:\/\/hasparren.fr\/#website","url":"https:\/\/hasparren.fr\/","name":"Hasparren, commune du Pays Basque","description":"Hasparren, commune du Pays Basque","potentialAction":[{"@type":"SearchAction","target":{"@type":"EntryPoint","urlTemplate":"https:\/\/hasparren.fr\/?s={search_term_string}"},"query-input":{"@type":"PropertyValueSpecification","valueRequired":true,"valueName":"search_term_string"}}],"inLanguage":"eu"}]}},"publishpress_future_workflow_manual_trigger":{"enabledWorkflows":[]},"_links":{"self":[{"href":"https:\/\/hasparren.fr\/eu\/wp-json\/wp\/v2\/tribe_events\/49064","targetHints":{"allow":["GET"]}}],"collection":[{"href":"https:\/\/hasparren.fr\/eu\/wp-json\/wp\/v2\/tribe_events"}],"about":[{"href":"https:\/\/hasparren.fr\/eu\/wp-json\/wp\/v2\/types\/tribe_events"}],"author":[{"embeddable":true,"href":"https:\/\/hasparren.fr\/eu\/wp-json\/wp\/v2\/users\/14"}],"version-history":[{"count":0,"href":"https:\/\/hasparren.fr\/eu\/wp-json\/wp\/v2\/tribe_events\/49064\/revisions"}],"wp:featuredmedia":[{"embeddable":true,"href":"https:\/\/hasparren.fr\/eu\/wp-json\/wp\/v2\/media\/49062"}],"wp:attachment":[{"href":"https:\/\/hasparren.fr\/eu\/wp-json\/wp\/v2\/media?parent=49064"}],"wp:term":[{"taxonomy":"post_tag","embeddable":true,"href":"https:\/\/hasparren.fr\/eu\/wp-json\/wp\/v2\/tags?post=49064"},{"taxonomy":"tribe_events_cat","embeddable":true,"href":"https:\/\/hasparren.fr\/eu\/wp-json\/wp\/v2\/tribe_events_cat?post=49064"}],"curies":[{"name":"wp","href":"https:\/\/api.w.org\/{rel}","templated":true}]}}

Stage Jauzika gymnastique : À la conquête de l&#8217;espace

<p><strong>Du 7 au 9 avril, de 9h à 17h</strong>, Jauzika Gymnastique propose un stage multiactivités pour découvrir ou perfectionner ses talents de gymnaste, dans une ambiance ludique et dynamique.</p>
<p>&nbsp;</p>
<p>Au programme :<br />
• Activités manuelles<br />
• Activités sportives<br />
• Ateliers culinaires</p>
<p>👧🧒 Ouvert à tous</p>
<p>💶 Tarifs :<br />
• 80 € pour les licenciés<br />
• 90 € pour les non licenciés</p>
<p>🔗 <span style="text-decoration: underline;"><strong>Inscription (<span style="color: #ff0000; text-decoration: underline;">places limitées</span>)</strong></span> : <a href="https://jauzikagym.assoconnect.com/collect/description/675831-v-stage-printemps-du-7-au-9-avril-2026" target="_blank" rel="noopener">À la conquête de l&#8217;espace</a></p>
<p>📧 <span style="text-decoration: underline;"><strong>Contact :</strong></span> <a href="mailto:jauzi.event@gmail.com" target="_blank" rel="noopener">jauzi.event@gmail.com</a></p>
<p>&nbsp;</p>
<p><a href="https://hasparren.fr/wp-content/uploads/2026/03/Stage-Jauzika-1-480x600.jpg" target="_blank" rel="noopener"><img loading="lazy" decoding="async" class="aligncenter wp-image-49057 size-large" src="https://hasparren.fr/wp-content/uploads/2026/03/Stage-Jauzika-1-480x600.jpg" alt="" width="480" height="600" srcset="https://hasparren.fr/wp-content/uploads/2026/03/Stage-Jauzika-1-480x600.jpg 480w, https://hasparren.fr/wp-content/uploads/2026/03/Stage-Jauzika-1-240x300.jpg 240w, https://hasparren.fr/wp-content/uploads/2026/03/Stage-Jauzika-1-768x960.jpg 768w, https://hasparren.fr/wp-content/uploads/2026/03/Stage-Jauzika-1.jpg 1080w" sizes="auto, (max-width: 480px) 100vw, 480px" /></a></p>
<p><a href="https://hasparren.fr/wp-content/uploads/2026/03/Stage-Jauzika-2-480x600.jpg" target="_blank" rel="noopener"><img loading="lazy" decoding="async" class="aligncenter wp-image-49059 size-large" src="https://hasparren.fr/wp-content/uploads/2026/03/Stage-Jauzika-2-480x600.jpg" alt="" width="480" height="600" srcset="https://hasparren.fr/wp-content/uploads/2026/03/Stage-Jauzika-2-480x600.jpg 480w, https://hasparren.fr/wp-content/uploads/2026/03/Stage-Jauzika-2-240x300.jpg 240w, https://hasparren.fr/wp-content/uploads/2026/03/Stage-Jauzika-2-768x960.jpg 768w, https://hasparren.fr/wp-content/uploads/2026/03/Stage-Jauzika-2.jpg 1080w" sizes="auto, (max-width: 480px) 100vw, 480px" /></a></p>

<p>Du 7 au 9 avril, de 9h à 17h, Jauzika Gymnastique propose un stage multiactivités pour découvrir ou perfectionner ses talents de gymnaste, dans une ambiance ludique et dynamique. &nbsp; [&hellip;]</p>

<!-- This site is optimized with the Yoast SEO plugin v27.5 - https://yoast.com/product/yoast-seo-wordpress/ -->
<title>Stage Jauzika gymnastique : À la conquête de l&#039;espace - Hasparren, commune du Pays Basque</title>
<meta name="robots" content="noindex, follow" />
<meta property="og:locale" content="eu_ES" />
<meta property="og:type" content="article" />
<meta property="og:title" content="Stage Jauzika gymnastique : À la conquête de l&#039;espace - Hasparren, commune du Pays Basque" />
<meta property="og:description" content="Du 7 au 9 avril, de 9h à 17h, Jauzika Gymnastique propose un stage multiactivités pour découvrir ou perfectionner ses talents de gymnaste, dans une ambiance ludique et dynamique. &nbsp; [&hellip;]" />
<meta property="og:url" content="https://hasparren.fr/eu/evenement/stage-jauzika-gymnastique-a-la-conquete-de-lespace/" />
<meta property="og:site_name" content="Hasparren, commune du Pays Basque" />
<meta property="og:image" content="https://hasparren.fr/wp-content/uploads/2026/03/Stage-Jauzika-1.jpg" />
	<meta property="og:image:width" content="1080" />
	<meta property="og:image:height" content="1350" />
	<meta property="og:image:type" content="image/jpeg" />
<meta name="twitter:card" content="summary_large_image" />
<script type="application/ld+json" class="yoast-schema-graph">{"@context":"https:\/\/schema.org","@graph":[{"@type":"WebPage","@id":"https:\/\/hasparren.fr\/eu\/evenement\/stage-jauzika-gymnastique-a-la-conquete-de-lespace\/","url":"https:\/\/hasparren.fr\/eu\/evenement\/stage-jauzika-gymnastique-a-la-conquete-de-lespace\/","name":"Stage Jauzika gymnastique : À la conquête de l'espace - Hasparren, commune du Pays Basque","isPartOf":{"@id":"https:\/\/hasparren.fr\/#website"},"primaryImageOfPage":{"@id":"https:\/\/hasparren.fr\/eu\/evenement\/stage-jauzika-gymnastique-a-la-conquete-de-lespace\/#primaryimage"},"image":{"@id":"https:\/\/hasparren.fr\/eu\/evenement\/stage-jauzika-gymnastique-a-la-conquete-de-lespace\/#primaryimage"},"thumbnailUrl":"https:\/\/hasparren.fr\/wp-content\/uploads\/2026\/03\/Stage-Jauzika-1-1.jpg","datePublished":"2026-03-18T16:40:40+00:00","breadcrumb":{"@id":"https:\/\/hasparren.fr\/eu\/evenement\/stage-jauzika-gymnastique-a-la-conquete-de-lespace\/#breadcrumb"},"inLanguage":"eu","potentialAction":[{"@type":"ReadAction","target":["https:\/\/hasparren.fr\/eu\/evenement\/stage-jauzika-gymnastique-a-la-conquete-de-lespace\/"]}]},{"@type":"ImageObject","inLanguage":"eu","@id":"https:\/\/hasparren.fr\/eu\/evenement\/stage-jauzika-gymnastique-a-la-conquete-de-lespace\/#primaryimage","url":"https:\/\/hasparren.fr\/wp-content\/uploads\/2026\/03\/Stage-Jauzika-1-1.jpg","contentUrl":"https:\/\/hasparren.fr\/wp-content\/uploads\/2026\/03\/Stage-Jauzika-1-1.jpg","width":1080,"height":1350},{"@type":"BreadcrumbList","@id":"https:\/\/hasparren.fr\/eu\/evenement\/stage-jauzika-gymnastique-a-la-conquete-de-lespace\/#breadcrumb","itemListElement":[{"@type":"ListItem","position":1,"name":"Accueil","item":"https:\/\/hasparren.fr\/eu\/"},{"@type":"ListItem","position":2,"name":"Évènements","item":"https:\/\/hasparren.fr\/evenements\/"},{"@type":"ListItem","position":3,"name":"Stage Jauzika gymnastique : À la conquête de l&#8217;espace"}]},{"@type":"WebSite","@id":"https:\/\/hasparren.fr\/#website","url":"https:\/\/hasparren.fr\/","name":"Hasparren, commune du Pays Basque","description":"Hasparren, commune du Pays Basque","potentialAction":[{"@type":"SearchAction","target":{"@type":"EntryPoint","urlTemplate":"https:\/\/hasparren.fr\/?s={search_term_string}"},"query-input":{"@type":"PropertyValueSpecification","valueRequired":true,"valueName":"search_term_string"}}],"inLanguage":"eu"}]}</script>
<!-- / Yoast SEO plugin. -->

Stage Jauzika gymnastique : À la conquête de l'espace - Hasparren, commune du Pays Basque

Du 7 au 9 avril, de 9h à 17h, Jauzika Gymnastique propose un stage multiactivités pour découvrir ou perfectionner ses talents de gymnaste, dans une ambiance ludique et dynamique. &nbsp; [&hellip;]

Évènements
