{"id":49179,"date":"2026-03-26T15:37:00","date_gmt":"2026-03-26T14:37:00","guid":{"rendered":"https:\/\/hasparren.fr\/evenement\/rassemblement-vehicules-anciens-et-youngtimers\/"},"modified":"2026-03-26T15:37:00","modified_gmt":"2026-03-26T14:37:00","slug":"rassemblement-vehicules-anciens-et-youngtimers","status":"publish","type":"tribe_events","link":"https:\/\/hasparren.fr\/eu\/evenement\/rassemblement-vehicules-anciens-et-youngtimers\/","title":{"rendered":"Rassemblement v\u00e9hicules anciens et Youngtimers"},"content":{"rendered":"<p>Ce dimanche 12 avril, grand rassemblement de v\u00e9hicules au multifronton d&#8217;Hasparren (avenue Ch. de Gaule, \u00e0 c\u00f4t\u00e9 du parking du coll\u00e8ge Elhuyar). De 9h30 \u00e0 12h venez admirer ces beaut\u00e9s d&#8217;une autre \u00e9poque et effectuer un bapt\u00eame en &#8220;v\u00e9hicule anciens&#8221; aux c\u00f4t\u00e9s de v\u00e9ritable amateurs.<\/p>\n<p>Les profits de cet \u00e9v\u00e8nement seront revers\u00e9s \u00e0 FRANCE PARKINSON pour aider \u00e0 la lutte contre cette maladie.<\/p>\n<p>&nbsp;<\/p>\n<p><a href=\"https:\/\/hasparren.fr\/wp-content\/uploads\/2026\/03\/HASPARREN-BAPTEMES-12-4-419x600.jpg\" target=\"_blank\" rel=\"noopener\"><img loading=\"lazy\" decoding=\"async\" class=\"aligncenter wp-image-49174 size-large\" src=\"https:\/\/hasparren.fr\/wp-content\/uploads\/2026\/03\/HASPARREN-BAPTEMES-12-4-419x600.jpg\" alt=\"\" width=\"419\" height=\"600\" srcset=\"https:\/\/hasparren.fr\/wp-content\/uploads\/2026\/03\/HASPARREN-BAPTEMES-12-4-419x600.jpg 419w, https:\/\/hasparren.fr\/wp-content\/uploads\/2026\/03\/HASPARREN-BAPTEMES-12-4-209x300.jpg 209w, https:\/\/hasparren.fr\/wp-content\/uploads\/2026\/03\/HASPARREN-BAPTEMES-12-4-768x1101.jpg 768w, https:\/\/hasparren.fr\/wp-content\/uploads\/2026\/03\/HASPARREN-BAPTEMES-12-4-1071x1536.jpg 1071w, https:\/\/hasparren.fr\/wp-content\/uploads\/2026\/03\/HASPARREN-BAPTEMES-12-4.jpg 1181w\" sizes=\"auto, (max-width: 419px) 100vw, 419px\" \/><\/a><\/p>\n","protected":false},"excerpt":{"rendered":"<p>Ce dimanche 12 avril, grand rassemblement de v\u00e9hicules au multifronton d&#8217;Hasparren (avenue Ch. de Gaule, \u00e0 c\u00f4t\u00e9 du parking du coll\u00e8ge Elhuyar). De 9h30 \u00e0 12h venez admirer ces beaut\u00e9s [&hellip;]<\/p>\n","protected":false},"author":14,"featured_media":49177,"template":"","meta":{"_acf_changed":false,"cybocfi_hide_featured_image":"","_tribe_events_status":"","_tribe_events_status_reason":"","footnotes":""},"tags":[],"tribe_events_cat":[],"class_list":["post-49179","tribe_events","type-tribe_events","status-publish","has-post-thumbnail","hentry","clearfix"],"acf":[],"yoast_head":"<!-- This site is optimized with the Yoast SEO plugin v27.5 - https:\/\/yoast.com\/product\/yoast-seo-wordpress\/ -->\n<title>Rassemblement v\u00e9hicules anciens et Youngtimers - Hasparren, commune du Pays Basque<\/title>\n<meta name=\"robots\" content=\"noindex, follow\" \/>\n<meta property=\"og:locale\" content=\"eu_ES\" \/>\n<meta property=\"og:type\" content=\"article\" \/>\n<meta property=\"og:title\" content=\"Rassemblement v\u00e9hicules anciens et Youngtimers - Hasparren, commune du Pays Basque\" \/>\n<meta property=\"og:description\" content=\"Ce dimanche 12 avril, grand rassemblement de v\u00e9hicules au multifronton d&#8217;Hasparren (avenue Ch. de Gaule, \u00e0 c\u00f4t\u00e9 du parking du coll\u00e8ge Elhuyar). De 9h30 \u00e0 12h venez admirer ces beaut\u00e9s [&hellip;]\" \/>\n<meta property=\"og:url\" content=\"https:\/\/hasparren.fr\/eu\/evenement\/rassemblement-vehicules-anciens-et-youngtimers\/\" \/>\n<meta property=\"og:site_name\" content=\"Hasparren, commune du Pays Basque\" \/>\n<meta property=\"og:image\" content=\"https:\/\/hasparren.fr\/wp-content\/uploads\/2026\/03\/HASPARREN-BAPTEMES-12-4.jpg\" \/>\n\t<meta property=\"og:image:width\" content=\"1181\" \/>\n\t<meta property=\"og:image:height\" content=\"1693\" \/>\n\t<meta property=\"og:image:type\" content=\"image\/jpeg\" \/>\n<meta name=\"twitter:card\" content=\"summary_large_image\" \/>\n<script type=\"application\/ld+json\" class=\"yoast-schema-graph\">{\"@context\":\"https:\\\/\\\/schema.org\",\"@graph\":[{\"@type\":\"WebPage\",\"@id\":\"https:\\\/\\\/hasparren.fr\\\/eu\\\/evenement\\\/rassemblement-vehicules-anciens-et-youngtimers\\\/\",\"url\":\"https:\\\/\\\/hasparren.fr\\\/eu\\\/evenement\\\/rassemblement-vehicules-anciens-et-youngtimers\\\/\",\"name\":\"Rassemblement v\u00e9hicules anciens et Youngtimers - Hasparren, commune du Pays Basque\",\"isPartOf\":{\"@id\":\"https:\\\/\\\/hasparren.fr\\\/#website\"},\"primaryImageOfPage\":{\"@id\":\"https:\\\/\\\/hasparren.fr\\\/eu\\\/evenement\\\/rassemblement-vehicules-anciens-et-youngtimers\\\/#primaryimage\"},\"image\":{\"@id\":\"https:\\\/\\\/hasparren.fr\\\/eu\\\/evenement\\\/rassemblement-vehicules-anciens-et-youngtimers\\\/#primaryimage\"},\"thumbnailUrl\":\"https:\\\/\\\/hasparren.fr\\\/wp-content\\\/uploads\\\/2026\\\/03\\\/gabariis-agenda-rassemblement-vehicule-.jpg\",\"datePublished\":\"2026-03-26T14:37:00+00:00\",\"breadcrumb\":{\"@id\":\"https:\\\/\\\/hasparren.fr\\\/eu\\\/evenement\\\/rassemblement-vehicules-anciens-et-youngtimers\\\/#breadcrumb\"},\"inLanguage\":\"eu\",\"potentialAction\":[{\"@type\":\"ReadAction\",\"target\":[\"https:\\\/\\\/hasparren.fr\\\/eu\\\/evenement\\\/rassemblement-vehicules-anciens-et-youngtimers\\\/\"]}]},{\"@type\":\"ImageObject\",\"inLanguage\":\"eu\",\"@id\":\"https:\\\/\\\/hasparren.fr\\\/eu\\\/evenement\\\/rassemblement-vehicules-anciens-et-youngtimers\\\/#primaryimage\",\"url\":\"https:\\\/\\\/hasparren.fr\\\/wp-content\\\/uploads\\\/2026\\\/03\\\/gabariis-agenda-rassemblement-vehicule-.jpg\",\"contentUrl\":\"https:\\\/\\\/hasparren.fr\\\/wp-content\\\/uploads\\\/2026\\\/03\\\/gabariis-agenda-rassemblement-vehicule-.jpg\",\"width\":1500,\"height\":854},{\"@type\":\"BreadcrumbList\",\"@id\":\"https:\\\/\\\/hasparren.fr\\\/eu\\\/evenement\\\/rassemblement-vehicules-anciens-et-youngtimers\\\/#breadcrumb\",\"itemListElement\":[{\"@type\":\"ListItem\",\"position\":1,\"name\":\"Accueil\",\"item\":\"https:\\\/\\\/hasparren.fr\\\/eu\\\/\"},{\"@type\":\"ListItem\",\"position\":2,\"name\":\"\u00c9v\u00e8nements\",\"item\":\"https:\\\/\\\/hasparren.fr\\\/evenements\\\/\"},{\"@type\":\"ListItem\",\"position\":3,\"name\":\"Rassemblement v\u00e9hicules anciens et Youngtimers\"}]},{\"@type\":\"WebSite\",\"@id\":\"https:\\\/\\\/hasparren.fr\\\/#website\",\"url\":\"https:\\\/\\\/hasparren.fr\\\/\",\"name\":\"Hasparren, commune du Pays Basque\",\"description\":\"Hasparren, commune du Pays Basque\",\"potentialAction\":[{\"@type\":\"SearchAction\",\"target\":{\"@type\":\"EntryPoint\",\"urlTemplate\":\"https:\\\/\\\/hasparren.fr\\\/?s={search_term_string}\"},\"query-input\":{\"@type\":\"PropertyValueSpecification\",\"valueRequired\":true,\"valueName\":\"search_term_string\"}}],\"inLanguage\":\"eu\"}]}<\/script>\n<!-- \/ Yoast SEO plugin. -->","yoast_head_json":{"title":"Rassemblement v\u00e9hicules anciens et Youngtimers - Hasparren, commune du Pays Basque","robots":{"index":"noindex","follow":"follow"},"og_locale":"eu_ES","og_type":"article","og_title":"Rassemblement v\u00e9hicules anciens et Youngtimers - Hasparren, commune du Pays Basque","og_description":"Ce dimanche 12 avril, grand rassemblement de v\u00e9hicules au multifronton d&#8217;Hasparren (avenue Ch. de Gaule, \u00e0 c\u00f4t\u00e9 du parking du coll\u00e8ge Elhuyar). De 9h30 \u00e0 12h venez admirer ces beaut\u00e9s [&hellip;]","og_url":"https:\/\/hasparren.fr\/eu\/evenement\/rassemblement-vehicules-anciens-et-youngtimers\/","og_site_name":"Hasparren, commune du Pays Basque","og_image":[{"width":1181,"height":1693,"url":"https:\/\/hasparren.fr\/wp-content\/uploads\/2026\/03\/HASPARREN-BAPTEMES-12-4.jpg","type":"image\/jpeg"}],"twitter_card":"summary_large_image","schema":{"@context":"https:\/\/schema.org","@graph":[{"@type":"WebPage","@id":"https:\/\/hasparren.fr\/eu\/evenement\/rassemblement-vehicules-anciens-et-youngtimers\/","url":"https:\/\/hasparren.fr\/eu\/evenement\/rassemblement-vehicules-anciens-et-youngtimers\/","name":"Rassemblement v\u00e9hicules anciens et Youngtimers - Hasparren, commune du Pays Basque","isPartOf":{"@id":"https:\/\/hasparren.fr\/#website"},"primaryImageOfPage":{"@id":"https:\/\/hasparren.fr\/eu\/evenement\/rassemblement-vehicules-anciens-et-youngtimers\/#primaryimage"},"image":{"@id":"https:\/\/hasparren.fr\/eu\/evenement\/rassemblement-vehicules-anciens-et-youngtimers\/#primaryimage"},"thumbnailUrl":"https:\/\/hasparren.fr\/wp-content\/uploads\/2026\/03\/gabariis-agenda-rassemblement-vehicule-.jpg","datePublished":"2026-03-26T14:37:00+00:00","breadcrumb":{"@id":"https:\/\/hasparren.fr\/eu\/evenement\/rassemblement-vehicules-anciens-et-youngtimers\/#breadcrumb"},"inLanguage":"eu","potentialAction":[{"@type":"ReadAction","target":["https:\/\/hasparren.fr\/eu\/evenement\/rassemblement-vehicules-anciens-et-youngtimers\/"]}]},{"@type":"ImageObject","inLanguage":"eu","@id":"https:\/\/hasparren.fr\/eu\/evenement\/rassemblement-vehicules-anciens-et-youngtimers\/#primaryimage","url":"https:\/\/hasparren.fr\/wp-content\/uploads\/2026\/03\/gabariis-agenda-rassemblement-vehicule-.jpg","contentUrl":"https:\/\/hasparren.fr\/wp-content\/uploads\/2026\/03\/gabariis-agenda-rassemblement-vehicule-.jpg","width":1500,"height":854},{"@type":"BreadcrumbList","@id":"https:\/\/hasparren.fr\/eu\/evenement\/rassemblement-vehicules-anciens-et-youngtimers\/#breadcrumb","itemListElement":[{"@type":"ListItem","position":1,"name":"Accueil","item":"https:\/\/hasparren.fr\/eu\/"},{"@type":"ListItem","position":2,"name":"\u00c9v\u00e8nements","item":"https:\/\/hasparren.fr\/evenements\/"},{"@type":"ListItem","position":3,"name":"Rassemblement v\u00e9hicules anciens et Youngtimers"}]},{"@type":"WebSite","@id":"https:\/\/hasparren.fr\/#website","url":"https:\/\/hasparren.fr\/","name":"Hasparren, commune du Pays Basque","description":"Hasparren, commune du Pays Basque","potentialAction":[{"@type":"SearchAction","target":{"@type":"EntryPoint","urlTemplate":"https:\/\/hasparren.fr\/?s={search_term_string}"},"query-input":{"@type":"PropertyValueSpecification","valueRequired":true,"valueName":"search_term_string"}}],"inLanguage":"eu"}]}},"publishpress_future_workflow_manual_trigger":{"enabledWorkflows":[]},"_links":{"self":[{"href":"https:\/\/hasparren.fr\/eu\/wp-json\/wp\/v2\/tribe_events\/49179","targetHints":{"allow":["GET"]}}],"collection":[{"href":"https:\/\/hasparren.fr\/eu\/wp-json\/wp\/v2\/tribe_events"}],"about":[{"href":"https:\/\/hasparren.fr\/eu\/wp-json\/wp\/v2\/types\/tribe_events"}],"author":[{"embeddable":true,"href":"https:\/\/hasparren.fr\/eu\/wp-json\/wp\/v2\/users\/14"}],"version-history":[{"count":0,"href":"https:\/\/hasparren.fr\/eu\/wp-json\/wp\/v2\/tribe_events\/49179\/revisions"}],"wp:featuredmedia":[{"embeddable":true,"href":"https:\/\/hasparren.fr\/eu\/wp-json\/wp\/v2\/media\/49177"}],"wp:attachment":[{"href":"https:\/\/hasparren.fr\/eu\/wp-json\/wp\/v2\/media?parent=49179"}],"wp:term":[{"taxonomy":"post_tag","embeddable":true,"href":"https:\/\/hasparren.fr\/eu\/wp-json\/wp\/v2\/tags?post=49179"},{"taxonomy":"tribe_events_cat","embeddable":true,"href":"https:\/\/hasparren.fr\/eu\/wp-json\/wp\/v2\/tribe_events_cat?post=49179"}],"curies":[{"name":"wp","href":"https:\/\/api.w.org\/{rel}","templated":true}]}}

Rassemblement véhicules anciens et Youngtimers

<p>Ce dimanche 12 avril, grand rassemblement de véhicules au multifronton d&#8217;Hasparren (avenue Ch. de Gaule, à côté du parking du collège Elhuyar). De 9h30 à 12h venez admirer ces beautés d&#8217;une autre époque et effectuer un baptême en &#8220;véhicule anciens&#8221; aux côtés de véritable amateurs.</p>
<p>Les profits de cet évènement seront reversés à FRANCE PARKINSON pour aider à la lutte contre cette maladie.</p>
<p>&nbsp;</p>
<p><a href="https://hasparren.fr/wp-content/uploads/2026/03/HASPARREN-BAPTEMES-12-4-419x600.jpg" target="_blank" rel="noopener"><img loading="lazy" decoding="async" class="aligncenter wp-image-49174 size-large" src="https://hasparren.fr/wp-content/uploads/2026/03/HASPARREN-BAPTEMES-12-4-419x600.jpg" alt="" width="419" height="600" srcset="https://hasparren.fr/wp-content/uploads/2026/03/HASPARREN-BAPTEMES-12-4-419x600.jpg 419w, https://hasparren.fr/wp-content/uploads/2026/03/HASPARREN-BAPTEMES-12-4-209x300.jpg 209w, https://hasparren.fr/wp-content/uploads/2026/03/HASPARREN-BAPTEMES-12-4-768x1101.jpg 768w, https://hasparren.fr/wp-content/uploads/2026/03/HASPARREN-BAPTEMES-12-4-1071x1536.jpg 1071w, https://hasparren.fr/wp-content/uploads/2026/03/HASPARREN-BAPTEMES-12-4.jpg 1181w" sizes="auto, (max-width: 419px) 100vw, 419px" /></a></p>

<p>Ce dimanche 12 avril, grand rassemblement de véhicules au multifronton d&#8217;Hasparren (avenue Ch. de Gaule, à côté du parking du collège Elhuyar). De 9h30 à 12h venez admirer ces beautés [&hellip;]</p>

<!-- This site is optimized with the Yoast SEO plugin v27.5 - https://yoast.com/product/yoast-seo-wordpress/ -->
<title>Rassemblement véhicules anciens et Youngtimers - Hasparren, commune du Pays Basque</title>
<meta name="robots" content="noindex, follow" />
<meta property="og:locale" content="eu_ES" />
<meta property="og:type" content="article" />
<meta property="og:title" content="Rassemblement véhicules anciens et Youngtimers - Hasparren, commune du Pays Basque" />
<meta property="og:description" content="Ce dimanche 12 avril, grand rassemblement de véhicules au multifronton d&#8217;Hasparren (avenue Ch. de Gaule, à côté du parking du collège Elhuyar). De 9h30 à 12h venez admirer ces beautés [&hellip;]" />
<meta property="og:url" content="https://hasparren.fr/eu/evenement/rassemblement-vehicules-anciens-et-youngtimers/" />
<meta property="og:site_name" content="Hasparren, commune du Pays Basque" />
<meta property="og:image" content="https://hasparren.fr/wp-content/uploads/2026/03/HASPARREN-BAPTEMES-12-4.jpg" />
	<meta property="og:image:width" content="1181" />
	<meta property="og:image:height" content="1693" />
	<meta property="og:image:type" content="image/jpeg" />
<meta name="twitter:card" content="summary_large_image" />
<script type="application/ld+json" class="yoast-schema-graph">{"@context":"https:\/\/schema.org","@graph":[{"@type":"WebPage","@id":"https:\/\/hasparren.fr\/eu\/evenement\/rassemblement-vehicules-anciens-et-youngtimers\/","url":"https:\/\/hasparren.fr\/eu\/evenement\/rassemblement-vehicules-anciens-et-youngtimers\/","name":"Rassemblement véhicules anciens et Youngtimers - Hasparren, commune du Pays Basque","isPartOf":{"@id":"https:\/\/hasparren.fr\/#website"},"primaryImageOfPage":{"@id":"https:\/\/hasparren.fr\/eu\/evenement\/rassemblement-vehicules-anciens-et-youngtimers\/#primaryimage"},"image":{"@id":"https:\/\/hasparren.fr\/eu\/evenement\/rassemblement-vehicules-anciens-et-youngtimers\/#primaryimage"},"thumbnailUrl":"https:\/\/hasparren.fr\/wp-content\/uploads\/2026\/03\/gabariis-agenda-rassemblement-vehicule-.jpg","datePublished":"2026-03-26T14:37:00+00:00","breadcrumb":{"@id":"https:\/\/hasparren.fr\/eu\/evenement\/rassemblement-vehicules-anciens-et-youngtimers\/#breadcrumb"},"inLanguage":"eu","potentialAction":[{"@type":"ReadAction","target":["https:\/\/hasparren.fr\/eu\/evenement\/rassemblement-vehicules-anciens-et-youngtimers\/"]}]},{"@type":"ImageObject","inLanguage":"eu","@id":"https:\/\/hasparren.fr\/eu\/evenement\/rassemblement-vehicules-anciens-et-youngtimers\/#primaryimage","url":"https:\/\/hasparren.fr\/wp-content\/uploads\/2026\/03\/gabariis-agenda-rassemblement-vehicule-.jpg","contentUrl":"https:\/\/hasparren.fr\/wp-content\/uploads\/2026\/03\/gabariis-agenda-rassemblement-vehicule-.jpg","width":1500,"height":854},{"@type":"BreadcrumbList","@id":"https:\/\/hasparren.fr\/eu\/evenement\/rassemblement-vehicules-anciens-et-youngtimers\/#breadcrumb","itemListElement":[{"@type":"ListItem","position":1,"name":"Accueil","item":"https:\/\/hasparren.fr\/eu\/"},{"@type":"ListItem","position":2,"name":"Évènements","item":"https:\/\/hasparren.fr\/evenements\/"},{"@type":"ListItem","position":3,"name":"Rassemblement véhicules anciens et Youngtimers"}]},{"@type":"WebSite","@id":"https:\/\/hasparren.fr\/#website","url":"https:\/\/hasparren.fr\/","name":"Hasparren, commune du Pays Basque","description":"Hasparren, commune du Pays Basque","potentialAction":[{"@type":"SearchAction","target":{"@type":"EntryPoint","urlTemplate":"https:\/\/hasparren.fr\/?s={search_term_string}"},"query-input":{"@type":"PropertyValueSpecification","valueRequired":true,"valueName":"search_term_string"}}],"inLanguage":"eu"}]}</script>
<!-- / Yoast SEO plugin. -->

Rassemblement véhicules anciens et Youngtimers - Hasparren, commune du Pays Basque

Ce dimanche 12 avril, grand rassemblement de véhicules au multifronton d&#8217;Hasparren (avenue Ch. de Gaule, à côté du parking du collège Elhuyar). De 9h30 à 12h venez admirer ces beautés [&hellip;]

Évènements
